{"id":35991,"date":"2021-03-15T17:21:52","date_gmt":"2021-03-15T16:21:52","guid":{"rendered":"http:\/\/dafinoo.eu\/mirmar\/product\/priama-rotacna-frezka-idealna-pre-tvarove-rezay-do-sadrokartonu-3706\/"},"modified":"2021-04-21T15:21:05","modified_gmt":"2021-04-21T13:21:05","slug":"priama-rotacna-frezka-idealna-pre-tvarove-rezay-do-sadrokartonu-3706","status":"publish","type":"product","link":"http:\/\/dafinoo.eu\/mirmar\/obchod\/priama-rotacna-frezka-idealna-pre-tvarove-rezay-do-sadrokartonu-3706\/","title":{"rendered":"Makita priama, rot\u00e1\u010dn\u00e1 fr\u00e9zka ide\u00e1lna pre tvarov\u00e9 rezay do s\u00e1drokart\u00f3nu 3706"},"content":{"rendered":"<p>* Vysokoot\u00e1\u010dkov\u00e1 rota\u010dn\u00e1 fr\u00e9zka ide\u00e1lna pre tvarov\u00fdch v\u00fdrezov do dreva a s\u00e1drokart\u00f3nu<br \/>\n    * Jednoduch\u00e9 nastavenie h\u013abky rezu<br \/>\n    * V\u00fdborn\u00e9 dr\u017eanie tela fr\u00e9zky v\u010faka priemeru len 58 mm<br \/>\n    * Aret\u00e1cia vretena pre r\u00fdchlu v\u00fdmenu n\u00e1stroja<br \/>\n    * Guli\u010dkov\u00e9 lo\u017eiska s ochranou proti prachu pre lep\u0161iu \u017eivotnos\u0165<\/p>\n","protected":false},"excerpt":{"rendered":"<p>Pr\u00edkon\t550 W<br \/>\nVo\u013enobe\u017en\u00e9 ot\u00e1\u010dky\t32000 min-1<br \/>\nUp\u00ednanie\t6,35 \/ 3,18mm<br \/>\nHmotnos\u0165\t1,1 kg<\/p>\n","protected":false},"featured_media":35992,"comment_status":"closed","ping_status":"open","template":"","meta":{"_lmt_disableupdate":"","_lmt_disable":""},"product_cat":[],"product_tag":[],"class_list":{"0":"post-35991","1":"product","2":"type-product","3":"status-publish","4":"has-post-thumbnail","6":"ts_product_brand-makita","8":"first","9":"instock","10":"taxable","11":"shipping-taxable","12":"purchasable","13":"product-type-simple"},"yoast_head":"<!-- This site is optimized with the Yoast SEO plugin v27.3 - https:\/\/yoast.com\/product\/yoast-seo-wordpress\/ -->\n<title>Makita priama, rot\u00e1\u010dn\u00e1 fr\u00e9zka ide\u00e1lna pre tvarov\u00e9 rezay do s\u00e1drokart\u00f3nu 3706 - MIR-MAR<\/title>\n<meta name=\"robots\" content=\"index, follow, max-snippet:-1, max-image-preview:large, max-video-preview:-1\" \/>\n<link rel=\"canonical\" href=\"http:\/\/dafinoo.eu\/mirmar\/obchod\/priama-rotacna-frezka-idealna-pre-tvarove-rezay-do-sadrokartonu-3706\/\" \/>\n<meta property=\"og:locale\" content=\"sk_SK\" \/>\n<meta property=\"og:type\" content=\"article\" \/>\n<meta property=\"og:title\" content=\"Makita priama, rot\u00e1\u010dn\u00e1 fr\u00e9zka ide\u00e1lna pre tvarov\u00e9 rezay do s\u00e1drokart\u00f3nu 3706 - MIR-MAR\" \/>\n<meta property=\"og:description\" content=\"Pr\u00edkon 550 W Vo\u013enobe\u017en\u00e9 ot\u00e1\u010dky 32000 min-1 Up\u00ednanie 6,35 \/ 3,18mm Hmotnos\u0165 1,1 kg\" \/>\n<meta property=\"og:url\" content=\"http:\/\/dafinoo.eu\/mirmar\/obchod\/priama-rotacna-frezka-idealna-pre-tvarove-rezay-do-sadrokartonu-3706\/\" \/>\n<meta property=\"og:site_name\" content=\"MIR-MAR\" \/>\n<meta property=\"article:publisher\" content=\"https:\/\/facebook.com\/mirmareshop\" \/>\n<meta property=\"article:modified_time\" content=\"2021-04-21T13:21:05+00:00\" \/>\n<meta property=\"og:image\" content=\"https:\/\/i0.wp.com\/www.mirmar.sk\/wp-content\/uploads\/2021\/03\/3706_1.jpg?fit=224%2C167&ssl=1\" \/>\n\t<meta property=\"og:image:width\" content=\"224\" \/>\n\t<meta property=\"og:image:height\" content=\"167\" \/>\n\t<meta property=\"og:image:type\" content=\"image\/jpeg\" \/>\n<script type=\"application\/ld+json\" class=\"yoast-schema-graph\">{\"@context\":\"https:\\\/\\\/schema.org\",\"@graph\":[{\"@type\":\"WebPage\",\"@id\":\"http:\\\/\\\/dafinoo.eu\\\/mirmar\\\/obchod\\\/priama-rotacna-frezka-idealna-pre-tvarove-rezay-do-sadrokartonu-3706\\\/\",\"url\":\"http:\\\/\\\/dafinoo.eu\\\/mirmar\\\/obchod\\\/priama-rotacna-frezka-idealna-pre-tvarove-rezay-do-sadrokartonu-3706\\\/\",\"name\":\"Makita priama, rot\u00e1\u010dn\u00e1 fr\u00e9zka ide\u00e1lna pre tvarov\u00e9 rezay do s\u00e1drokart\u00f3nu 3706 - MIR-MAR\",\"isPartOf\":{\"@id\":\"http:\\\/\\\/dafinoo.eu\\\/mirmar\\\/#website\"},\"primaryImageOfPage\":{\"@id\":\"http:\\\/\\\/dafinoo.eu\\\/mirmar\\\/obchod\\\/priama-rotacna-frezka-idealna-pre-tvarove-rezay-do-sadrokartonu-3706\\\/#primaryimage\"},\"image\":{\"@id\":\"http:\\\/\\\/dafinoo.eu\\\/mirmar\\\/obchod\\\/priama-rotacna-frezka-idealna-pre-tvarove-rezay-do-sadrokartonu-3706\\\/#primaryimage\"},\"thumbnailUrl\":\"http:\\\/\\\/dafinoo.eu\\\/mirmar\\\/wp-content\\\/uploads\\\/2021\\\/03\\\/3706_1.jpg\",\"datePublished\":\"2021-03-15T16:21:52+00:00\",\"dateModified\":\"2021-04-21T13:21:05+00:00\",\"breadcrumb\":{\"@id\":\"http:\\\/\\\/dafinoo.eu\\\/mirmar\\\/obchod\\\/priama-rotacna-frezka-idealna-pre-tvarove-rezay-do-sadrokartonu-3706\\\/#breadcrumb\"},\"inLanguage\":\"sk-SK\",\"potentialAction\":[{\"@type\":\"ReadAction\",\"target\":[\"http:\\\/\\\/dafinoo.eu\\\/mirmar\\\/obchod\\\/priama-rotacna-frezka-idealna-pre-tvarove-rezay-do-sadrokartonu-3706\\\/\"]}]},{\"@type\":\"ImageObject\",\"inLanguage\":\"sk-SK\",\"@id\":\"http:\\\/\\\/dafinoo.eu\\\/mirmar\\\/obchod\\\/priama-rotacna-frezka-idealna-pre-tvarove-rezay-do-sadrokartonu-3706\\\/#primaryimage\",\"url\":\"http:\\\/\\\/dafinoo.eu\\\/mirmar\\\/wp-content\\\/uploads\\\/2021\\\/03\\\/3706_1.jpg\",\"contentUrl\":\"http:\\\/\\\/dafinoo.eu\\\/mirmar\\\/wp-content\\\/uploads\\\/2021\\\/03\\\/3706_1.jpg\",\"width\":224,\"height\":167},{\"@type\":\"BreadcrumbList\",\"@id\":\"http:\\\/\\\/dafinoo.eu\\\/mirmar\\\/obchod\\\/priama-rotacna-frezka-idealna-pre-tvarove-rezay-do-sadrokartonu-3706\\\/#breadcrumb\",\"itemListElement\":[{\"@type\":\"ListItem\",\"position\":1,\"name\":\"Domovsk\u00e1 str\u00e1nka\",\"item\":\"http:\\\/\\\/dafinoo.eu\\\/mirmar\\\/\"},{\"@type\":\"ListItem\",\"position\":2,\"name\":\"Obchod\",\"item\":\"http:\\\/\\\/dafinoo.eu\\\/mirmar\\\/obchod\\\/\"},{\"@type\":\"ListItem\",\"position\":3,\"name\":\"Makita priama, rot\u00e1\u010dn\u00e1 fr\u00e9zka ide\u00e1lna pre tvarov\u00e9 rezay do s\u00e1drokart\u00f3nu 3706\"}]},{\"@type\":\"WebSite\",\"@id\":\"http:\\\/\\\/dafinoo.eu\\\/mirmar\\\/#website\",\"url\":\"http:\\\/\\\/dafinoo.eu\\\/mirmar\\\/\",\"name\":\"MIR-MAR\",\"description\":\"Eshop s n\u00e1rad\u00edm\",\"publisher\":{\"@id\":\"http:\\\/\\\/dafinoo.eu\\\/mirmar\\\/#organization\"},\"potentialAction\":[{\"@type\":\"SearchAction\",\"target\":{\"@type\":\"EntryPoint\",\"urlTemplate\":\"http:\\\/\\\/dafinoo.eu\\\/mirmar\\\/?s={search_term_string}\"},\"query-input\":{\"@type\":\"PropertyValueSpecification\",\"valueRequired\":true,\"valueName\":\"search_term_string\"}}],\"inLanguage\":\"sk-SK\"},{\"@type\":\"Organization\",\"@id\":\"http:\\\/\\\/dafinoo.eu\\\/mirmar\\\/#organization\",\"name\":\"MIR-MAR\",\"url\":\"http:\\\/\\\/dafinoo.eu\\\/mirmar\\\/\",\"logo\":{\"@type\":\"ImageObject\",\"inLanguage\":\"sk-SK\",\"@id\":\"http:\\\/\\\/dafinoo.eu\\\/mirmar\\\/#\\\/schema\\\/logo\\\/image\\\/\",\"url\":\"http:\\\/\\\/dafinoo.eu\\\/mirmar\\\/wp-content\\\/uploads\\\/2021\\\/03\\\/mirmar_logo.png\",\"contentUrl\":\"http:\\\/\\\/dafinoo.eu\\\/mirmar\\\/wp-content\\\/uploads\\\/2021\\\/03\\\/mirmar_logo.png\",\"width\":256,\"height\":60,\"caption\":\"MIR-MAR\"},\"image\":{\"@id\":\"http:\\\/\\\/dafinoo.eu\\\/mirmar\\\/#\\\/schema\\\/logo\\\/image\\\/\"},\"sameAs\":[\"https:\\\/\\\/facebook.com\\\/mirmareshop\"]}]}<\/script>\n<!-- \/ Yoast SEO plugin. -->","yoast_head_json":{"title":"Makita priama, rot\u00e1\u010dn\u00e1 fr\u00e9zka ide\u00e1lna pre tvarov\u00e9 rezay do s\u00e1drokart\u00f3nu 3706 - MIR-MAR","robots":{"index":"index","follow":"follow","max-snippet":"max-snippet:-1","max-image-preview":"max-image-preview:large","max-video-preview":"max-video-preview:-1"},"canonical":"http:\/\/dafinoo.eu\/mirmar\/obchod\/priama-rotacna-frezka-idealna-pre-tvarove-rezay-do-sadrokartonu-3706\/","og_locale":"sk_SK","og_type":"article","og_title":"Makita priama, rot\u00e1\u010dn\u00e1 fr\u00e9zka ide\u00e1lna pre tvarov\u00e9 rezay do s\u00e1drokart\u00f3nu 3706 - MIR-MAR","og_description":"Pr\u00edkon 550 W Vo\u013enobe\u017en\u00e9 ot\u00e1\u010dky 32000 min-1 Up\u00ednanie 6,35 \/ 3,18mm Hmotnos\u0165 1,1 kg","og_url":"http:\/\/dafinoo.eu\/mirmar\/obchod\/priama-rotacna-frezka-idealna-pre-tvarove-rezay-do-sadrokartonu-3706\/","og_site_name":"MIR-MAR","article_publisher":"https:\/\/facebook.com\/mirmareshop","article_modified_time":"2021-04-21T13:21:05+00:00","og_image":[{"width":224,"height":167,"url":"https:\/\/i0.wp.com\/www.mirmar.sk\/wp-content\/uploads\/2021\/03\/3706_1.jpg?fit=224%2C167&ssl=1","type":"image\/jpeg"}],"schema":{"@context":"https:\/\/schema.org","@graph":[{"@type":"WebPage","@id":"http:\/\/dafinoo.eu\/mirmar\/obchod\/priama-rotacna-frezka-idealna-pre-tvarove-rezay-do-sadrokartonu-3706\/","url":"http:\/\/dafinoo.eu\/mirmar\/obchod\/priama-rotacna-frezka-idealna-pre-tvarove-rezay-do-sadrokartonu-3706\/","name":"Makita priama, rot\u00e1\u010dn\u00e1 fr\u00e9zka ide\u00e1lna pre tvarov\u00e9 rezay do s\u00e1drokart\u00f3nu 3706 - MIR-MAR","isPartOf":{"@id":"http:\/\/dafinoo.eu\/mirmar\/#website"},"primaryImageOfPage":{"@id":"http:\/\/dafinoo.eu\/mirmar\/obchod\/priama-rotacna-frezka-idealna-pre-tvarove-rezay-do-sadrokartonu-3706\/#primaryimage"},"image":{"@id":"http:\/\/dafinoo.eu\/mirmar\/obchod\/priama-rotacna-frezka-idealna-pre-tvarove-rezay-do-sadrokartonu-3706\/#primaryimage"},"thumbnailUrl":"http:\/\/dafinoo.eu\/mirmar\/wp-content\/uploads\/2021\/03\/3706_1.jpg","datePublished":"2021-03-15T16:21:52+00:00","dateModified":"2021-04-21T13:21:05+00:00","breadcrumb":{"@id":"http:\/\/dafinoo.eu\/mirmar\/obchod\/priama-rotacna-frezka-idealna-pre-tvarove-rezay-do-sadrokartonu-3706\/#breadcrumb"},"inLanguage":"sk-SK","potentialAction":[{"@type":"ReadAction","target":["http:\/\/dafinoo.eu\/mirmar\/obchod\/priama-rotacna-frezka-idealna-pre-tvarove-rezay-do-sadrokartonu-3706\/"]}]},{"@type":"ImageObject","inLanguage":"sk-SK","@id":"http:\/\/dafinoo.eu\/mirmar\/obchod\/priama-rotacna-frezka-idealna-pre-tvarove-rezay-do-sadrokartonu-3706\/#primaryimage","url":"http:\/\/dafinoo.eu\/mirmar\/wp-content\/uploads\/2021\/03\/3706_1.jpg","contentUrl":"http:\/\/dafinoo.eu\/mirmar\/wp-content\/uploads\/2021\/03\/3706_1.jpg","width":224,"height":167},{"@type":"BreadcrumbList","@id":"http:\/\/dafinoo.eu\/mirmar\/obchod\/priama-rotacna-frezka-idealna-pre-tvarove-rezay-do-sadrokartonu-3706\/#breadcrumb","itemListElement":[{"@type":"ListItem","position":1,"name":"Domovsk\u00e1 str\u00e1nka","item":"http:\/\/dafinoo.eu\/mirmar\/"},{"@type":"ListItem","position":2,"name":"Obchod","item":"http:\/\/dafinoo.eu\/mirmar\/obchod\/"},{"@type":"ListItem","position":3,"name":"Makita priama, rot\u00e1\u010dn\u00e1 fr\u00e9zka ide\u00e1lna pre tvarov\u00e9 rezay do s\u00e1drokart\u00f3nu 3706"}]},{"@type":"WebSite","@id":"http:\/\/dafinoo.eu\/mirmar\/#website","url":"http:\/\/dafinoo.eu\/mirmar\/","name":"MIR-MAR","description":"Eshop s n\u00e1rad\u00edm","publisher":{"@id":"http:\/\/dafinoo.eu\/mirmar\/#organization"},"potentialAction":[{"@type":"SearchAction","target":{"@type":"EntryPoint","urlTemplate":"http:\/\/dafinoo.eu\/mirmar\/?s={search_term_string}"},"query-input":{"@type":"PropertyValueSpecification","valueRequired":true,"valueName":"search_term_string"}}],"inLanguage":"sk-SK"},{"@type":"Organization","@id":"http:\/\/dafinoo.eu\/mirmar\/#organization","name":"MIR-MAR","url":"http:\/\/dafinoo.eu\/mirmar\/","logo":{"@type":"ImageObject","inLanguage":"sk-SK","@id":"http:\/\/dafinoo.eu\/mirmar\/#\/schema\/logo\/image\/","url":"http:\/\/dafinoo.eu\/mirmar\/wp-content\/uploads\/2021\/03\/mirmar_logo.png","contentUrl":"http:\/\/dafinoo.eu\/mirmar\/wp-content\/uploads\/2021\/03\/mirmar_logo.png","width":256,"height":60,"caption":"MIR-MAR"},"image":{"@id":"http:\/\/dafinoo.eu\/mirmar\/#\/schema\/logo\/image\/"},"sameAs":["https:\/\/facebook.com\/mirmareshop"]}]}},"_links":{"self":[{"href":"http:\/\/dafinoo.eu\/mirmar\/wp-json\/wp\/v2\/product\/35991","targetHints":{"allow":["GET"]}}],"collection":[{"href":"http:\/\/dafinoo.eu\/mirmar\/wp-json\/wp\/v2\/product"}],"about":[{"href":"http:\/\/dafinoo.eu\/mirmar\/wp-json\/wp\/v2\/types\/product"}],"replies":[{"embeddable":true,"href":"http:\/\/dafinoo.eu\/mirmar\/wp-json\/wp\/v2\/comments?post=35991"}],"wp:featuredmedia":[{"embeddable":true,"href":"http:\/\/dafinoo.eu\/mirmar\/wp-json\/wp\/v2\/media\/35992"}],"wp:attachment":[{"href":"http:\/\/dafinoo.eu\/mirmar\/wp-json\/wp\/v2\/media?parent=35991"}],"wp:term":[{"taxonomy":"product_cat","embeddable":true,"href":"http:\/\/dafinoo.eu\/mirmar\/wp-json\/wp\/v2\/product_cat?post=35991"},{"taxonomy":"product_tag","embeddable":true,"href":"http:\/\/dafinoo.eu\/mirmar\/wp-json\/wp\/v2\/product_tag?post=35991"}],"curies":[{"name":"wp","href":"https:\/\/api.w.org\/{rel}","templated":true}]}}