{"id":36363,"date":"2021-03-15T17:23:20","date_gmt":"2021-03-15T16:23:20","guid":{"rendered":"http:\/\/dafinoo.eu\/mirmar\/product\/diamantova-vrtacka-gdb-1600-we-professional-bosch\/"},"modified":"2021-04-19T19:41:33","modified_gmt":"2021-04-19T17:41:33","slug":"diamantova-vrtacka-gdb-1600-we-professional-bosch","status":"publish","type":"product","link":"http:\/\/dafinoo.eu\/mirmar\/obchod\/diamantova-vrtacka-gdb-1600-we-professional-bosch\/","title":{"rendered":"Diamantov\u00e1 v\u0155ta\u010dka  GDB 1600 WE Professional Bosch"},"content":{"rendered":"<p>Praktick\u00e1 na v\u0155tanie namokro<br \/>\nMal\u00e1 rohov\u00e1 miera (40 mm) pre pr\u00e1cu tesne pri stene<br \/>\nPou\u017eite\u013en\u00e1 na stacion\u00e1rne v\u0155tanie i na v\u0155tanie z vo\u013enej ruky<br \/>\nMo\u017enos\u0165 \u00fapravy na v\u0155tanie nasucho (s ods\u00e1vacou hlavou)<br \/>\nUp\u00ednanie n\u00e1strojov s vn\u00fatorn\u00fdm z\u00e1vitom G-1\/2&#8243; a 1-1\/4&#8243; vonkaj\u0161\u00edm z\u00e1vitom (kompatibiln\u00e9 s be\u017en\u00fdmi diamantov\u00fdmi v\u0155tac\u00edmi korunkami)<br \/>\nPlynul\u00fd rozbeh a plynul\u00e1 regul\u00e1cia ot\u00e1\u010dok na presn\u00e9 nav\u0155tanie a citliv\u00fa pr\u00e1cu<br \/>\nKon\u0161tantn\u00e1 elektronika<br \/>\nElektronick\u00e1 ochrana proti pre\u0165a\u017eeniu so signaliz\u00e1ciou a automatick\u00fdm zn\u00ed\u017een\u00edm ot\u00e1\u010dok<br \/>\nMechanick\u00e1 bezpe\u010dnostn\u00e1 spojka s oddelenou \u00fa\u010dinnos\u0165ou na 1. a 2. r\u00fdchlostnom stupni<br \/>\nBezn\u00e1strojov\u00e1 mont\u00e1\u017e na v\u0155taciu konzolu S 500 A Professional<br \/>\nOchrann\u00fd isti\u010d integrovan\u00fd v sie\u0165ovej \u0161n\u00fare<\/p>\n","protected":false},"excerpt":{"rendered":"<p>Menovit\u00fd pr\u00edkon\t1.600 W<br \/>\nHmotnos\u0165\t5,9 kg<br \/>\nMenovit\u00e9 ot\u00e1\u010dky\t980 \/ 2.400 min-1<br \/>\nUp\u00ednanie n\u00e1strojov\tG 1\/2&#8243;, 1 1\/4&#8243;<br \/>\n\u00da\u010del vyu\u017eitia\tV\u0155tanie namokro do bet\u00f3nu<br \/>\nRozsah v\u0155tania, stacion\u00e1rne v\u0155tanie<br \/>\nBet\u00f3n, optim\u00e1lny rozsah\t30 \u2013 82 mm<br \/>\nBet\u00f3n, mo\u017en\u00fd rozsah\t10 \u2013 102 mm<br \/>\nMurivo, optim\u00e1lny rozsah\t52 \u2013 132 mm<br \/>\nMurivo, mo\u017en\u00fd rozsah\t32 \u2013 152 mm<br \/>\nRozsah v\u0155tania, v\u0155tanie z vo\u013enej ruky<br \/>\nBet\u00f3n\t10 \u2013 40 mm<br \/>\nMurivo\t32 \u2013 102 mm<br \/>\nFunkcie<br \/>\nKon\u0161tantn\u00e1 elektronika<br \/>\nOds\u00e1vanie prachu<br \/>\n2-stup\u0148ov\u00e1<br \/>\nInform\u00e1cia o hlu\u010dnosti a vibr\u00e1ci\u00e1ch<br \/>\nHodnoty merania zisten\u00e9 pod\u013ea EN 60745<br \/>\nCelkov\u00e9 hodnoty vibr\u00e1ci\u00ed (s\u00fa\u010det vektorov v troch smeroch)<br \/>\nHodnota emisie vibr\u00e1ci\u00ed ah\t3.0 m\/s\u00b2<br \/>\nNepresnos\u0165 K\t1.5 m\/s\u00b2<br \/>\n\u00darove\u0148 hluku elektrick\u00e9ho n\u00e1radia s hodnoten\u00edm A je typicky: hladina akustick\u00e9ho tlaku 87 dB(A); hladina akustick\u00e9ho v\u00fdkonu 98 dB(A). Neistota K= 3 dB.<\/p>\n","protected":false},"featured_media":36364,"comment_status":"closed","ping_status":"open","template":"","meta":{"_lmt_disableupdate":"","_lmt_disable":""},"product_cat":[3137,3106,3138],"product_tag":[],"class_list":{"0":"post-36363","1":"product","2":"type-product","3":"status-publish","4":"has-post-thumbnail","6":"product_cat-diamantova-technika","7":"product_cat-bosch","8":"product_cat-diamantove-vrtacky","9":"ts_product_brand-bosh","11":"first","12":"instock","13":"taxable","14":"shipping-taxable","15":"purchasable","16":"product-type-simple"},"yoast_head":"<!-- This site is optimized with the Yoast SEO plugin v27.3 - https:\/\/yoast.com\/product\/yoast-seo-wordpress\/ -->\n<title>Diamantov\u00e1 v\u0155ta\u010dka GDB 1600 WE Professional Bosch - MIR-MAR<\/title>\n<meta name=\"robots\" content=\"index, follow, max-snippet:-1, max-image-preview:large, max-video-preview:-1\" \/>\n<link rel=\"canonical\" href=\"http:\/\/dafinoo.eu\/mirmar\/obchod\/diamantova-vrtacka-gdb-1600-we-professional-bosch\/\" \/>\n<meta property=\"og:locale\" content=\"sk_SK\" \/>\n<meta property=\"og:type\" content=\"article\" \/>\n<meta property=\"og:title\" content=\"Diamantov\u00e1 v\u0155ta\u010dka GDB 1600 WE Professional Bosch - MIR-MAR\" \/>\n<meta property=\"og:description\" content=\"Menovit\u00fd pr\u00edkon 1.600 W Hmotnos\u0165 5,9 kg Menovit\u00e9 ot\u00e1\u010dky 980 \/ 2.400 min-1 Up\u00ednanie n\u00e1strojov G 1\/2&quot;, 1 1\/4&quot; \u00da\u010del vyu\u017eitia V\u0155tanie namokro do bet\u00f3nu Rozsah v\u0155tania, stacion\u00e1rne v\u0155tanie Bet\u00f3n, optim\u00e1lny rozsah 30 \u2013 82 mm Bet\u00f3n, mo\u017en\u00fd rozsah 10 \u2013 102 mm Murivo, optim\u00e1lny rozsah 52 \u2013 132 mm Murivo, mo\u017en\u00fd rozsah 32 \u2013 152 mm Rozsah v\u0155tania, v\u0155tanie z vo\u013enej ruky Bet\u00f3n 10 \u2013 40 mm Murivo 32 \u2013 102 mm Funkcie Kon\u0161tantn\u00e1 elektronika Ods\u00e1vanie prachu 2-stup\u0148ov\u00e1 Inform\u00e1cia o hlu\u010dnosti a vibr\u00e1ci\u00e1ch Hodnoty merania zisten\u00e9 pod\u013ea EN 60745 Celkov\u00e9 hodnoty vibr\u00e1ci\u00ed (s\u00fa\u010det vektorov v troch smeroch) Hodnota emisie vibr\u00e1ci\u00ed ah 3.0 m\/s\u00b2 Nepresnos\u0165 K 1.5 m\/s\u00b2 \u00darove\u0148 hluku elektrick\u00e9ho n\u00e1radia s hodnoten\u00edm A je typicky: hladina akustick\u00e9ho tlaku 87 dB(A); hladina akustick\u00e9ho v\u00fdkonu 98 dB(A). Neistota K= 3 dB.\" \/>\n<meta property=\"og:url\" content=\"http:\/\/dafinoo.eu\/mirmar\/obchod\/diamantova-vrtacka-gdb-1600-we-professional-bosch\/\" \/>\n<meta property=\"og:site_name\" content=\"MIR-MAR\" \/>\n<meta property=\"article:publisher\" content=\"https:\/\/facebook.com\/mirmareshop\" \/>\n<meta property=\"article:modified_time\" content=\"2021-04-19T17:41:33+00:00\" \/>\n<meta property=\"og:image\" content=\"https:\/\/i0.wp.com\/www.mirmar.sk\/wp-content\/uploads\/2021\/03\/19_2_1.jpg?fit=661%2C348&ssl=1\" \/>\n\t<meta property=\"og:image:width\" content=\"661\" \/>\n\t<meta property=\"og:image:height\" content=\"348\" \/>\n\t<meta property=\"og:image:type\" content=\"image\/jpeg\" \/>\n<meta name=\"twitter:label1\" content=\"Predpokladan\u00fd \u010das \u010d\u00edtania\" \/>\n\t<meta name=\"twitter:data1\" content=\"1 min\u00fata\" \/>\n<script type=\"application\/ld+json\" class=\"yoast-schema-graph\">{\"@context\":\"https:\\\/\\\/schema.org\",\"@graph\":[{\"@type\":\"WebPage\",\"@id\":\"http:\\\/\\\/dafinoo.eu\\\/mirmar\\\/obchod\\\/diamantova-vrtacka-gdb-1600-we-professional-bosch\\\/\",\"url\":\"http:\\\/\\\/dafinoo.eu\\\/mirmar\\\/obchod\\\/diamantova-vrtacka-gdb-1600-we-professional-bosch\\\/\",\"name\":\"Diamantov\u00e1 v\u0155ta\u010dka GDB 1600 WE Professional Bosch - MIR-MAR\",\"isPartOf\":{\"@id\":\"http:\\\/\\\/dafinoo.eu\\\/mirmar\\\/#website\"},\"primaryImageOfPage\":{\"@id\":\"http:\\\/\\\/dafinoo.eu\\\/mirmar\\\/obchod\\\/diamantova-vrtacka-gdb-1600-we-professional-bosch\\\/#primaryimage\"},\"image\":{\"@id\":\"http:\\\/\\\/dafinoo.eu\\\/mirmar\\\/obchod\\\/diamantova-vrtacka-gdb-1600-we-professional-bosch\\\/#primaryimage\"},\"thumbnailUrl\":\"http:\\\/\\\/dafinoo.eu\\\/mirmar\\\/wp-content\\\/uploads\\\/2021\\\/03\\\/19_2_1.jpg\",\"datePublished\":\"2021-03-15T16:23:20+00:00\",\"dateModified\":\"2021-04-19T17:41:33+00:00\",\"breadcrumb\":{\"@id\":\"http:\\\/\\\/dafinoo.eu\\\/mirmar\\\/obchod\\\/diamantova-vrtacka-gdb-1600-we-professional-bosch\\\/#breadcrumb\"},\"inLanguage\":\"sk-SK\",\"potentialAction\":[{\"@type\":\"ReadAction\",\"target\":[\"http:\\\/\\\/dafinoo.eu\\\/mirmar\\\/obchod\\\/diamantova-vrtacka-gdb-1600-we-professional-bosch\\\/\"]}]},{\"@type\":\"ImageObject\",\"inLanguage\":\"sk-SK\",\"@id\":\"http:\\\/\\\/dafinoo.eu\\\/mirmar\\\/obchod\\\/diamantova-vrtacka-gdb-1600-we-professional-bosch\\\/#primaryimage\",\"url\":\"http:\\\/\\\/dafinoo.eu\\\/mirmar\\\/wp-content\\\/uploads\\\/2021\\\/03\\\/19_2_1.jpg\",\"contentUrl\":\"http:\\\/\\\/dafinoo.eu\\\/mirmar\\\/wp-content\\\/uploads\\\/2021\\\/03\\\/19_2_1.jpg\",\"width\":661,\"height\":348},{\"@type\":\"BreadcrumbList\",\"@id\":\"http:\\\/\\\/dafinoo.eu\\\/mirmar\\\/obchod\\\/diamantova-vrtacka-gdb-1600-we-professional-bosch\\\/#breadcrumb\",\"itemListElement\":[{\"@type\":\"ListItem\",\"position\":1,\"name\":\"Domovsk\u00e1 str\u00e1nka\",\"item\":\"http:\\\/\\\/dafinoo.eu\\\/mirmar\\\/\"},{\"@type\":\"ListItem\",\"position\":2,\"name\":\"Obchod\",\"item\":\"http:\\\/\\\/dafinoo.eu\\\/mirmar\\\/obchod\\\/\"},{\"@type\":\"ListItem\",\"position\":3,\"name\":\"Diamantov\u00e1 v\u0155ta\u010dka GDB 1600 WE Professional Bosch\"}]},{\"@type\":\"WebSite\",\"@id\":\"http:\\\/\\\/dafinoo.eu\\\/mirmar\\\/#website\",\"url\":\"http:\\\/\\\/dafinoo.eu\\\/mirmar\\\/\",\"name\":\"MIR-MAR\",\"description\":\"Eshop s n\u00e1rad\u00edm\",\"publisher\":{\"@id\":\"http:\\\/\\\/dafinoo.eu\\\/mirmar\\\/#organization\"},\"potentialAction\":[{\"@type\":\"SearchAction\",\"target\":{\"@type\":\"EntryPoint\",\"urlTemplate\":\"http:\\\/\\\/dafinoo.eu\\\/mirmar\\\/?s={search_term_string}\"},\"query-input\":{\"@type\":\"PropertyValueSpecification\",\"valueRequired\":true,\"valueName\":\"search_term_string\"}}],\"inLanguage\":\"sk-SK\"},{\"@type\":\"Organization\",\"@id\":\"http:\\\/\\\/dafinoo.eu\\\/mirmar\\\/#organization\",\"name\":\"MIR-MAR\",\"url\":\"http:\\\/\\\/dafinoo.eu\\\/mirmar\\\/\",\"logo\":{\"@type\":\"ImageObject\",\"inLanguage\":\"sk-SK\",\"@id\":\"http:\\\/\\\/dafinoo.eu\\\/mirmar\\\/#\\\/schema\\\/logo\\\/image\\\/\",\"url\":\"http:\\\/\\\/dafinoo.eu\\\/mirmar\\\/wp-content\\\/uploads\\\/2021\\\/03\\\/mirmar_logo.png\",\"contentUrl\":\"http:\\\/\\\/dafinoo.eu\\\/mirmar\\\/wp-content\\\/uploads\\\/2021\\\/03\\\/mirmar_logo.png\",\"width\":256,\"height\":60,\"caption\":\"MIR-MAR\"},\"image\":{\"@id\":\"http:\\\/\\\/dafinoo.eu\\\/mirmar\\\/#\\\/schema\\\/logo\\\/image\\\/\"},\"sameAs\":[\"https:\\\/\\\/facebook.com\\\/mirmareshop\"]}]}<\/script>\n<!-- \/ Yoast SEO plugin. -->","yoast_head_json":{"title":"Diamantov\u00e1 v\u0155ta\u010dka GDB 1600 WE Professional Bosch - MIR-MAR","robots":{"index":"index","follow":"follow","max-snippet":"max-snippet:-1","max-image-preview":"max-image-preview:large","max-video-preview":"max-video-preview:-1"},"canonical":"http:\/\/dafinoo.eu\/mirmar\/obchod\/diamantova-vrtacka-gdb-1600-we-professional-bosch\/","og_locale":"sk_SK","og_type":"article","og_title":"Diamantov\u00e1 v\u0155ta\u010dka GDB 1600 WE Professional Bosch - MIR-MAR","og_description":"Menovit\u00fd pr\u00edkon 1.600 W Hmotnos\u0165 5,9 kg Menovit\u00e9 ot\u00e1\u010dky 980 \/ 2.400 min-1 Up\u00ednanie n\u00e1strojov G 1\/2\", 1 1\/4\" \u00da\u010del vyu\u017eitia V\u0155tanie namokro do bet\u00f3nu Rozsah v\u0155tania, stacion\u00e1rne v\u0155tanie Bet\u00f3n, optim\u00e1lny rozsah 30 \u2013 82 mm Bet\u00f3n, mo\u017en\u00fd rozsah 10 \u2013 102 mm Murivo, optim\u00e1lny rozsah 52 \u2013 132 mm Murivo, mo\u017en\u00fd rozsah 32 \u2013 152 mm Rozsah v\u0155tania, v\u0155tanie z vo\u013enej ruky Bet\u00f3n 10 \u2013 40 mm Murivo 32 \u2013 102 mm Funkcie Kon\u0161tantn\u00e1 elektronika Ods\u00e1vanie prachu 2-stup\u0148ov\u00e1 Inform\u00e1cia o hlu\u010dnosti a vibr\u00e1ci\u00e1ch Hodnoty merania zisten\u00e9 pod\u013ea EN 60745 Celkov\u00e9 hodnoty vibr\u00e1ci\u00ed (s\u00fa\u010det vektorov v troch smeroch) Hodnota emisie vibr\u00e1ci\u00ed ah 3.0 m\/s\u00b2 Nepresnos\u0165 K 1.5 m\/s\u00b2 \u00darove\u0148 hluku elektrick\u00e9ho n\u00e1radia s hodnoten\u00edm A je typicky: hladina akustick\u00e9ho tlaku 87 dB(A); hladina akustick\u00e9ho v\u00fdkonu 98 dB(A). Neistota K= 3 dB.","og_url":"http:\/\/dafinoo.eu\/mirmar\/obchod\/diamantova-vrtacka-gdb-1600-we-professional-bosch\/","og_site_name":"MIR-MAR","article_publisher":"https:\/\/facebook.com\/mirmareshop","article_modified_time":"2021-04-19T17:41:33+00:00","og_image":[{"width":661,"height":348,"url":"https:\/\/i0.wp.com\/www.mirmar.sk\/wp-content\/uploads\/2021\/03\/19_2_1.jpg?fit=661%2C348&ssl=1","type":"image\/jpeg"}],"twitter_misc":{"Predpokladan\u00fd \u010das \u010d\u00edtania":"1 min\u00fata"},"schema":{"@context":"https:\/\/schema.org","@graph":[{"@type":"WebPage","@id":"http:\/\/dafinoo.eu\/mirmar\/obchod\/diamantova-vrtacka-gdb-1600-we-professional-bosch\/","url":"http:\/\/dafinoo.eu\/mirmar\/obchod\/diamantova-vrtacka-gdb-1600-we-professional-bosch\/","name":"Diamantov\u00e1 v\u0155ta\u010dka GDB 1600 WE Professional Bosch - MIR-MAR","isPartOf":{"@id":"http:\/\/dafinoo.eu\/mirmar\/#website"},"primaryImageOfPage":{"@id":"http:\/\/dafinoo.eu\/mirmar\/obchod\/diamantova-vrtacka-gdb-1600-we-professional-bosch\/#primaryimage"},"image":{"@id":"http:\/\/dafinoo.eu\/mirmar\/obchod\/diamantova-vrtacka-gdb-1600-we-professional-bosch\/#primaryimage"},"thumbnailUrl":"http:\/\/dafinoo.eu\/mirmar\/wp-content\/uploads\/2021\/03\/19_2_1.jpg","datePublished":"2021-03-15T16:23:20+00:00","dateModified":"2021-04-19T17:41:33+00:00","breadcrumb":{"@id":"http:\/\/dafinoo.eu\/mirmar\/obchod\/diamantova-vrtacka-gdb-1600-we-professional-bosch\/#breadcrumb"},"inLanguage":"sk-SK","potentialAction":[{"@type":"ReadAction","target":["http:\/\/dafinoo.eu\/mirmar\/obchod\/diamantova-vrtacka-gdb-1600-we-professional-bosch\/"]}]},{"@type":"ImageObject","inLanguage":"sk-SK","@id":"http:\/\/dafinoo.eu\/mirmar\/obchod\/diamantova-vrtacka-gdb-1600-we-professional-bosch\/#primaryimage","url":"http:\/\/dafinoo.eu\/mirmar\/wp-content\/uploads\/2021\/03\/19_2_1.jpg","contentUrl":"http:\/\/dafinoo.eu\/mirmar\/wp-content\/uploads\/2021\/03\/19_2_1.jpg","width":661,"height":348},{"@type":"BreadcrumbList","@id":"http:\/\/dafinoo.eu\/mirmar\/obchod\/diamantova-vrtacka-gdb-1600-we-professional-bosch\/#breadcrumb","itemListElement":[{"@type":"ListItem","position":1,"name":"Domovsk\u00e1 str\u00e1nka","item":"http:\/\/dafinoo.eu\/mirmar\/"},{"@type":"ListItem","position":2,"name":"Obchod","item":"http:\/\/dafinoo.eu\/mirmar\/obchod\/"},{"@type":"ListItem","position":3,"name":"Diamantov\u00e1 v\u0155ta\u010dka GDB 1600 WE Professional Bosch"}]},{"@type":"WebSite","@id":"http:\/\/dafinoo.eu\/mirmar\/#website","url":"http:\/\/dafinoo.eu\/mirmar\/","name":"MIR-MAR","description":"Eshop s n\u00e1rad\u00edm","publisher":{"@id":"http:\/\/dafinoo.eu\/mirmar\/#organization"},"potentialAction":[{"@type":"SearchAction","target":{"@type":"EntryPoint","urlTemplate":"http:\/\/dafinoo.eu\/mirmar\/?s={search_term_string}"},"query-input":{"@type":"PropertyValueSpecification","valueRequired":true,"valueName":"search_term_string"}}],"inLanguage":"sk-SK"},{"@type":"Organization","@id":"http:\/\/dafinoo.eu\/mirmar\/#organization","name":"MIR-MAR","url":"http:\/\/dafinoo.eu\/mirmar\/","logo":{"@type":"ImageObject","inLanguage":"sk-SK","@id":"http:\/\/dafinoo.eu\/mirmar\/#\/schema\/logo\/image\/","url":"http:\/\/dafinoo.eu\/mirmar\/wp-content\/uploads\/2021\/03\/mirmar_logo.png","contentUrl":"http:\/\/dafinoo.eu\/mirmar\/wp-content\/uploads\/2021\/03\/mirmar_logo.png","width":256,"height":60,"caption":"MIR-MAR"},"image":{"@id":"http:\/\/dafinoo.eu\/mirmar\/#\/schema\/logo\/image\/"},"sameAs":["https:\/\/facebook.com\/mirmareshop"]}]}},"_links":{"self":[{"href":"http:\/\/dafinoo.eu\/mirmar\/wp-json\/wp\/v2\/product\/36363","targetHints":{"allow":["GET"]}}],"collection":[{"href":"http:\/\/dafinoo.eu\/mirmar\/wp-json\/wp\/v2\/product"}],"about":[{"href":"http:\/\/dafinoo.eu\/mirmar\/wp-json\/wp\/v2\/types\/product"}],"replies":[{"embeddable":true,"href":"http:\/\/dafinoo.eu\/mirmar\/wp-json\/wp\/v2\/comments?post=36363"}],"wp:featuredmedia":[{"embeddable":true,"href":"http:\/\/dafinoo.eu\/mirmar\/wp-json\/wp\/v2\/media\/36364"}],"wp:attachment":[{"href":"http:\/\/dafinoo.eu\/mirmar\/wp-json\/wp\/v2\/media?parent=36363"}],"wp:term":[{"taxonomy":"product_cat","embeddable":true,"href":"http:\/\/dafinoo.eu\/mirmar\/wp-json\/wp\/v2\/product_cat?post=36363"},{"taxonomy":"product_tag","embeddable":true,"href":"http:\/\/dafinoo.eu\/mirmar\/wp-json\/wp\/v2\/product_tag?post=36363"}],"curies":[{"name":"wp","href":"https:\/\/api.w.org\/{rel}","templated":true}]}}