{"id":36443,"date":"2021-03-15T17:23:40","date_gmt":"2021-03-15T16:23:40","guid":{"rendered":"http:\/\/dafinoo.eu\/mirmar\/product\/96-12-v-svietidlo-s-moznostou-upevnenia-na-hlavu-ml121\/"},"modified":"2021-04-21T15:19:37","modified_gmt":"2021-04-21T13:19:37","slug":"96-12-v-svietidlo-s-moznostou-upevnenia-na-hlavu-ml121","status":"publish","type":"product","link":"http:\/\/dafinoo.eu\/mirmar\/obchod\/96-12-v-svietidlo-s-moznostou-upevnenia-na-hlavu-ml121\/","title":{"rendered":"Makita 9,6-12 V svietidlo s mo\u017enos\u0165ou upevnenia na hlavu ML121"},"content":{"rendered":"<p>* Akumul\u00e1torov\u00e9 svietidlo s mo\u017enos\u0165ou upevnenia na hlave<br \/>\n    * Obidve ruky s\u00fa pri pr\u00e1ci vo\u013en\u00e9<br \/>\n    * Akumul\u00e1tor je upevnen\u00fd na opasku<br \/>\n    * Reflektor nastavite\u013en\u00fd 0\u00b0- 90\u00b0<br \/>\n    * Pou\u017eite\u013en\u00e9 tie\u017e ako statick\u00e1 lampa<br \/>\n    * Dod\u00e1van\u00e9 bez akumul\u00e1toru a nab\u00edja\u010dky ako cenovo v\u00fdhodn\u00fd doplnok k 9,6 &#8211; 12 V aku syst\u00e9mu<\/p>\n","protected":false},"excerpt":{"rendered":"<p>D\u013a\u017eka svietenia pri 1,3 Ah\t300 \/ 260 min<br \/>\nD\u013a\u017eka svietenia pri 2,6 Ah\t530 \/ 490 min<br \/>\nD\u013a\u017eka svietenia pri 3,0 Ah\t610 \/ 570 min<br \/>\nAkumul\u00e1tor\t9,6\/12 V<br \/>\nHmotnos\u0165\t0,26 kg<\/p>\n","protected":false},"featured_media":36444,"comment_status":"closed","ping_status":"open","template":"","meta":{"_lmt_disableupdate":"","_lmt_disable":""},"product_cat":[],"product_tag":[],"class_list":{"0":"post-36443","1":"product","2":"type-product","3":"status-publish","4":"has-post-thumbnail","6":"ts_product_brand-makita","8":"first","9":"instock","10":"taxable","11":"shipping-taxable","12":"purchasable","13":"product-type-simple"},"yoast_head":"<!-- This site is optimized with the Yoast SEO plugin v27.3 - https:\/\/yoast.com\/product\/yoast-seo-wordpress\/ -->\n<title>Makita 9,6-12 V svietidlo s mo\u017enos\u0165ou upevnenia na hlavu ML121 - MIR-MAR<\/title>\n<meta name=\"robots\" content=\"index, follow, max-snippet:-1, max-image-preview:large, max-video-preview:-1\" \/>\n<link rel=\"canonical\" href=\"http:\/\/dafinoo.eu\/mirmar\/obchod\/96-12-v-svietidlo-s-moznostou-upevnenia-na-hlavu-ml121\/\" \/>\n<meta property=\"og:locale\" content=\"sk_SK\" \/>\n<meta property=\"og:type\" content=\"article\" \/>\n<meta property=\"og:title\" content=\"Makita 9,6-12 V svietidlo s mo\u017enos\u0165ou upevnenia na hlavu ML121 - MIR-MAR\" \/>\n<meta property=\"og:description\" content=\"D\u013a\u017eka svietenia pri 1,3 Ah 300 \/ 260 min D\u013a\u017eka svietenia pri 2,6 Ah 530 \/ 490 min D\u013a\u017eka svietenia pri 3,0 Ah 610 \/ 570 min Akumul\u00e1tor 9,6\/12 V Hmotnos\u0165 0,26 kg\" \/>\n<meta property=\"og:url\" content=\"http:\/\/dafinoo.eu\/mirmar\/obchod\/96-12-v-svietidlo-s-moznostou-upevnenia-na-hlavu-ml121\/\" \/>\n<meta property=\"og:site_name\" content=\"MIR-MAR\" \/>\n<meta property=\"article:publisher\" content=\"https:\/\/facebook.com\/mirmareshop\" \/>\n<meta property=\"article:modified_time\" content=\"2021-04-21T13:19:37+00:00\" \/>\n<meta property=\"og:image\" content=\"https:\/\/i0.wp.com\/www.mirmar.sk\/wp-content\/uploads\/2021\/03\/ml121_1.jpg?fit=225%2C225&ssl=1\" \/>\n\t<meta property=\"og:image:width\" content=\"225\" \/>\n\t<meta property=\"og:image:height\" content=\"225\" \/>\n\t<meta property=\"og:image:type\" content=\"image\/jpeg\" \/>\n<script type=\"application\/ld+json\" class=\"yoast-schema-graph\">{\"@context\":\"https:\\\/\\\/schema.org\",\"@graph\":[{\"@type\":\"WebPage\",\"@id\":\"http:\\\/\\\/dafinoo.eu\\\/mirmar\\\/obchod\\\/96-12-v-svietidlo-s-moznostou-upevnenia-na-hlavu-ml121\\\/\",\"url\":\"http:\\\/\\\/dafinoo.eu\\\/mirmar\\\/obchod\\\/96-12-v-svietidlo-s-moznostou-upevnenia-na-hlavu-ml121\\\/\",\"name\":\"Makita 9,6-12 V svietidlo s mo\u017enos\u0165ou upevnenia na hlavu ML121 - MIR-MAR\",\"isPartOf\":{\"@id\":\"http:\\\/\\\/dafinoo.eu\\\/mirmar\\\/#website\"},\"primaryImageOfPage\":{\"@id\":\"http:\\\/\\\/dafinoo.eu\\\/mirmar\\\/obchod\\\/96-12-v-svietidlo-s-moznostou-upevnenia-na-hlavu-ml121\\\/#primaryimage\"},\"image\":{\"@id\":\"http:\\\/\\\/dafinoo.eu\\\/mirmar\\\/obchod\\\/96-12-v-svietidlo-s-moznostou-upevnenia-na-hlavu-ml121\\\/#primaryimage\"},\"thumbnailUrl\":\"http:\\\/\\\/dafinoo.eu\\\/mirmar\\\/wp-content\\\/uploads\\\/2021\\\/03\\\/ml121_1.jpg\",\"datePublished\":\"2021-03-15T16:23:40+00:00\",\"dateModified\":\"2021-04-21T13:19:37+00:00\",\"breadcrumb\":{\"@id\":\"http:\\\/\\\/dafinoo.eu\\\/mirmar\\\/obchod\\\/96-12-v-svietidlo-s-moznostou-upevnenia-na-hlavu-ml121\\\/#breadcrumb\"},\"inLanguage\":\"sk-SK\",\"potentialAction\":[{\"@type\":\"ReadAction\",\"target\":[\"http:\\\/\\\/dafinoo.eu\\\/mirmar\\\/obchod\\\/96-12-v-svietidlo-s-moznostou-upevnenia-na-hlavu-ml121\\\/\"]}]},{\"@type\":\"ImageObject\",\"inLanguage\":\"sk-SK\",\"@id\":\"http:\\\/\\\/dafinoo.eu\\\/mirmar\\\/obchod\\\/96-12-v-svietidlo-s-moznostou-upevnenia-na-hlavu-ml121\\\/#primaryimage\",\"url\":\"http:\\\/\\\/dafinoo.eu\\\/mirmar\\\/wp-content\\\/uploads\\\/2021\\\/03\\\/ml121_1.jpg\",\"contentUrl\":\"http:\\\/\\\/dafinoo.eu\\\/mirmar\\\/wp-content\\\/uploads\\\/2021\\\/03\\\/ml121_1.jpg\",\"width\":225,\"height\":225},{\"@type\":\"BreadcrumbList\",\"@id\":\"http:\\\/\\\/dafinoo.eu\\\/mirmar\\\/obchod\\\/96-12-v-svietidlo-s-moznostou-upevnenia-na-hlavu-ml121\\\/#breadcrumb\",\"itemListElement\":[{\"@type\":\"ListItem\",\"position\":1,\"name\":\"Domovsk\u00e1 str\u00e1nka\",\"item\":\"http:\\\/\\\/dafinoo.eu\\\/mirmar\\\/\"},{\"@type\":\"ListItem\",\"position\":2,\"name\":\"Obchod\",\"item\":\"http:\\\/\\\/dafinoo.eu\\\/mirmar\\\/obchod\\\/\"},{\"@type\":\"ListItem\",\"position\":3,\"name\":\"Makita 9,6-12 V svietidlo s mo\u017enos\u0165ou upevnenia na hlavu ML121\"}]},{\"@type\":\"WebSite\",\"@id\":\"http:\\\/\\\/dafinoo.eu\\\/mirmar\\\/#website\",\"url\":\"http:\\\/\\\/dafinoo.eu\\\/mirmar\\\/\",\"name\":\"MIR-MAR\",\"description\":\"Eshop s n\u00e1rad\u00edm\",\"publisher\":{\"@id\":\"http:\\\/\\\/dafinoo.eu\\\/mirmar\\\/#organization\"},\"potentialAction\":[{\"@type\":\"SearchAction\",\"target\":{\"@type\":\"EntryPoint\",\"urlTemplate\":\"http:\\\/\\\/dafinoo.eu\\\/mirmar\\\/?s={search_term_string}\"},\"query-input\":{\"@type\":\"PropertyValueSpecification\",\"valueRequired\":true,\"valueName\":\"search_term_string\"}}],\"inLanguage\":\"sk-SK\"},{\"@type\":\"Organization\",\"@id\":\"http:\\\/\\\/dafinoo.eu\\\/mirmar\\\/#organization\",\"name\":\"MIR-MAR\",\"url\":\"http:\\\/\\\/dafinoo.eu\\\/mirmar\\\/\",\"logo\":{\"@type\":\"ImageObject\",\"inLanguage\":\"sk-SK\",\"@id\":\"http:\\\/\\\/dafinoo.eu\\\/mirmar\\\/#\\\/schema\\\/logo\\\/image\\\/\",\"url\":\"http:\\\/\\\/dafinoo.eu\\\/mirmar\\\/wp-content\\\/uploads\\\/2021\\\/03\\\/mirmar_logo.png\",\"contentUrl\":\"http:\\\/\\\/dafinoo.eu\\\/mirmar\\\/wp-content\\\/uploads\\\/2021\\\/03\\\/mirmar_logo.png\",\"width\":256,\"height\":60,\"caption\":\"MIR-MAR\"},\"image\":{\"@id\":\"http:\\\/\\\/dafinoo.eu\\\/mirmar\\\/#\\\/schema\\\/logo\\\/image\\\/\"},\"sameAs\":[\"https:\\\/\\\/facebook.com\\\/mirmareshop\"]}]}<\/script>\n<!-- \/ Yoast SEO plugin. -->","yoast_head_json":{"title":"Makita 9,6-12 V svietidlo s mo\u017enos\u0165ou upevnenia na hlavu ML121 - MIR-MAR","robots":{"index":"index","follow":"follow","max-snippet":"max-snippet:-1","max-image-preview":"max-image-preview:large","max-video-preview":"max-video-preview:-1"},"canonical":"http:\/\/dafinoo.eu\/mirmar\/obchod\/96-12-v-svietidlo-s-moznostou-upevnenia-na-hlavu-ml121\/","og_locale":"sk_SK","og_type":"article","og_title":"Makita 9,6-12 V svietidlo s mo\u017enos\u0165ou upevnenia na hlavu ML121 - MIR-MAR","og_description":"D\u013a\u017eka svietenia pri 1,3 Ah 300 \/ 260 min D\u013a\u017eka svietenia pri 2,6 Ah 530 \/ 490 min D\u013a\u017eka svietenia pri 3,0 Ah 610 \/ 570 min Akumul\u00e1tor 9,6\/12 V Hmotnos\u0165 0,26 kg","og_url":"http:\/\/dafinoo.eu\/mirmar\/obchod\/96-12-v-svietidlo-s-moznostou-upevnenia-na-hlavu-ml121\/","og_site_name":"MIR-MAR","article_publisher":"https:\/\/facebook.com\/mirmareshop","article_modified_time":"2021-04-21T13:19:37+00:00","og_image":[{"width":225,"height":225,"url":"https:\/\/i0.wp.com\/www.mirmar.sk\/wp-content\/uploads\/2021\/03\/ml121_1.jpg?fit=225%2C225&ssl=1","type":"image\/jpeg"}],"schema":{"@context":"https:\/\/schema.org","@graph":[{"@type":"WebPage","@id":"http:\/\/dafinoo.eu\/mirmar\/obchod\/96-12-v-svietidlo-s-moznostou-upevnenia-na-hlavu-ml121\/","url":"http:\/\/dafinoo.eu\/mirmar\/obchod\/96-12-v-svietidlo-s-moznostou-upevnenia-na-hlavu-ml121\/","name":"Makita 9,6-12 V svietidlo s mo\u017enos\u0165ou upevnenia na hlavu ML121 - MIR-MAR","isPartOf":{"@id":"http:\/\/dafinoo.eu\/mirmar\/#website"},"primaryImageOfPage":{"@id":"http:\/\/dafinoo.eu\/mirmar\/obchod\/96-12-v-svietidlo-s-moznostou-upevnenia-na-hlavu-ml121\/#primaryimage"},"image":{"@id":"http:\/\/dafinoo.eu\/mirmar\/obchod\/96-12-v-svietidlo-s-moznostou-upevnenia-na-hlavu-ml121\/#primaryimage"},"thumbnailUrl":"http:\/\/dafinoo.eu\/mirmar\/wp-content\/uploads\/2021\/03\/ml121_1.jpg","datePublished":"2021-03-15T16:23:40+00:00","dateModified":"2021-04-21T13:19:37+00:00","breadcrumb":{"@id":"http:\/\/dafinoo.eu\/mirmar\/obchod\/96-12-v-svietidlo-s-moznostou-upevnenia-na-hlavu-ml121\/#breadcrumb"},"inLanguage":"sk-SK","potentialAction":[{"@type":"ReadAction","target":["http:\/\/dafinoo.eu\/mirmar\/obchod\/96-12-v-svietidlo-s-moznostou-upevnenia-na-hlavu-ml121\/"]}]},{"@type":"ImageObject","inLanguage":"sk-SK","@id":"http:\/\/dafinoo.eu\/mirmar\/obchod\/96-12-v-svietidlo-s-moznostou-upevnenia-na-hlavu-ml121\/#primaryimage","url":"http:\/\/dafinoo.eu\/mirmar\/wp-content\/uploads\/2021\/03\/ml121_1.jpg","contentUrl":"http:\/\/dafinoo.eu\/mirmar\/wp-content\/uploads\/2021\/03\/ml121_1.jpg","width":225,"height":225},{"@type":"BreadcrumbList","@id":"http:\/\/dafinoo.eu\/mirmar\/obchod\/96-12-v-svietidlo-s-moznostou-upevnenia-na-hlavu-ml121\/#breadcrumb","itemListElement":[{"@type":"ListItem","position":1,"name":"Domovsk\u00e1 str\u00e1nka","item":"http:\/\/dafinoo.eu\/mirmar\/"},{"@type":"ListItem","position":2,"name":"Obchod","item":"http:\/\/dafinoo.eu\/mirmar\/obchod\/"},{"@type":"ListItem","position":3,"name":"Makita 9,6-12 V svietidlo s mo\u017enos\u0165ou upevnenia na hlavu ML121"}]},{"@type":"WebSite","@id":"http:\/\/dafinoo.eu\/mirmar\/#website","url":"http:\/\/dafinoo.eu\/mirmar\/","name":"MIR-MAR","description":"Eshop s n\u00e1rad\u00edm","publisher":{"@id":"http:\/\/dafinoo.eu\/mirmar\/#organization"},"potentialAction":[{"@type":"SearchAction","target":{"@type":"EntryPoint","urlTemplate":"http:\/\/dafinoo.eu\/mirmar\/?s={search_term_string}"},"query-input":{"@type":"PropertyValueSpecification","valueRequired":true,"valueName":"search_term_string"}}],"inLanguage":"sk-SK"},{"@type":"Organization","@id":"http:\/\/dafinoo.eu\/mirmar\/#organization","name":"MIR-MAR","url":"http:\/\/dafinoo.eu\/mirmar\/","logo":{"@type":"ImageObject","inLanguage":"sk-SK","@id":"http:\/\/dafinoo.eu\/mirmar\/#\/schema\/logo\/image\/","url":"http:\/\/dafinoo.eu\/mirmar\/wp-content\/uploads\/2021\/03\/mirmar_logo.png","contentUrl":"http:\/\/dafinoo.eu\/mirmar\/wp-content\/uploads\/2021\/03\/mirmar_logo.png","width":256,"height":60,"caption":"MIR-MAR"},"image":{"@id":"http:\/\/dafinoo.eu\/mirmar\/#\/schema\/logo\/image\/"},"sameAs":["https:\/\/facebook.com\/mirmareshop"]}]}},"_links":{"self":[{"href":"http:\/\/dafinoo.eu\/mirmar\/wp-json\/wp\/v2\/product\/36443","targetHints":{"allow":["GET"]}}],"collection":[{"href":"http:\/\/dafinoo.eu\/mirmar\/wp-json\/wp\/v2\/product"}],"about":[{"href":"http:\/\/dafinoo.eu\/mirmar\/wp-json\/wp\/v2\/types\/product"}],"replies":[{"embeddable":true,"href":"http:\/\/dafinoo.eu\/mirmar\/wp-json\/wp\/v2\/comments?post=36443"}],"wp:featuredmedia":[{"embeddable":true,"href":"http:\/\/dafinoo.eu\/mirmar\/wp-json\/wp\/v2\/media\/36444"}],"wp:attachment":[{"href":"http:\/\/dafinoo.eu\/mirmar\/wp-json\/wp\/v2\/media?parent=36443"}],"wp:term":[{"taxonomy":"product_cat","embeddable":true,"href":"http:\/\/dafinoo.eu\/mirmar\/wp-json\/wp\/v2\/product_cat?post=36443"},{"taxonomy":"product_tag","embeddable":true,"href":"http:\/\/dafinoo.eu\/mirmar\/wp-json\/wp\/v2\/product_tag?post=36443"}],"curies":[{"name":"wp","href":"https:\/\/api.w.org\/{rel}","templated":true}]}}