{"id":36523,"date":"2021-03-15T17:23:56","date_gmt":"2021-03-15T16:23:56","guid":{"rendered":"http:\/\/dafinoo.eu\/mirmar\/product\/buc250rd\/"},"modified":"2021-04-21T15:56:00","modified_gmt":"2021-04-21T13:56:00","slug":"buc250rd","status":"publish","type":"product","link":"http:\/\/dafinoo.eu\/mirmar\/obchod\/buc250rd\/","title":{"rendered":"Dolmar BUC250RD"},"content":{"rendered":"<p>36 V lithium-ion v\u00fdkonn\u00e1 akumul\u00e1torov\u00e1 p\u00edla s minim\u00e1lnym hlukom, nulov\u00fdm ukazovate\u013eom emisi\u00ed. Je ide\u00e1lna na orez\u00e1vanie stromov v parkoch, v bl\u00edzkosti nemocn\u00edc a podobne. P\u00edla je vybaven\u00e9 automatick\u00fdm mazan\u00edm re\u0165aze, bezpe\u010dnostnou brzdou re\u0165aze, prieh\u013eadn\u00fdm okienkom pre kontrolu stavu oleja na mazanie re\u0165aze a bezn\u00e1strojov\u00fdm \u0161panov\u00e1kom re\u0165aze. Na plne nabit\u00fd akumul\u00e1tor je mo\u017en\u00e9 spravi\u0165 300 rezov v c\u00e9drovom dreve &#8211; hranol 30 x 30 cm.<\/p>\n","protected":false},"excerpt":{"rendered":"<p>PARAMETRE<br \/>\nD\u013a\u017eka li\u0161ty \t25 cm<br \/>\nDelenie re\u0165aze \t3\/8&#8243; \/ 1,3 mm<br \/>\nNap\u00e4tie akumul\u00e1tora \t36 V \/ 2,6 Ah<br \/>\nR\u00fdchlos\u0165 pohybu re\u0165aze \t450 m\/min<br \/>\nHmotnos\u0165 \t4,5 kg<br \/>\nPr\u00edslu\u0161enstvo \t1 x akumul\u00e1tor BL3626 (2,6 Ah), nab\u00edja\u010dka <\/p>\n<p># Odpor\u00fa\u010dan\u00e9 pr\u00edslu\u0161enstvo:<br \/>\n# Li\u0161ty: 168408-5<br \/>\n# Re\u0165aze: 194099-6<br \/>\n# Olej na mazanie p\u00edlov\u00fdch re\u0165az\u00ed: 988 002 256<br \/>\n# Adapt\u00e9r: 194959-2<br \/>\n# Bat\u00e9rie: 194873-2<br \/>\n# Nab\u00edja\u010dky: 194863-5<\/p>\n","protected":false},"featured_media":36524,"comment_status":"closed","ping_status":"open","template":"","meta":{"_lmt_disableupdate":"","_lmt_disable":""},"product_cat":[3158,3159,3160,3165],"product_tag":[],"class_list":{"0":"post-36523","1":"product","2":"type-product","3":"status-publish","4":"has-post-thumbnail","6":"product_cat-dolmar","7":"product_cat-dolmar-naradie","8":"product_cat-retazove-pily","9":"product_cat-akumulatorove","10":"ts_product_brand-dolmar","12":"first","13":"instock","14":"taxable","15":"shipping-taxable","16":"purchasable","17":"product-type-simple"},"yoast_head":"<!-- This site is optimized with the Yoast SEO plugin v27.3 - https:\/\/yoast.com\/product\/yoast-seo-wordpress\/ -->\n<title>Dolmar BUC250RD - MIR-MAR<\/title>\n<meta name=\"robots\" content=\"index, follow, max-snippet:-1, max-image-preview:large, max-video-preview:-1\" \/>\n<link rel=\"canonical\" href=\"http:\/\/dafinoo.eu\/mirmar\/obchod\/buc250rd\/\" \/>\n<meta property=\"og:locale\" content=\"sk_SK\" \/>\n<meta property=\"og:type\" content=\"article\" \/>\n<meta property=\"og:title\" content=\"Dolmar BUC250RD - MIR-MAR\" \/>\n<meta property=\"og:description\" content=\"PARAMETRE  D\u013a\u017eka li\u0161ty 25 cm Delenie re\u0165aze 3\/8&quot; \/ 1,3 mm Nap\u00e4tie akumul\u00e1tora 36 V \/ 2,6 Ah R\u00fdchlos\u0165 pohybu re\u0165aze 450 m\/min Hmotnos\u0165 4,5 kg Pr\u00edslu\u0161enstvo 1 x akumul\u00e1tor BL3626 (2,6 Ah), nab\u00edja\u010dka  # Odpor\u00fa\u010dan\u00e9 pr\u00edslu\u0161enstvo: # Li\u0161ty: 168408-5 # Re\u0165aze: 194099-6 # Olej na mazanie p\u00edlov\u00fdch re\u0165az\u00ed: 988 002 256 # Adapt\u00e9r: 194959-2 # Bat\u00e9rie: 194873-2 # Nab\u00edja\u010dky: 194863-5\" \/>\n<meta property=\"og:url\" content=\"http:\/\/dafinoo.eu\/mirmar\/obchod\/buc250rd\/\" \/>\n<meta property=\"og:site_name\" content=\"MIR-MAR\" \/>\n<meta property=\"article:publisher\" content=\"https:\/\/facebook.com\/mirmareshop\" \/>\n<meta property=\"article:modified_time\" content=\"2021-04-21T13:56:00+00:00\" \/>\n<meta property=\"og:image\" content=\"https:\/\/i1.wp.com\/www.mirmar.sk\/wp-content\/uploads\/2021\/03\/buc250rd_1.jpg?fit=152%2C120&ssl=1\" \/>\n\t<meta property=\"og:image:width\" content=\"152\" \/>\n\t<meta property=\"og:image:height\" content=\"120\" \/>\n\t<meta property=\"og:image:type\" content=\"image\/jpeg\" \/>\n<script type=\"application\/ld+json\" class=\"yoast-schema-graph\">{\"@context\":\"https:\\\/\\\/schema.org\",\"@graph\":[{\"@type\":\"WebPage\",\"@id\":\"http:\\\/\\\/dafinoo.eu\\\/mirmar\\\/obchod\\\/buc250rd\\\/\",\"url\":\"http:\\\/\\\/dafinoo.eu\\\/mirmar\\\/obchod\\\/buc250rd\\\/\",\"name\":\"Dolmar BUC250RD - MIR-MAR\",\"isPartOf\":{\"@id\":\"http:\\\/\\\/dafinoo.eu\\\/mirmar\\\/#website\"},\"primaryImageOfPage\":{\"@id\":\"http:\\\/\\\/dafinoo.eu\\\/mirmar\\\/obchod\\\/buc250rd\\\/#primaryimage\"},\"image\":{\"@id\":\"http:\\\/\\\/dafinoo.eu\\\/mirmar\\\/obchod\\\/buc250rd\\\/#primaryimage\"},\"thumbnailUrl\":\"http:\\\/\\\/dafinoo.eu\\\/mirmar\\\/wp-content\\\/uploads\\\/2021\\\/03\\\/buc250rd_1.jpg\",\"datePublished\":\"2021-03-15T16:23:56+00:00\",\"dateModified\":\"2021-04-21T13:56:00+00:00\",\"breadcrumb\":{\"@id\":\"http:\\\/\\\/dafinoo.eu\\\/mirmar\\\/obchod\\\/buc250rd\\\/#breadcrumb\"},\"inLanguage\":\"sk-SK\",\"potentialAction\":[{\"@type\":\"ReadAction\",\"target\":[\"http:\\\/\\\/dafinoo.eu\\\/mirmar\\\/obchod\\\/buc250rd\\\/\"]}]},{\"@type\":\"ImageObject\",\"inLanguage\":\"sk-SK\",\"@id\":\"http:\\\/\\\/dafinoo.eu\\\/mirmar\\\/obchod\\\/buc250rd\\\/#primaryimage\",\"url\":\"http:\\\/\\\/dafinoo.eu\\\/mirmar\\\/wp-content\\\/uploads\\\/2021\\\/03\\\/buc250rd_1.jpg\",\"contentUrl\":\"http:\\\/\\\/dafinoo.eu\\\/mirmar\\\/wp-content\\\/uploads\\\/2021\\\/03\\\/buc250rd_1.jpg\",\"width\":152,\"height\":120},{\"@type\":\"BreadcrumbList\",\"@id\":\"http:\\\/\\\/dafinoo.eu\\\/mirmar\\\/obchod\\\/buc250rd\\\/#breadcrumb\",\"itemListElement\":[{\"@type\":\"ListItem\",\"position\":1,\"name\":\"Domovsk\u00e1 str\u00e1nka\",\"item\":\"http:\\\/\\\/dafinoo.eu\\\/mirmar\\\/\"},{\"@type\":\"ListItem\",\"position\":2,\"name\":\"Obchod\",\"item\":\"http:\\\/\\\/dafinoo.eu\\\/mirmar\\\/obchod\\\/\"},{\"@type\":\"ListItem\",\"position\":3,\"name\":\"Dolmar BUC250RD\"}]},{\"@type\":\"WebSite\",\"@id\":\"http:\\\/\\\/dafinoo.eu\\\/mirmar\\\/#website\",\"url\":\"http:\\\/\\\/dafinoo.eu\\\/mirmar\\\/\",\"name\":\"MIR-MAR\",\"description\":\"Eshop s n\u00e1rad\u00edm\",\"publisher\":{\"@id\":\"http:\\\/\\\/dafinoo.eu\\\/mirmar\\\/#organization\"},\"potentialAction\":[{\"@type\":\"SearchAction\",\"target\":{\"@type\":\"EntryPoint\",\"urlTemplate\":\"http:\\\/\\\/dafinoo.eu\\\/mirmar\\\/?s={search_term_string}\"},\"query-input\":{\"@type\":\"PropertyValueSpecification\",\"valueRequired\":true,\"valueName\":\"search_term_string\"}}],\"inLanguage\":\"sk-SK\"},{\"@type\":\"Organization\",\"@id\":\"http:\\\/\\\/dafinoo.eu\\\/mirmar\\\/#organization\",\"name\":\"MIR-MAR\",\"url\":\"http:\\\/\\\/dafinoo.eu\\\/mirmar\\\/\",\"logo\":{\"@type\":\"ImageObject\",\"inLanguage\":\"sk-SK\",\"@id\":\"http:\\\/\\\/dafinoo.eu\\\/mirmar\\\/#\\\/schema\\\/logo\\\/image\\\/\",\"url\":\"http:\\\/\\\/dafinoo.eu\\\/mirmar\\\/wp-content\\\/uploads\\\/2021\\\/03\\\/mirmar_logo.png\",\"contentUrl\":\"http:\\\/\\\/dafinoo.eu\\\/mirmar\\\/wp-content\\\/uploads\\\/2021\\\/03\\\/mirmar_logo.png\",\"width\":256,\"height\":60,\"caption\":\"MIR-MAR\"},\"image\":{\"@id\":\"http:\\\/\\\/dafinoo.eu\\\/mirmar\\\/#\\\/schema\\\/logo\\\/image\\\/\"},\"sameAs\":[\"https:\\\/\\\/facebook.com\\\/mirmareshop\"]}]}<\/script>\n<!-- \/ Yoast SEO plugin. -->","yoast_head_json":{"title":"Dolmar BUC250RD - MIR-MAR","robots":{"index":"index","follow":"follow","max-snippet":"max-snippet:-1","max-image-preview":"max-image-preview:large","max-video-preview":"max-video-preview:-1"},"canonical":"http:\/\/dafinoo.eu\/mirmar\/obchod\/buc250rd\/","og_locale":"sk_SK","og_type":"article","og_title":"Dolmar BUC250RD - MIR-MAR","og_description":"PARAMETRE  D\u013a\u017eka li\u0161ty 25 cm Delenie re\u0165aze 3\/8\" \/ 1,3 mm Nap\u00e4tie akumul\u00e1tora 36 V \/ 2,6 Ah R\u00fdchlos\u0165 pohybu re\u0165aze 450 m\/min Hmotnos\u0165 4,5 kg Pr\u00edslu\u0161enstvo 1 x akumul\u00e1tor BL3626 (2,6 Ah), nab\u00edja\u010dka  # Odpor\u00fa\u010dan\u00e9 pr\u00edslu\u0161enstvo: # Li\u0161ty: 168408-5 # Re\u0165aze: 194099-6 # Olej na mazanie p\u00edlov\u00fdch re\u0165az\u00ed: 988 002 256 # Adapt\u00e9r: 194959-2 # Bat\u00e9rie: 194873-2 # Nab\u00edja\u010dky: 194863-5","og_url":"http:\/\/dafinoo.eu\/mirmar\/obchod\/buc250rd\/","og_site_name":"MIR-MAR","article_publisher":"https:\/\/facebook.com\/mirmareshop","article_modified_time":"2021-04-21T13:56:00+00:00","og_image":[{"width":152,"height":120,"url":"https:\/\/i1.wp.com\/www.mirmar.sk\/wp-content\/uploads\/2021\/03\/buc250rd_1.jpg?fit=152%2C120&ssl=1","type":"image\/jpeg"}],"schema":{"@context":"https:\/\/schema.org","@graph":[{"@type":"WebPage","@id":"http:\/\/dafinoo.eu\/mirmar\/obchod\/buc250rd\/","url":"http:\/\/dafinoo.eu\/mirmar\/obchod\/buc250rd\/","name":"Dolmar BUC250RD - MIR-MAR","isPartOf":{"@id":"http:\/\/dafinoo.eu\/mirmar\/#website"},"primaryImageOfPage":{"@id":"http:\/\/dafinoo.eu\/mirmar\/obchod\/buc250rd\/#primaryimage"},"image":{"@id":"http:\/\/dafinoo.eu\/mirmar\/obchod\/buc250rd\/#primaryimage"},"thumbnailUrl":"http:\/\/dafinoo.eu\/mirmar\/wp-content\/uploads\/2021\/03\/buc250rd_1.jpg","datePublished":"2021-03-15T16:23:56+00:00","dateModified":"2021-04-21T13:56:00+00:00","breadcrumb":{"@id":"http:\/\/dafinoo.eu\/mirmar\/obchod\/buc250rd\/#breadcrumb"},"inLanguage":"sk-SK","potentialAction":[{"@type":"ReadAction","target":["http:\/\/dafinoo.eu\/mirmar\/obchod\/buc250rd\/"]}]},{"@type":"ImageObject","inLanguage":"sk-SK","@id":"http:\/\/dafinoo.eu\/mirmar\/obchod\/buc250rd\/#primaryimage","url":"http:\/\/dafinoo.eu\/mirmar\/wp-content\/uploads\/2021\/03\/buc250rd_1.jpg","contentUrl":"http:\/\/dafinoo.eu\/mirmar\/wp-content\/uploads\/2021\/03\/buc250rd_1.jpg","width":152,"height":120},{"@type":"BreadcrumbList","@id":"http:\/\/dafinoo.eu\/mirmar\/obchod\/buc250rd\/#breadcrumb","itemListElement":[{"@type":"ListItem","position":1,"name":"Domovsk\u00e1 str\u00e1nka","item":"http:\/\/dafinoo.eu\/mirmar\/"},{"@type":"ListItem","position":2,"name":"Obchod","item":"http:\/\/dafinoo.eu\/mirmar\/obchod\/"},{"@type":"ListItem","position":3,"name":"Dolmar BUC250RD"}]},{"@type":"WebSite","@id":"http:\/\/dafinoo.eu\/mirmar\/#website","url":"http:\/\/dafinoo.eu\/mirmar\/","name":"MIR-MAR","description":"Eshop s n\u00e1rad\u00edm","publisher":{"@id":"http:\/\/dafinoo.eu\/mirmar\/#organization"},"potentialAction":[{"@type":"SearchAction","target":{"@type":"EntryPoint","urlTemplate":"http:\/\/dafinoo.eu\/mirmar\/?s={search_term_string}"},"query-input":{"@type":"PropertyValueSpecification","valueRequired":true,"valueName":"search_term_string"}}],"inLanguage":"sk-SK"},{"@type":"Organization","@id":"http:\/\/dafinoo.eu\/mirmar\/#organization","name":"MIR-MAR","url":"http:\/\/dafinoo.eu\/mirmar\/","logo":{"@type":"ImageObject","inLanguage":"sk-SK","@id":"http:\/\/dafinoo.eu\/mirmar\/#\/schema\/logo\/image\/","url":"http:\/\/dafinoo.eu\/mirmar\/wp-content\/uploads\/2021\/03\/mirmar_logo.png","contentUrl":"http:\/\/dafinoo.eu\/mirmar\/wp-content\/uploads\/2021\/03\/mirmar_logo.png","width":256,"height":60,"caption":"MIR-MAR"},"image":{"@id":"http:\/\/dafinoo.eu\/mirmar\/#\/schema\/logo\/image\/"},"sameAs":["https:\/\/facebook.com\/mirmareshop"]}]}},"_links":{"self":[{"href":"http:\/\/dafinoo.eu\/mirmar\/wp-json\/wp\/v2\/product\/36523","targetHints":{"allow":["GET"]}}],"collection":[{"href":"http:\/\/dafinoo.eu\/mirmar\/wp-json\/wp\/v2\/product"}],"about":[{"href":"http:\/\/dafinoo.eu\/mirmar\/wp-json\/wp\/v2\/types\/product"}],"replies":[{"embeddable":true,"href":"http:\/\/dafinoo.eu\/mirmar\/wp-json\/wp\/v2\/comments?post=36523"}],"wp:featuredmedia":[{"embeddable":true,"href":"http:\/\/dafinoo.eu\/mirmar\/wp-json\/wp\/v2\/media\/36524"}],"wp:attachment":[{"href":"http:\/\/dafinoo.eu\/mirmar\/wp-json\/wp\/v2\/media?parent=36523"}],"wp:term":[{"taxonomy":"product_cat","embeddable":true,"href":"http:\/\/dafinoo.eu\/mirmar\/wp-json\/wp\/v2\/product_cat?post=36523"},{"taxonomy":"product_tag","embeddable":true,"href":"http:\/\/dafinoo.eu\/mirmar\/wp-json\/wp\/v2\/product_tag?post=36523"}],"curies":[{"name":"wp","href":"https:\/\/api.w.org\/{rel}","templated":true}]}}