{"id":36910,"date":"2021-03-15T17:25:17","date_gmt":"2021-03-15T16:25:17","guid":{"rendered":"http:\/\/dafinoo.eu\/mirmar\/product\/bosch-gll-2-50-professional\/"},"modified":"2021-04-19T19:43:08","modified_gmt":"2021-04-19T17:43:08","slug":"bosch-gll-2-50-professional","status":"publish","type":"product","link":"http:\/\/dafinoo.eu\/mirmar\/obchod\/bosch-gll-2-50-professional\/","title":{"rendered":"Bosch GLL 2-50 Professional"},"content":{"rendered":"<p>Prednosti: GLL 2-50 Professional<br \/>\nPrec\u00edzne l\u00ednie, vysok\u00e1 vidite\u013enos\u0165<\/p>\n<p>    * Samonivela\u010dn\u00fd horizont\u00e1lny a vertik\u00e1lny kyvadlov\u00fd l\u00edniov\u00fd laser na r\u00fdchle vyty\u010dovanie priamok<br \/>\n    * Vysok\u00e1 vidite\u013enos\u0165 laserov\u00fdch l\u00edni\u00ed s pracovnou oblas\u0165ou 20 m (bez prij\u00edma\u010da)<br \/>\n    * Extr\u00e9mna presnos\u0165 \u00b13 mm pri 10 m<br \/>\n    * Vertik\u00e1lny, horizont\u00e1lny a kr\u00ed\u017eov\u00fd re\u017eim na prec\u00edzne zameranie<br \/>\n    * Jednoduch\u00e9 ovl\u00e1danie jednou rukou<br \/>\n    * Horizont\u00e1lna a vertik\u00e1lna samonivel\u00e1cia do \u00b1 4\u00b0<br \/>\n    * Pracovn\u00e1 oblas\u0165 50 m s prij\u00edma\u010dom LR 2 Professional (volite\u013en\u00fd doplnok)<br \/>\n    * Robustn\u00fd dizajn s m\u00e4kkou vlo\u017ekou, chr\u00e1niacou pred n\u00e1razmi<br \/>\n    * Aret\u00e1cia kyvadla pre bezpe\u010dn\u00fd transport<\/p>\n","protected":false},"excerpt":{"rendered":"<p>Technick\u00e9 parametre: GLL 2-50 Professional<br \/>\nLaserov\u00e1 di\u00f3da \t635 nm, < 1 mW \nPracovn\u00e1 teplota \t-20 \u2013 50 \u00b0C\nSkladovacia teplota \t-20 \u2013 70 \u00b0C\nTrieda lasera \t2 \nPracovn\u00fd rozsah \t20 m\nPracovn\u00fd rozsah s prij\u00edma\u010dom \t50 m \nPracovn\u00e1 oblas\u0165 bez prij\u00edma\u010da \t20 m \nPresnos\u0165 nivel\u00e1cie \t\u00b1 0,3 mm\/m \nRozsah samonivel\u00e1cie \t\u00b1 4\u00b0 \nOchrana proti prachu a striekaj\u00facej vode \tIP 54 \nNap\u00e1janie \t3 x 1,5-V-LR6 (AA) \n\u010cas prev\u00e1dzky, max. \t12 h \nStat\u00edvov\u00fd z\u00e1vit \t1\/4\" \nHmotnos\u0165, cca \t0,45 kg\nD\u013a\u017eka \t118 mm\n\u0160\u00edrka \t57 mm\nV\u00fd\u0161ka \t89 mm\nProjekcia \t2 l\u00ednie\n<\/p>\n","protected":false},"featured_media":36911,"comment_status":"closed","ping_status":"open","template":"","meta":{"_lmt_disableupdate":"","_lmt_disable":""},"product_cat":[3239,3236,3106],"product_tag":[],"class_list":{"0":"post-36910","1":"product","2":"type-product","3":"status-publish","4":"has-post-thumbnail","6":"product_cat-ciarovy-laser","7":"product_cat-meracia-technika","8":"product_cat-bosch","9":"ts_product_brand-bosh","11":"first","12":"instock","13":"taxable","14":"shipping-taxable","15":"purchasable","16":"product-type-simple"},"yoast_head":"<!-- This site is optimized with the Yoast SEO plugin v27.3 - https:\/\/yoast.com\/product\/yoast-seo-wordpress\/ -->\n<title>Bosch GLL 2-50 Professional - MIR-MAR<\/title>\n<meta name=\"robots\" content=\"index, follow, max-snippet:-1, max-image-preview:large, max-video-preview:-1\" \/>\n<link rel=\"canonical\" href=\"http:\/\/dafinoo.eu\/mirmar\/obchod\/bosch-gll-2-50-professional\/\" \/>\n<meta property=\"og:locale\" content=\"sk_SK\" \/>\n<meta property=\"og:type\" content=\"article\" \/>\n<meta property=\"og:title\" content=\"Bosch GLL 2-50 Professional - MIR-MAR\" \/>\n<meta property=\"og:description\" content=\"Technick\u00e9 parametre: GLL 2-50 Professional Laserov\u00e1 di\u00f3da 635 nm, &lt; 1 mW Pracovn\u00e1 teplota -20 \u2013 50 \u00b0C Skladovacia teplota -20 \u2013 70 \u00b0C Trieda lasera 2 Pracovn\u00fd rozsah 20 m Pracovn\u00fd rozsah s prij\u00edma\u010dom 50 m Pracovn\u00e1 oblas\u0165 bez prij\u00edma\u010da 20 m Presnos\u0165 nivel\u00e1cie \u00b1 0,3 mm\/m Rozsah samonivel\u00e1cie \u00b1 4\u00b0 Ochrana proti prachu a striekaj\u00facej vode IP 54 Nap\u00e1janie 3 x 1,5-V-LR6 (AA) \u010cas prev\u00e1dzky, max. 12 h Stat\u00edvov\u00fd z\u00e1vit 1\/4&quot; Hmotnos\u0165, cca 0,45 kg D\u013a\u017eka 118 mm \u0160\u00edrka 57 mm V\u00fd\u0161ka 89 mm Projekcia 2 l\u00ednie\" \/>\n<meta property=\"og:url\" content=\"http:\/\/dafinoo.eu\/mirmar\/obchod\/bosch-gll-2-50-professional\/\" \/>\n<meta property=\"og:site_name\" content=\"MIR-MAR\" \/>\n<meta property=\"article:publisher\" content=\"https:\/\/facebook.com\/mirmareshop\" \/>\n<meta property=\"article:modified_time\" content=\"2021-04-19T17:43:08+00:00\" \/>\n<meta property=\"og:image\" content=\"https:\/\/i2.wp.com\/www.mirmar.sk\/wp-content\/uploads\/2021\/03\/gll_2-50_professional_1.jpg?fit=216%2C234&ssl=1\" \/>\n\t<meta property=\"og:image:width\" content=\"216\" \/>\n\t<meta property=\"og:image:height\" content=\"234\" \/>\n\t<meta property=\"og:image:type\" content=\"image\/jpeg\" \/>\n<meta name=\"twitter:label1\" content=\"Predpokladan\u00fd \u010das \u010d\u00edtania\" \/>\n\t<meta name=\"twitter:data1\" content=\"1 min\u00fata\" \/>\n<script type=\"application\/ld+json\" class=\"yoast-schema-graph\">{\"@context\":\"https:\\\/\\\/schema.org\",\"@graph\":[{\"@type\":\"WebPage\",\"@id\":\"http:\\\/\\\/dafinoo.eu\\\/mirmar\\\/obchod\\\/bosch-gll-2-50-professional\\\/\",\"url\":\"http:\\\/\\\/dafinoo.eu\\\/mirmar\\\/obchod\\\/bosch-gll-2-50-professional\\\/\",\"name\":\"Bosch GLL 2-50 Professional - MIR-MAR\",\"isPartOf\":{\"@id\":\"http:\\\/\\\/dafinoo.eu\\\/mirmar\\\/#website\"},\"primaryImageOfPage\":{\"@id\":\"http:\\\/\\\/dafinoo.eu\\\/mirmar\\\/obchod\\\/bosch-gll-2-50-professional\\\/#primaryimage\"},\"image\":{\"@id\":\"http:\\\/\\\/dafinoo.eu\\\/mirmar\\\/obchod\\\/bosch-gll-2-50-professional\\\/#primaryimage\"},\"thumbnailUrl\":\"http:\\\/\\\/dafinoo.eu\\\/mirmar\\\/wp-content\\\/uploads\\\/2021\\\/03\\\/gll_2-50_professional_1.jpg\",\"datePublished\":\"2021-03-15T16:25:17+00:00\",\"dateModified\":\"2021-04-19T17:43:08+00:00\",\"breadcrumb\":{\"@id\":\"http:\\\/\\\/dafinoo.eu\\\/mirmar\\\/obchod\\\/bosch-gll-2-50-professional\\\/#breadcrumb\"},\"inLanguage\":\"sk-SK\",\"potentialAction\":[{\"@type\":\"ReadAction\",\"target\":[\"http:\\\/\\\/dafinoo.eu\\\/mirmar\\\/obchod\\\/bosch-gll-2-50-professional\\\/\"]}]},{\"@type\":\"ImageObject\",\"inLanguage\":\"sk-SK\",\"@id\":\"http:\\\/\\\/dafinoo.eu\\\/mirmar\\\/obchod\\\/bosch-gll-2-50-professional\\\/#primaryimage\",\"url\":\"http:\\\/\\\/dafinoo.eu\\\/mirmar\\\/wp-content\\\/uploads\\\/2021\\\/03\\\/gll_2-50_professional_1.jpg\",\"contentUrl\":\"http:\\\/\\\/dafinoo.eu\\\/mirmar\\\/wp-content\\\/uploads\\\/2021\\\/03\\\/gll_2-50_professional_1.jpg\",\"width\":216,\"height\":234},{\"@type\":\"BreadcrumbList\",\"@id\":\"http:\\\/\\\/dafinoo.eu\\\/mirmar\\\/obchod\\\/bosch-gll-2-50-professional\\\/#breadcrumb\",\"itemListElement\":[{\"@type\":\"ListItem\",\"position\":1,\"name\":\"Domovsk\u00e1 str\u00e1nka\",\"item\":\"http:\\\/\\\/dafinoo.eu\\\/mirmar\\\/\"},{\"@type\":\"ListItem\",\"position\":2,\"name\":\"Obchod\",\"item\":\"http:\\\/\\\/dafinoo.eu\\\/mirmar\\\/obchod\\\/\"},{\"@type\":\"ListItem\",\"position\":3,\"name\":\"Bosch GLL 2-50 Professional\"}]},{\"@type\":\"WebSite\",\"@id\":\"http:\\\/\\\/dafinoo.eu\\\/mirmar\\\/#website\",\"url\":\"http:\\\/\\\/dafinoo.eu\\\/mirmar\\\/\",\"name\":\"MIR-MAR\",\"description\":\"Eshop s n\u00e1rad\u00edm\",\"publisher\":{\"@id\":\"http:\\\/\\\/dafinoo.eu\\\/mirmar\\\/#organization\"},\"potentialAction\":[{\"@type\":\"SearchAction\",\"target\":{\"@type\":\"EntryPoint\",\"urlTemplate\":\"http:\\\/\\\/dafinoo.eu\\\/mirmar\\\/?s={search_term_string}\"},\"query-input\":{\"@type\":\"PropertyValueSpecification\",\"valueRequired\":true,\"valueName\":\"search_term_string\"}}],\"inLanguage\":\"sk-SK\"},{\"@type\":\"Organization\",\"@id\":\"http:\\\/\\\/dafinoo.eu\\\/mirmar\\\/#organization\",\"name\":\"MIR-MAR\",\"url\":\"http:\\\/\\\/dafinoo.eu\\\/mirmar\\\/\",\"logo\":{\"@type\":\"ImageObject\",\"inLanguage\":\"sk-SK\",\"@id\":\"http:\\\/\\\/dafinoo.eu\\\/mirmar\\\/#\\\/schema\\\/logo\\\/image\\\/\",\"url\":\"http:\\\/\\\/dafinoo.eu\\\/mirmar\\\/wp-content\\\/uploads\\\/2021\\\/03\\\/mirmar_logo.png\",\"contentUrl\":\"http:\\\/\\\/dafinoo.eu\\\/mirmar\\\/wp-content\\\/uploads\\\/2021\\\/03\\\/mirmar_logo.png\",\"width\":256,\"height\":60,\"caption\":\"MIR-MAR\"},\"image\":{\"@id\":\"http:\\\/\\\/dafinoo.eu\\\/mirmar\\\/#\\\/schema\\\/logo\\\/image\\\/\"},\"sameAs\":[\"https:\\\/\\\/facebook.com\\\/mirmareshop\"]}]}<\/script>\n<!-- \/ Yoast SEO plugin. -->","yoast_head_json":{"title":"Bosch GLL 2-50 Professional - MIR-MAR","robots":{"index":"index","follow":"follow","max-snippet":"max-snippet:-1","max-image-preview":"max-image-preview:large","max-video-preview":"max-video-preview:-1"},"canonical":"http:\/\/dafinoo.eu\/mirmar\/obchod\/bosch-gll-2-50-professional\/","og_locale":"sk_SK","og_type":"article","og_title":"Bosch GLL 2-50 Professional - MIR-MAR","og_description":"Technick\u00e9 parametre: GLL 2-50 Professional Laserov\u00e1 di\u00f3da 635 nm, < 1 mW Pracovn\u00e1 teplota -20 \u2013 50 \u00b0C Skladovacia teplota -20 \u2013 70 \u00b0C Trieda lasera 2 Pracovn\u00fd rozsah 20 m Pracovn\u00fd rozsah s prij\u00edma\u010dom 50 m Pracovn\u00e1 oblas\u0165 bez prij\u00edma\u010da 20 m Presnos\u0165 nivel\u00e1cie \u00b1 0,3 mm\/m Rozsah samonivel\u00e1cie \u00b1 4\u00b0 Ochrana proti prachu a striekaj\u00facej vode IP 54 Nap\u00e1janie 3 x 1,5-V-LR6 (AA) \u010cas prev\u00e1dzky, max. 12 h Stat\u00edvov\u00fd z\u00e1vit 1\/4\" Hmotnos\u0165, cca 0,45 kg D\u013a\u017eka 118 mm \u0160\u00edrka 57 mm V\u00fd\u0161ka 89 mm Projekcia 2 l\u00ednie","og_url":"http:\/\/dafinoo.eu\/mirmar\/obchod\/bosch-gll-2-50-professional\/","og_site_name":"MIR-MAR","article_publisher":"https:\/\/facebook.com\/mirmareshop","article_modified_time":"2021-04-19T17:43:08+00:00","og_image":[{"width":216,"height":234,"url":"https:\/\/i2.wp.com\/www.mirmar.sk\/wp-content\/uploads\/2021\/03\/gll_2-50_professional_1.jpg?fit=216%2C234&ssl=1","type":"image\/jpeg"}],"twitter_misc":{"Predpokladan\u00fd \u010das \u010d\u00edtania":"1 min\u00fata"},"schema":{"@context":"https:\/\/schema.org","@graph":[{"@type":"WebPage","@id":"http:\/\/dafinoo.eu\/mirmar\/obchod\/bosch-gll-2-50-professional\/","url":"http:\/\/dafinoo.eu\/mirmar\/obchod\/bosch-gll-2-50-professional\/","name":"Bosch GLL 2-50 Professional - MIR-MAR","isPartOf":{"@id":"http:\/\/dafinoo.eu\/mirmar\/#website"},"primaryImageOfPage":{"@id":"http:\/\/dafinoo.eu\/mirmar\/obchod\/bosch-gll-2-50-professional\/#primaryimage"},"image":{"@id":"http:\/\/dafinoo.eu\/mirmar\/obchod\/bosch-gll-2-50-professional\/#primaryimage"},"thumbnailUrl":"http:\/\/dafinoo.eu\/mirmar\/wp-content\/uploads\/2021\/03\/gll_2-50_professional_1.jpg","datePublished":"2021-03-15T16:25:17+00:00","dateModified":"2021-04-19T17:43:08+00:00","breadcrumb":{"@id":"http:\/\/dafinoo.eu\/mirmar\/obchod\/bosch-gll-2-50-professional\/#breadcrumb"},"inLanguage":"sk-SK","potentialAction":[{"@type":"ReadAction","target":["http:\/\/dafinoo.eu\/mirmar\/obchod\/bosch-gll-2-50-professional\/"]}]},{"@type":"ImageObject","inLanguage":"sk-SK","@id":"http:\/\/dafinoo.eu\/mirmar\/obchod\/bosch-gll-2-50-professional\/#primaryimage","url":"http:\/\/dafinoo.eu\/mirmar\/wp-content\/uploads\/2021\/03\/gll_2-50_professional_1.jpg","contentUrl":"http:\/\/dafinoo.eu\/mirmar\/wp-content\/uploads\/2021\/03\/gll_2-50_professional_1.jpg","width":216,"height":234},{"@type":"BreadcrumbList","@id":"http:\/\/dafinoo.eu\/mirmar\/obchod\/bosch-gll-2-50-professional\/#breadcrumb","itemListElement":[{"@type":"ListItem","position":1,"name":"Domovsk\u00e1 str\u00e1nka","item":"http:\/\/dafinoo.eu\/mirmar\/"},{"@type":"ListItem","position":2,"name":"Obchod","item":"http:\/\/dafinoo.eu\/mirmar\/obchod\/"},{"@type":"ListItem","position":3,"name":"Bosch GLL 2-50 Professional"}]},{"@type":"WebSite","@id":"http:\/\/dafinoo.eu\/mirmar\/#website","url":"http:\/\/dafinoo.eu\/mirmar\/","name":"MIR-MAR","description":"Eshop s n\u00e1rad\u00edm","publisher":{"@id":"http:\/\/dafinoo.eu\/mirmar\/#organization"},"potentialAction":[{"@type":"SearchAction","target":{"@type":"EntryPoint","urlTemplate":"http:\/\/dafinoo.eu\/mirmar\/?s={search_term_string}"},"query-input":{"@type":"PropertyValueSpecification","valueRequired":true,"valueName":"search_term_string"}}],"inLanguage":"sk-SK"},{"@type":"Organization","@id":"http:\/\/dafinoo.eu\/mirmar\/#organization","name":"MIR-MAR","url":"http:\/\/dafinoo.eu\/mirmar\/","logo":{"@type":"ImageObject","inLanguage":"sk-SK","@id":"http:\/\/dafinoo.eu\/mirmar\/#\/schema\/logo\/image\/","url":"http:\/\/dafinoo.eu\/mirmar\/wp-content\/uploads\/2021\/03\/mirmar_logo.png","contentUrl":"http:\/\/dafinoo.eu\/mirmar\/wp-content\/uploads\/2021\/03\/mirmar_logo.png","width":256,"height":60,"caption":"MIR-MAR"},"image":{"@id":"http:\/\/dafinoo.eu\/mirmar\/#\/schema\/logo\/image\/"},"sameAs":["https:\/\/facebook.com\/mirmareshop"]}]}},"_links":{"self":[{"href":"http:\/\/dafinoo.eu\/mirmar\/wp-json\/wp\/v2\/product\/36910","targetHints":{"allow":["GET"]}}],"collection":[{"href":"http:\/\/dafinoo.eu\/mirmar\/wp-json\/wp\/v2\/product"}],"about":[{"href":"http:\/\/dafinoo.eu\/mirmar\/wp-json\/wp\/v2\/types\/product"}],"replies":[{"embeddable":true,"href":"http:\/\/dafinoo.eu\/mirmar\/wp-json\/wp\/v2\/comments?post=36910"}],"wp:featuredmedia":[{"embeddable":true,"href":"http:\/\/dafinoo.eu\/mirmar\/wp-json\/wp\/v2\/media\/36911"}],"wp:attachment":[{"href":"http:\/\/dafinoo.eu\/mirmar\/wp-json\/wp\/v2\/media?parent=36910"}],"wp:term":[{"taxonomy":"product_cat","embeddable":true,"href":"http:\/\/dafinoo.eu\/mirmar\/wp-json\/wp\/v2\/product_cat?post=36910"},{"taxonomy":"product_tag","embeddable":true,"href":"http:\/\/dafinoo.eu\/mirmar\/wp-json\/wp\/v2\/product_tag?post=36910"}],"curies":[{"name":"wp","href":"https:\/\/api.w.org\/{rel}","templated":true}]}}