{"id":36948,"date":"2021-03-15T17:25:26","date_gmt":"2021-03-15T16:25:26","guid":{"rendered":"http:\/\/dafinoo.eu\/mirmar\/product\/bosch-dwm-40-l-professional\/"},"modified":"2021-04-19T19:43:18","modified_gmt":"2021-04-19T17:43:18","slug":"bosch-dwm-40-l-professional","status":"publish","type":"product","link":"http:\/\/dafinoo.eu\/mirmar\/obchod\/bosch-dwm-40-l-professional\/","title":{"rendered":"Bosch DWM 40 L Professional"},"content":{"rendered":"<p>Prednosti: DWM 40 L Professional<br \/>\nNajpresnej\u0161ie vypo\u010d\u00edtavanie uhlov<\/p>\n<p>    * R\u00fdchle a presn\u00e9 zis\u0165ovanie uhlov<br \/>\n    * Umo\u017e\u0148uje presn\u00e9 pren\u00e1\u0161anie uhlov na obrobky<br \/>\n    * Maxim\u00e1lna presnos\u0165 v\u010faka integrovan\u00fdm, oderuvzdorn\u00fdm a teplotne nez\u00e1visl\u00fdm presn\u00fdm sn\u00edma\u010dom uhlov<br \/>\n    * Optim\u00e1lna \u010ditate\u013enos\u0165 v\u010faka dvom oto\u010dn\u00fdm displejom na prednej a zadnej strane<br \/>\n    * \u017diadna kalibr\u00e1cia nie je potrebn\u00e1<br \/>\n    * Funkcia Hold na uchovanie a prenos v\u00fdsledku merania stla\u010den\u00edm tla\u010didla<br \/>\n    * Robustn\u00e1 a kompaktn\u00e1 kon\u0161trukcia<br \/>\n    * Integrovan\u00e9 libely na r\u00fdchle pou\u017eitie ako klasick\u00e1 vodov\u00e1ha<\/p>\n","protected":false},"excerpt":{"rendered":"<p>Technick\u00e9 parametre: DWM 40 L Professional<br \/>\nRozsah merania \t0\u00b0- 220\u00b0<br \/>\nPresnos\u0165 merania, uhol \t\u00b1 0,1\u00b0<br \/>\nPresnos\u0165 merania, libely \t\u00b1 0,057\u00b0 = \u00b1 1 mm\/m<br \/>\nPresnos\u0165 vypo\u010d\u00edtavania uhlov \t\u00b1 0,1\u00b0<br \/>\nNap\u00e1janie \t4 bat\u00e9rie LR6, 1,5 V (AA)<br \/>\nAutomatick\u00e9 vypnutie po cca \t5 min<br \/>\nD\u013a\u017eka ramien \t40 cm<br \/>\nHmotnos\u0165, cca \t1,1 kg<br \/>\nD\u013a\u017eka \t432 mm<br \/>\n\u0160\u00edrka \t33 mm<br \/>\nV\u00fd\u0161ka \t60 mm<\/p>\n","protected":false},"featured_media":36949,"comment_status":"closed","ping_status":"open","template":"","meta":{"_lmt_disableupdate":"","_lmt_disable":""},"product_cat":[3106],"product_tag":[],"class_list":{"0":"post-36948","1":"product","2":"type-product","3":"status-publish","4":"has-post-thumbnail","6":"product_cat-bosch","7":"ts_product_brand-bosh","9":"first","10":"instock","11":"taxable","12":"shipping-taxable","13":"purchasable","14":"product-type-simple"},"yoast_head":"<!-- This site is optimized with the Yoast SEO plugin v27.3 - https:\/\/yoast.com\/product\/yoast-seo-wordpress\/ -->\n<title>Bosch DWM 40 L Professional - MIR-MAR<\/title>\n<meta name=\"robots\" content=\"index, follow, max-snippet:-1, max-image-preview:large, max-video-preview:-1\" \/>\n<link rel=\"canonical\" href=\"http:\/\/dafinoo.eu\/mirmar\/obchod\/bosch-dwm-40-l-professional\/\" \/>\n<meta property=\"og:locale\" content=\"sk_SK\" \/>\n<meta property=\"og:type\" content=\"article\" \/>\n<meta property=\"og:title\" content=\"Bosch DWM 40 L Professional - MIR-MAR\" \/>\n<meta property=\"og:description\" content=\"Technick\u00e9 parametre: DWM 40 L Professional Rozsah merania 0\u00b0- 220\u00b0 Presnos\u0165 merania, uhol \u00b1 0,1\u00b0 Presnos\u0165 merania, libely \u00b1 0,057\u00b0 = \u00b1 1 mm\/m Presnos\u0165 vypo\u010d\u00edtavania uhlov \u00b1 0,1\u00b0 Nap\u00e1janie 4 bat\u00e9rie LR6, 1,5 V (AA) Automatick\u00e9 vypnutie po cca 5 min D\u013a\u017eka ramien 40 cm Hmotnos\u0165, cca 1,1 kg D\u013a\u017eka 432 mm \u0160\u00edrka 33 mm V\u00fd\u0161ka 60 mm\" \/>\n<meta property=\"og:url\" content=\"http:\/\/dafinoo.eu\/mirmar\/obchod\/bosch-dwm-40-l-professional\/\" \/>\n<meta property=\"og:site_name\" content=\"MIR-MAR\" \/>\n<meta property=\"article:publisher\" content=\"https:\/\/facebook.com\/mirmareshop\" \/>\n<meta property=\"article:modified_time\" content=\"2021-04-19T17:43:18+00:00\" \/>\n<meta property=\"og:image\" content=\"https:\/\/i2.wp.com\/www.mirmar.sk\/wp-content\/uploads\/2021\/03\/dwm_40_l_professional_1.jpg?fit=230%2C219&ssl=1\" \/>\n\t<meta property=\"og:image:width\" content=\"230\" \/>\n\t<meta property=\"og:image:height\" content=\"219\" \/>\n\t<meta property=\"og:image:type\" content=\"image\/jpeg\" \/>\n<script type=\"application\/ld+json\" class=\"yoast-schema-graph\">{\"@context\":\"https:\\\/\\\/schema.org\",\"@graph\":[{\"@type\":\"WebPage\",\"@id\":\"http:\\\/\\\/dafinoo.eu\\\/mirmar\\\/obchod\\\/bosch-dwm-40-l-professional\\\/\",\"url\":\"http:\\\/\\\/dafinoo.eu\\\/mirmar\\\/obchod\\\/bosch-dwm-40-l-professional\\\/\",\"name\":\"Bosch DWM 40 L Professional - MIR-MAR\",\"isPartOf\":{\"@id\":\"http:\\\/\\\/dafinoo.eu\\\/mirmar\\\/#website\"},\"primaryImageOfPage\":{\"@id\":\"http:\\\/\\\/dafinoo.eu\\\/mirmar\\\/obchod\\\/bosch-dwm-40-l-professional\\\/#primaryimage\"},\"image\":{\"@id\":\"http:\\\/\\\/dafinoo.eu\\\/mirmar\\\/obchod\\\/bosch-dwm-40-l-professional\\\/#primaryimage\"},\"thumbnailUrl\":\"http:\\\/\\\/dafinoo.eu\\\/mirmar\\\/wp-content\\\/uploads\\\/2021\\\/03\\\/dwm_40_l_professional_1.jpg\",\"datePublished\":\"2021-03-15T16:25:26+00:00\",\"dateModified\":\"2021-04-19T17:43:18+00:00\",\"breadcrumb\":{\"@id\":\"http:\\\/\\\/dafinoo.eu\\\/mirmar\\\/obchod\\\/bosch-dwm-40-l-professional\\\/#breadcrumb\"},\"inLanguage\":\"sk-SK\",\"potentialAction\":[{\"@type\":\"ReadAction\",\"target\":[\"http:\\\/\\\/dafinoo.eu\\\/mirmar\\\/obchod\\\/bosch-dwm-40-l-professional\\\/\"]}]},{\"@type\":\"ImageObject\",\"inLanguage\":\"sk-SK\",\"@id\":\"http:\\\/\\\/dafinoo.eu\\\/mirmar\\\/obchod\\\/bosch-dwm-40-l-professional\\\/#primaryimage\",\"url\":\"http:\\\/\\\/dafinoo.eu\\\/mirmar\\\/wp-content\\\/uploads\\\/2021\\\/03\\\/dwm_40_l_professional_1.jpg\",\"contentUrl\":\"http:\\\/\\\/dafinoo.eu\\\/mirmar\\\/wp-content\\\/uploads\\\/2021\\\/03\\\/dwm_40_l_professional_1.jpg\",\"width\":230,\"height\":219},{\"@type\":\"BreadcrumbList\",\"@id\":\"http:\\\/\\\/dafinoo.eu\\\/mirmar\\\/obchod\\\/bosch-dwm-40-l-professional\\\/#breadcrumb\",\"itemListElement\":[{\"@type\":\"ListItem\",\"position\":1,\"name\":\"Domovsk\u00e1 str\u00e1nka\",\"item\":\"http:\\\/\\\/dafinoo.eu\\\/mirmar\\\/\"},{\"@type\":\"ListItem\",\"position\":2,\"name\":\"Obchod\",\"item\":\"http:\\\/\\\/dafinoo.eu\\\/mirmar\\\/obchod\\\/\"},{\"@type\":\"ListItem\",\"position\":3,\"name\":\"Bosch DWM 40 L Professional\"}]},{\"@type\":\"WebSite\",\"@id\":\"http:\\\/\\\/dafinoo.eu\\\/mirmar\\\/#website\",\"url\":\"http:\\\/\\\/dafinoo.eu\\\/mirmar\\\/\",\"name\":\"MIR-MAR\",\"description\":\"Eshop s n\u00e1rad\u00edm\",\"publisher\":{\"@id\":\"http:\\\/\\\/dafinoo.eu\\\/mirmar\\\/#organization\"},\"potentialAction\":[{\"@type\":\"SearchAction\",\"target\":{\"@type\":\"EntryPoint\",\"urlTemplate\":\"http:\\\/\\\/dafinoo.eu\\\/mirmar\\\/?s={search_term_string}\"},\"query-input\":{\"@type\":\"PropertyValueSpecification\",\"valueRequired\":true,\"valueName\":\"search_term_string\"}}],\"inLanguage\":\"sk-SK\"},{\"@type\":\"Organization\",\"@id\":\"http:\\\/\\\/dafinoo.eu\\\/mirmar\\\/#organization\",\"name\":\"MIR-MAR\",\"url\":\"http:\\\/\\\/dafinoo.eu\\\/mirmar\\\/\",\"logo\":{\"@type\":\"ImageObject\",\"inLanguage\":\"sk-SK\",\"@id\":\"http:\\\/\\\/dafinoo.eu\\\/mirmar\\\/#\\\/schema\\\/logo\\\/image\\\/\",\"url\":\"http:\\\/\\\/dafinoo.eu\\\/mirmar\\\/wp-content\\\/uploads\\\/2021\\\/03\\\/mirmar_logo.png\",\"contentUrl\":\"http:\\\/\\\/dafinoo.eu\\\/mirmar\\\/wp-content\\\/uploads\\\/2021\\\/03\\\/mirmar_logo.png\",\"width\":256,\"height\":60,\"caption\":\"MIR-MAR\"},\"image\":{\"@id\":\"http:\\\/\\\/dafinoo.eu\\\/mirmar\\\/#\\\/schema\\\/logo\\\/image\\\/\"},\"sameAs\":[\"https:\\\/\\\/facebook.com\\\/mirmareshop\"]}]}<\/script>\n<!-- \/ Yoast SEO plugin. -->","yoast_head_json":{"title":"Bosch DWM 40 L Professional - MIR-MAR","robots":{"index":"index","follow":"follow","max-snippet":"max-snippet:-1","max-image-preview":"max-image-preview:large","max-video-preview":"max-video-preview:-1"},"canonical":"http:\/\/dafinoo.eu\/mirmar\/obchod\/bosch-dwm-40-l-professional\/","og_locale":"sk_SK","og_type":"article","og_title":"Bosch DWM 40 L Professional - MIR-MAR","og_description":"Technick\u00e9 parametre: DWM 40 L Professional Rozsah merania 0\u00b0- 220\u00b0 Presnos\u0165 merania, uhol \u00b1 0,1\u00b0 Presnos\u0165 merania, libely \u00b1 0,057\u00b0 = \u00b1 1 mm\/m Presnos\u0165 vypo\u010d\u00edtavania uhlov \u00b1 0,1\u00b0 Nap\u00e1janie 4 bat\u00e9rie LR6, 1,5 V (AA) Automatick\u00e9 vypnutie po cca 5 min D\u013a\u017eka ramien 40 cm Hmotnos\u0165, cca 1,1 kg D\u013a\u017eka 432 mm \u0160\u00edrka 33 mm V\u00fd\u0161ka 60 mm","og_url":"http:\/\/dafinoo.eu\/mirmar\/obchod\/bosch-dwm-40-l-professional\/","og_site_name":"MIR-MAR","article_publisher":"https:\/\/facebook.com\/mirmareshop","article_modified_time":"2021-04-19T17:43:18+00:00","og_image":[{"width":230,"height":219,"url":"https:\/\/i2.wp.com\/www.mirmar.sk\/wp-content\/uploads\/2021\/03\/dwm_40_l_professional_1.jpg?fit=230%2C219&ssl=1","type":"image\/jpeg"}],"schema":{"@context":"https:\/\/schema.org","@graph":[{"@type":"WebPage","@id":"http:\/\/dafinoo.eu\/mirmar\/obchod\/bosch-dwm-40-l-professional\/","url":"http:\/\/dafinoo.eu\/mirmar\/obchod\/bosch-dwm-40-l-professional\/","name":"Bosch DWM 40 L Professional - MIR-MAR","isPartOf":{"@id":"http:\/\/dafinoo.eu\/mirmar\/#website"},"primaryImageOfPage":{"@id":"http:\/\/dafinoo.eu\/mirmar\/obchod\/bosch-dwm-40-l-professional\/#primaryimage"},"image":{"@id":"http:\/\/dafinoo.eu\/mirmar\/obchod\/bosch-dwm-40-l-professional\/#primaryimage"},"thumbnailUrl":"http:\/\/dafinoo.eu\/mirmar\/wp-content\/uploads\/2021\/03\/dwm_40_l_professional_1.jpg","datePublished":"2021-03-15T16:25:26+00:00","dateModified":"2021-04-19T17:43:18+00:00","breadcrumb":{"@id":"http:\/\/dafinoo.eu\/mirmar\/obchod\/bosch-dwm-40-l-professional\/#breadcrumb"},"inLanguage":"sk-SK","potentialAction":[{"@type":"ReadAction","target":["http:\/\/dafinoo.eu\/mirmar\/obchod\/bosch-dwm-40-l-professional\/"]}]},{"@type":"ImageObject","inLanguage":"sk-SK","@id":"http:\/\/dafinoo.eu\/mirmar\/obchod\/bosch-dwm-40-l-professional\/#primaryimage","url":"http:\/\/dafinoo.eu\/mirmar\/wp-content\/uploads\/2021\/03\/dwm_40_l_professional_1.jpg","contentUrl":"http:\/\/dafinoo.eu\/mirmar\/wp-content\/uploads\/2021\/03\/dwm_40_l_professional_1.jpg","width":230,"height":219},{"@type":"BreadcrumbList","@id":"http:\/\/dafinoo.eu\/mirmar\/obchod\/bosch-dwm-40-l-professional\/#breadcrumb","itemListElement":[{"@type":"ListItem","position":1,"name":"Domovsk\u00e1 str\u00e1nka","item":"http:\/\/dafinoo.eu\/mirmar\/"},{"@type":"ListItem","position":2,"name":"Obchod","item":"http:\/\/dafinoo.eu\/mirmar\/obchod\/"},{"@type":"ListItem","position":3,"name":"Bosch DWM 40 L Professional"}]},{"@type":"WebSite","@id":"http:\/\/dafinoo.eu\/mirmar\/#website","url":"http:\/\/dafinoo.eu\/mirmar\/","name":"MIR-MAR","description":"Eshop s n\u00e1rad\u00edm","publisher":{"@id":"http:\/\/dafinoo.eu\/mirmar\/#organization"},"potentialAction":[{"@type":"SearchAction","target":{"@type":"EntryPoint","urlTemplate":"http:\/\/dafinoo.eu\/mirmar\/?s={search_term_string}"},"query-input":{"@type":"PropertyValueSpecification","valueRequired":true,"valueName":"search_term_string"}}],"inLanguage":"sk-SK"},{"@type":"Organization","@id":"http:\/\/dafinoo.eu\/mirmar\/#organization","name":"MIR-MAR","url":"http:\/\/dafinoo.eu\/mirmar\/","logo":{"@type":"ImageObject","inLanguage":"sk-SK","@id":"http:\/\/dafinoo.eu\/mirmar\/#\/schema\/logo\/image\/","url":"http:\/\/dafinoo.eu\/mirmar\/wp-content\/uploads\/2021\/03\/mirmar_logo.png","contentUrl":"http:\/\/dafinoo.eu\/mirmar\/wp-content\/uploads\/2021\/03\/mirmar_logo.png","width":256,"height":60,"caption":"MIR-MAR"},"image":{"@id":"http:\/\/dafinoo.eu\/mirmar\/#\/schema\/logo\/image\/"},"sameAs":["https:\/\/facebook.com\/mirmareshop"]}]}},"_links":{"self":[{"href":"http:\/\/dafinoo.eu\/mirmar\/wp-json\/wp\/v2\/product\/36948","targetHints":{"allow":["GET"]}}],"collection":[{"href":"http:\/\/dafinoo.eu\/mirmar\/wp-json\/wp\/v2\/product"}],"about":[{"href":"http:\/\/dafinoo.eu\/mirmar\/wp-json\/wp\/v2\/types\/product"}],"replies":[{"embeddable":true,"href":"http:\/\/dafinoo.eu\/mirmar\/wp-json\/wp\/v2\/comments?post=36948"}],"wp:featuredmedia":[{"embeddable":true,"href":"http:\/\/dafinoo.eu\/mirmar\/wp-json\/wp\/v2\/media\/36949"}],"wp:attachment":[{"href":"http:\/\/dafinoo.eu\/mirmar\/wp-json\/wp\/v2\/media?parent=36948"}],"wp:term":[{"taxonomy":"product_cat","embeddable":true,"href":"http:\/\/dafinoo.eu\/mirmar\/wp-json\/wp\/v2\/product_cat?post=36948"},{"taxonomy":"product_tag","embeddable":true,"href":"http:\/\/dafinoo.eu\/mirmar\/wp-json\/wp\/v2\/product_tag?post=36948"}],"curies":[{"name":"wp","href":"https:\/\/api.w.org\/{rel}","templated":true}]}}