{"id":37030,"date":"2021-03-15T17:25:42","date_gmt":"2021-03-15T16:25:42","guid":{"rendered":"http:\/\/dafinoo.eu\/mirmar\/product\/bosch-akumulatorove-univerzalne-noznice-gus-108-v-li\/"},"modified":"2021-04-19T19:43:36","modified_gmt":"2021-04-19T17:43:36","slug":"bosch-akumulatorove-univerzalne-noznice-gus-108-v-li","status":"publish","type":"product","link":"http:\/\/dafinoo.eu\/mirmar\/obchod\/bosch-akumulatorove-univerzalne-noznice-gus-108-v-li\/","title":{"rendered":"Bosch Akumul\u00e1torov\u00e9 univerz\u00e1lne no\u017enice GUS 10,8 V-LI"},"content":{"rendered":"<p>&#8211; Univerz\u00e1lne rezacie no\u017enice na r\u00f4zne pru\u017en\u00e9 alebo m\u00e4kk\u00e9 materi\u00e1ly a\u017e do hr\u00fabky 11 mm ako s\u00fa napr.: PVC, koberec, kart\u00f3n, ko\u017ea, tkanina<br \/>\n&#8211; Perfektne vyladen\u00e9 ot\u00e1\u010dky, ktor\u00e9 zaru\u010duj\u00fa r\u00fdchly postup pri pr\u00e1ci v m\u00e4kk\u00fdch a pru\u017en\u00fdch materi\u00e1loch<br \/>\n&#8211; Extr\u00e9mny v\u00fdkon: S reznou kapacitou a\u017e 200 m (4 mm PVC) na jedno nabitie akumul\u00e1tora<br \/>\n&#8211; &#8220;AutoSharp&#8221;: Samoostriaci n\u00f4\u017e s perfektn\u00fdm rezn\u00fdm v\u00fdkonom<br \/>\n&#8211; Indik\u00e1tor stavu nabitia akumul\u00e1tora zaru\u010duje dokonal\u00fd preh\u013ead o zost\u00e1vaj\u00facich energetick\u00fdch rezerv\u00e1ch<br \/>\n&#8211; S neprekonate\u013en\u00fdm v\u00fdkonom s jedn\u00fdm nabit\u00edm akumul\u00e1tora: Unik\u00e1tna L\u00edtium-i\u00f3nov\u00e1 technol\u00f3gia Bosch Premium s dlh\u0161ou \u017eivotnos\u0165ou o 400 %<br \/>\n&#8211; Elektronick\u00e1 ochrana \u010dl\u00e1nkov (Bosch Electronic Cell Protection \u2013 ECP): Ochrana akumul\u00e1tora proti pre\u0165a\u017eenie, prehriatiu a nadmern\u00e9mu vybitiu<br \/>\n&#8211; Bosch Hyper Charge, r\u00fdche nab\u00edjanie: 75 % nabitie akumul\u00e1tora za polovi\u010dn\u00fd \u010das nab\u00edjania<br \/>\n&#8211; Bez pam\u00e4\u0165ov\u00e9ho efektu akumul\u00e1tora: \u013eubovo\u013en\u00fd \u010das nabitia aj ke\u010f akumul\u00e1tor e\u0161te nie je \u00faplne vybit\u00fd &#8211; nehroz\u00ed po\u0161kodenie \u010dl\u00e1nkov<\/p>\n","protected":false},"excerpt":{"rendered":"<p>Ve\u013ekos\u0165 nap\u00e4tia akumul\u00e1tora: 10,8 V<br \/>\nKapacita akumul\u00e1tora: 1,3 Ah<br \/>\nRezn\u00fd v\u00fdkon na 1 nabitie akumul\u00e1tora (pre 4 mm PVC): 200 m<br \/>\nPo\u010det ot\u00e1\u010dok pri vo\u013enobehu: 700 za min\u00fatu<br \/>\nD\u013a\u017eka: 320 mm<br \/>\nV\u00fd\u0161ka: 77 mm<br \/>\nHmotnos\u0165 vr\u00e1tane akumul\u00e1tora: 1,0 kg<\/p>\n","protected":false},"featured_media":37031,"comment_status":"closed","ping_status":"open","template":"","meta":{"_lmt_disableupdate":"","_lmt_disable":""},"product_cat":[3106],"product_tag":[],"class_list":{"0":"post-37030","1":"product","2":"type-product","3":"status-publish","4":"has-post-thumbnail","6":"product_cat-bosch","7":"ts_product_brand-bosh","9":"first","10":"instock","11":"sale","12":"taxable","13":"shipping-taxable","14":"purchasable","15":"product-type-simple"},"yoast_head":"<!-- This site is optimized with the Yoast SEO plugin v27.3 - https:\/\/yoast.com\/product\/yoast-seo-wordpress\/ -->\n<title>Bosch Akumul\u00e1torov\u00e9 univerz\u00e1lne no\u017enice GUS 10,8 V-LI - MIR-MAR<\/title>\n<meta name=\"robots\" content=\"index, follow, max-snippet:-1, max-image-preview:large, max-video-preview:-1\" \/>\n<link rel=\"canonical\" href=\"http:\/\/dafinoo.eu\/mirmar\/obchod\/bosch-akumulatorove-univerzalne-noznice-gus-108-v-li\/\" \/>\n<meta property=\"og:locale\" content=\"sk_SK\" \/>\n<meta property=\"og:type\" content=\"article\" \/>\n<meta property=\"og:title\" content=\"Bosch Akumul\u00e1torov\u00e9 univerz\u00e1lne no\u017enice GUS 10,8 V-LI - MIR-MAR\" \/>\n<meta property=\"og:description\" content=\"Ve\u013ekos\u0165 nap\u00e4tia akumul\u00e1tora: 10,8 V Kapacita akumul\u00e1tora: 1,3 Ah Rezn\u00fd v\u00fdkon na 1 nabitie akumul\u00e1tora (pre 4 mm PVC): 200 m Po\u010det ot\u00e1\u010dok pri vo\u013enobehu: 700 za min\u00fatu D\u013a\u017eka: 320 mm V\u00fd\u0161ka: 77 mm Hmotnos\u0165 vr\u00e1tane akumul\u00e1tora: 1,0 kg\" \/>\n<meta property=\"og:url\" content=\"http:\/\/dafinoo.eu\/mirmar\/obchod\/bosch-akumulatorove-univerzalne-noznice-gus-108-v-li\/\" \/>\n<meta property=\"og:site_name\" content=\"MIR-MAR\" \/>\n<meta property=\"article:publisher\" content=\"https:\/\/facebook.com\/mirmareshop\" \/>\n<meta property=\"article:modified_time\" content=\"2021-04-19T17:43:36+00:00\" \/>\n<meta property=\"og:image\" content=\"https:\/\/i2.wp.com\/www.mirmar.sk\/wp-content\/uploads\/2021\/03\/6_4_1.jpg?fit=400%2C400&ssl=1\" \/>\n\t<meta property=\"og:image:width\" content=\"400\" \/>\n\t<meta property=\"og:image:height\" content=\"400\" \/>\n\t<meta property=\"og:image:type\" content=\"image\/jpeg\" \/>\n<meta name=\"twitter:label1\" content=\"Predpokladan\u00fd \u010das \u010d\u00edtania\" \/>\n\t<meta name=\"twitter:data1\" content=\"1 min\u00fata\" \/>\n<script type=\"application\/ld+json\" class=\"yoast-schema-graph\">{\"@context\":\"https:\\\/\\\/schema.org\",\"@graph\":[{\"@type\":\"WebPage\",\"@id\":\"http:\\\/\\\/dafinoo.eu\\\/mirmar\\\/obchod\\\/bosch-akumulatorove-univerzalne-noznice-gus-108-v-li\\\/\",\"url\":\"http:\\\/\\\/dafinoo.eu\\\/mirmar\\\/obchod\\\/bosch-akumulatorove-univerzalne-noznice-gus-108-v-li\\\/\",\"name\":\"Bosch Akumul\u00e1torov\u00e9 univerz\u00e1lne no\u017enice GUS 10,8 V-LI - MIR-MAR\",\"isPartOf\":{\"@id\":\"http:\\\/\\\/dafinoo.eu\\\/mirmar\\\/#website\"},\"primaryImageOfPage\":{\"@id\":\"http:\\\/\\\/dafinoo.eu\\\/mirmar\\\/obchod\\\/bosch-akumulatorove-univerzalne-noznice-gus-108-v-li\\\/#primaryimage\"},\"image\":{\"@id\":\"http:\\\/\\\/dafinoo.eu\\\/mirmar\\\/obchod\\\/bosch-akumulatorove-univerzalne-noznice-gus-108-v-li\\\/#primaryimage\"},\"thumbnailUrl\":\"http:\\\/\\\/dafinoo.eu\\\/mirmar\\\/wp-content\\\/uploads\\\/2021\\\/03\\\/6_4_1.jpg\",\"datePublished\":\"2021-03-15T16:25:42+00:00\",\"dateModified\":\"2021-04-19T17:43:36+00:00\",\"breadcrumb\":{\"@id\":\"http:\\\/\\\/dafinoo.eu\\\/mirmar\\\/obchod\\\/bosch-akumulatorove-univerzalne-noznice-gus-108-v-li\\\/#breadcrumb\"},\"inLanguage\":\"sk-SK\",\"potentialAction\":[{\"@type\":\"ReadAction\",\"target\":[\"http:\\\/\\\/dafinoo.eu\\\/mirmar\\\/obchod\\\/bosch-akumulatorove-univerzalne-noznice-gus-108-v-li\\\/\"]}]},{\"@type\":\"ImageObject\",\"inLanguage\":\"sk-SK\",\"@id\":\"http:\\\/\\\/dafinoo.eu\\\/mirmar\\\/obchod\\\/bosch-akumulatorove-univerzalne-noznice-gus-108-v-li\\\/#primaryimage\",\"url\":\"http:\\\/\\\/dafinoo.eu\\\/mirmar\\\/wp-content\\\/uploads\\\/2021\\\/03\\\/6_4_1.jpg\",\"contentUrl\":\"http:\\\/\\\/dafinoo.eu\\\/mirmar\\\/wp-content\\\/uploads\\\/2021\\\/03\\\/6_4_1.jpg\",\"width\":400,\"height\":400},{\"@type\":\"BreadcrumbList\",\"@id\":\"http:\\\/\\\/dafinoo.eu\\\/mirmar\\\/obchod\\\/bosch-akumulatorove-univerzalne-noznice-gus-108-v-li\\\/#breadcrumb\",\"itemListElement\":[{\"@type\":\"ListItem\",\"position\":1,\"name\":\"Domovsk\u00e1 str\u00e1nka\",\"item\":\"http:\\\/\\\/dafinoo.eu\\\/mirmar\\\/\"},{\"@type\":\"ListItem\",\"position\":2,\"name\":\"Obchod\",\"item\":\"http:\\\/\\\/dafinoo.eu\\\/mirmar\\\/obchod\\\/\"},{\"@type\":\"ListItem\",\"position\":3,\"name\":\"Bosch Akumul\u00e1torov\u00e9 univerz\u00e1lne no\u017enice GUS 10,8 V-LI\"}]},{\"@type\":\"WebSite\",\"@id\":\"http:\\\/\\\/dafinoo.eu\\\/mirmar\\\/#website\",\"url\":\"http:\\\/\\\/dafinoo.eu\\\/mirmar\\\/\",\"name\":\"MIR-MAR\",\"description\":\"Eshop s n\u00e1rad\u00edm\",\"publisher\":{\"@id\":\"http:\\\/\\\/dafinoo.eu\\\/mirmar\\\/#organization\"},\"potentialAction\":[{\"@type\":\"SearchAction\",\"target\":{\"@type\":\"EntryPoint\",\"urlTemplate\":\"http:\\\/\\\/dafinoo.eu\\\/mirmar\\\/?s={search_term_string}\"},\"query-input\":{\"@type\":\"PropertyValueSpecification\",\"valueRequired\":true,\"valueName\":\"search_term_string\"}}],\"inLanguage\":\"sk-SK\"},{\"@type\":\"Organization\",\"@id\":\"http:\\\/\\\/dafinoo.eu\\\/mirmar\\\/#organization\",\"name\":\"MIR-MAR\",\"url\":\"http:\\\/\\\/dafinoo.eu\\\/mirmar\\\/\",\"logo\":{\"@type\":\"ImageObject\",\"inLanguage\":\"sk-SK\",\"@id\":\"http:\\\/\\\/dafinoo.eu\\\/mirmar\\\/#\\\/schema\\\/logo\\\/image\\\/\",\"url\":\"http:\\\/\\\/dafinoo.eu\\\/mirmar\\\/wp-content\\\/uploads\\\/2021\\\/03\\\/mirmar_logo.png\",\"contentUrl\":\"http:\\\/\\\/dafinoo.eu\\\/mirmar\\\/wp-content\\\/uploads\\\/2021\\\/03\\\/mirmar_logo.png\",\"width\":256,\"height\":60,\"caption\":\"MIR-MAR\"},\"image\":{\"@id\":\"http:\\\/\\\/dafinoo.eu\\\/mirmar\\\/#\\\/schema\\\/logo\\\/image\\\/\"},\"sameAs\":[\"https:\\\/\\\/facebook.com\\\/mirmareshop\"]}]}<\/script>\n<!-- \/ Yoast SEO plugin. -->","yoast_head_json":{"title":"Bosch Akumul\u00e1torov\u00e9 univerz\u00e1lne no\u017enice GUS 10,8 V-LI - MIR-MAR","robots":{"index":"index","follow":"follow","max-snippet":"max-snippet:-1","max-image-preview":"max-image-preview:large","max-video-preview":"max-video-preview:-1"},"canonical":"http:\/\/dafinoo.eu\/mirmar\/obchod\/bosch-akumulatorove-univerzalne-noznice-gus-108-v-li\/","og_locale":"sk_SK","og_type":"article","og_title":"Bosch Akumul\u00e1torov\u00e9 univerz\u00e1lne no\u017enice GUS 10,8 V-LI - MIR-MAR","og_description":"Ve\u013ekos\u0165 nap\u00e4tia akumul\u00e1tora: 10,8 V Kapacita akumul\u00e1tora: 1,3 Ah Rezn\u00fd v\u00fdkon na 1 nabitie akumul\u00e1tora (pre 4 mm PVC): 200 m Po\u010det ot\u00e1\u010dok pri vo\u013enobehu: 700 za min\u00fatu D\u013a\u017eka: 320 mm V\u00fd\u0161ka: 77 mm Hmotnos\u0165 vr\u00e1tane akumul\u00e1tora: 1,0 kg","og_url":"http:\/\/dafinoo.eu\/mirmar\/obchod\/bosch-akumulatorove-univerzalne-noznice-gus-108-v-li\/","og_site_name":"MIR-MAR","article_publisher":"https:\/\/facebook.com\/mirmareshop","article_modified_time":"2021-04-19T17:43:36+00:00","og_image":[{"width":400,"height":400,"url":"https:\/\/i2.wp.com\/www.mirmar.sk\/wp-content\/uploads\/2021\/03\/6_4_1.jpg?fit=400%2C400&ssl=1","type":"image\/jpeg"}],"twitter_misc":{"Predpokladan\u00fd \u010das \u010d\u00edtania":"1 min\u00fata"},"schema":{"@context":"https:\/\/schema.org","@graph":[{"@type":"WebPage","@id":"http:\/\/dafinoo.eu\/mirmar\/obchod\/bosch-akumulatorove-univerzalne-noznice-gus-108-v-li\/","url":"http:\/\/dafinoo.eu\/mirmar\/obchod\/bosch-akumulatorove-univerzalne-noznice-gus-108-v-li\/","name":"Bosch Akumul\u00e1torov\u00e9 univerz\u00e1lne no\u017enice GUS 10,8 V-LI - MIR-MAR","isPartOf":{"@id":"http:\/\/dafinoo.eu\/mirmar\/#website"},"primaryImageOfPage":{"@id":"http:\/\/dafinoo.eu\/mirmar\/obchod\/bosch-akumulatorove-univerzalne-noznice-gus-108-v-li\/#primaryimage"},"image":{"@id":"http:\/\/dafinoo.eu\/mirmar\/obchod\/bosch-akumulatorove-univerzalne-noznice-gus-108-v-li\/#primaryimage"},"thumbnailUrl":"http:\/\/dafinoo.eu\/mirmar\/wp-content\/uploads\/2021\/03\/6_4_1.jpg","datePublished":"2021-03-15T16:25:42+00:00","dateModified":"2021-04-19T17:43:36+00:00","breadcrumb":{"@id":"http:\/\/dafinoo.eu\/mirmar\/obchod\/bosch-akumulatorove-univerzalne-noznice-gus-108-v-li\/#breadcrumb"},"inLanguage":"sk-SK","potentialAction":[{"@type":"ReadAction","target":["http:\/\/dafinoo.eu\/mirmar\/obchod\/bosch-akumulatorove-univerzalne-noznice-gus-108-v-li\/"]}]},{"@type":"ImageObject","inLanguage":"sk-SK","@id":"http:\/\/dafinoo.eu\/mirmar\/obchod\/bosch-akumulatorove-univerzalne-noznice-gus-108-v-li\/#primaryimage","url":"http:\/\/dafinoo.eu\/mirmar\/wp-content\/uploads\/2021\/03\/6_4_1.jpg","contentUrl":"http:\/\/dafinoo.eu\/mirmar\/wp-content\/uploads\/2021\/03\/6_4_1.jpg","width":400,"height":400},{"@type":"BreadcrumbList","@id":"http:\/\/dafinoo.eu\/mirmar\/obchod\/bosch-akumulatorove-univerzalne-noznice-gus-108-v-li\/#breadcrumb","itemListElement":[{"@type":"ListItem","position":1,"name":"Domovsk\u00e1 str\u00e1nka","item":"http:\/\/dafinoo.eu\/mirmar\/"},{"@type":"ListItem","position":2,"name":"Obchod","item":"http:\/\/dafinoo.eu\/mirmar\/obchod\/"},{"@type":"ListItem","position":3,"name":"Bosch Akumul\u00e1torov\u00e9 univerz\u00e1lne no\u017enice GUS 10,8 V-LI"}]},{"@type":"WebSite","@id":"http:\/\/dafinoo.eu\/mirmar\/#website","url":"http:\/\/dafinoo.eu\/mirmar\/","name":"MIR-MAR","description":"Eshop s n\u00e1rad\u00edm","publisher":{"@id":"http:\/\/dafinoo.eu\/mirmar\/#organization"},"potentialAction":[{"@type":"SearchAction","target":{"@type":"EntryPoint","urlTemplate":"http:\/\/dafinoo.eu\/mirmar\/?s={search_term_string}"},"query-input":{"@type":"PropertyValueSpecification","valueRequired":true,"valueName":"search_term_string"}}],"inLanguage":"sk-SK"},{"@type":"Organization","@id":"http:\/\/dafinoo.eu\/mirmar\/#organization","name":"MIR-MAR","url":"http:\/\/dafinoo.eu\/mirmar\/","logo":{"@type":"ImageObject","inLanguage":"sk-SK","@id":"http:\/\/dafinoo.eu\/mirmar\/#\/schema\/logo\/image\/","url":"http:\/\/dafinoo.eu\/mirmar\/wp-content\/uploads\/2021\/03\/mirmar_logo.png","contentUrl":"http:\/\/dafinoo.eu\/mirmar\/wp-content\/uploads\/2021\/03\/mirmar_logo.png","width":256,"height":60,"caption":"MIR-MAR"},"image":{"@id":"http:\/\/dafinoo.eu\/mirmar\/#\/schema\/logo\/image\/"},"sameAs":["https:\/\/facebook.com\/mirmareshop"]}]}},"_links":{"self":[{"href":"http:\/\/dafinoo.eu\/mirmar\/wp-json\/wp\/v2\/product\/37030","targetHints":{"allow":["GET"]}}],"collection":[{"href":"http:\/\/dafinoo.eu\/mirmar\/wp-json\/wp\/v2\/product"}],"about":[{"href":"http:\/\/dafinoo.eu\/mirmar\/wp-json\/wp\/v2\/types\/product"}],"replies":[{"embeddable":true,"href":"http:\/\/dafinoo.eu\/mirmar\/wp-json\/wp\/v2\/comments?post=37030"}],"wp:featuredmedia":[{"embeddable":true,"href":"http:\/\/dafinoo.eu\/mirmar\/wp-json\/wp\/v2\/media\/37031"}],"wp:attachment":[{"href":"http:\/\/dafinoo.eu\/mirmar\/wp-json\/wp\/v2\/media?parent=37030"}],"wp:term":[{"taxonomy":"product_cat","embeddable":true,"href":"http:\/\/dafinoo.eu\/mirmar\/wp-json\/wp\/v2\/product_cat?post=37030"},{"taxonomy":"product_tag","embeddable":true,"href":"http:\/\/dafinoo.eu\/mirmar\/wp-json\/wp\/v2\/product_tag?post=37030"}],"curies":[{"name":"wp","href":"https:\/\/api.w.org\/{rel}","templated":true}]}}