{"id":37258,"date":"2021-03-15T17:26:34","date_gmt":"2021-03-15T16:26:34","guid":{"rendered":"http:\/\/dafinoo.eu\/mirmar\/product\/sady-rescuecut-obmedzovac-hlbky-lista-s-otvoromretaz-pre-modely-ps-5000-ps-5105-115-ps-6400-ps-7300-ps-7900-957-415-060\/"},"modified":"2021-04-21T15:43:49","modified_gmt":"2021-04-21T13:43:49","slug":"sady-rescuecut-obmedzovac-hlbky-lista-s-otvoromretaz-pre-modely-ps-5000-ps-5105-115-ps-6400-ps-7300-ps-7900-957-415-060","status":"publish","type":"product","link":"http:\/\/dafinoo.eu\/mirmar\/obchod\/sady-rescuecut-obmedzovac-hlbky-lista-s-otvoromretaz-pre-modely-ps-5000-ps-5105-115-ps-6400-ps-7300-ps-7900-957-415-060\/","title":{"rendered":"Dolmar Sady RescueCut &#8211; obmedzova\u010d h\u013abky +li\u0161ta s otvorom+re\u0165az pre modely: PS-5000, PS-5105, 115, PS-6400, PS-7300, PS-7900 957 415 060"},"content":{"rendered":"<p>pre modely: PS-5000, PS-5105, 115, PS-6400, PS-7300, PS-7900<\/p>\n","protected":false},"excerpt":{"rendered":"<p>d\u013a\u017eka li\u0161ty: 45 cm\/18&#8243;<br \/>\ndelenie re\u0165aze: 3\/8&#8243;<br \/>\n\u0161\u00edrka dr\u00e1\u017eky: 1,5 mm<\/p>\n","protected":false},"featured_media":37259,"comment_status":"closed","ping_status":"open","template":"","meta":{"_lmt_disableupdate":"","_lmt_disable":""},"product_cat":[3158,3207,3208,3271,3275],"product_tag":[],"class_list":{"0":"post-37258","1":"product","2":"type-product","3":"status-publish","4":"has-post-thumbnail","6":"product_cat-dolmar","7":"product_cat-dolmar-prislusenstvo","8":"product_cat-pily","9":"product_cat-rescuecut","10":"product_cat-sady-rescuecut","11":"ts_product_brand-dolmar","13":"first","14":"instock","15":"taxable","16":"shipping-taxable","17":"purchasable","18":"product-type-simple"},"yoast_head":"<!-- This site is optimized with the Yoast SEO plugin v27.3 - https:\/\/yoast.com\/product\/yoast-seo-wordpress\/ -->\n<title>Dolmar Sady RescueCut - obmedzova\u010d h\u013abky +li\u0161ta s otvorom+re\u0165az pre modely: PS-5000, PS-5105, 115, PS-6400, PS-7300, PS-7900 957 415 060 - MIR-MAR<\/title>\n<meta name=\"robots\" content=\"index, follow, max-snippet:-1, max-image-preview:large, max-video-preview:-1\" \/>\n<link rel=\"canonical\" href=\"http:\/\/dafinoo.eu\/mirmar\/obchod\/sady-rescuecut-obmedzovac-hlbky-lista-s-otvoromretaz-pre-modely-ps-5000-ps-5105-115-ps-6400-ps-7300-ps-7900-957-415-060\/\" \/>\n<meta property=\"og:locale\" content=\"sk_SK\" \/>\n<meta property=\"og:type\" content=\"article\" \/>\n<meta property=\"og:title\" content=\"Dolmar Sady RescueCut - obmedzova\u010d h\u013abky +li\u0161ta s otvorom+re\u0165az pre modely: PS-5000, PS-5105, 115, PS-6400, PS-7300, PS-7900 957 415 060 - MIR-MAR\" \/>\n<meta property=\"og:description\" content=\"d\u013a\u017eka li\u0161ty: 45 cm\/18&quot; delenie re\u0165aze: 3\/8&quot; \u0161\u00edrka dr\u00e1\u017eky: 1,5 mm\" \/>\n<meta property=\"og:url\" content=\"http:\/\/dafinoo.eu\/mirmar\/obchod\/sady-rescuecut-obmedzovac-hlbky-lista-s-otvoromretaz-pre-modely-ps-5000-ps-5105-115-ps-6400-ps-7300-ps-7900-957-415-060\/\" \/>\n<meta property=\"og:site_name\" content=\"MIR-MAR\" \/>\n<meta property=\"article:publisher\" content=\"https:\/\/facebook.com\/mirmareshop\" \/>\n<meta property=\"article:modified_time\" content=\"2021-04-21T13:43:49+00:00\" \/>\n<meta property=\"og:image\" content=\"https:\/\/i0.wp.com\/www.mirmar.sk\/wp-content\/uploads\/2021\/03\/5_14_1.jpg?fit=300%2C225&ssl=1\" \/>\n\t<meta property=\"og:image:width\" content=\"300\" \/>\n\t<meta property=\"og:image:height\" content=\"225\" \/>\n\t<meta property=\"og:image:type\" content=\"image\/jpeg\" \/>\n<script type=\"application\/ld+json\" class=\"yoast-schema-graph\">{\"@context\":\"https:\\\/\\\/schema.org\",\"@graph\":[{\"@type\":\"WebPage\",\"@id\":\"http:\\\/\\\/dafinoo.eu\\\/mirmar\\\/obchod\\\/sady-rescuecut-obmedzovac-hlbky-lista-s-otvoromretaz-pre-modely-ps-5000-ps-5105-115-ps-6400-ps-7300-ps-7900-957-415-060\\\/\",\"url\":\"http:\\\/\\\/dafinoo.eu\\\/mirmar\\\/obchod\\\/sady-rescuecut-obmedzovac-hlbky-lista-s-otvoromretaz-pre-modely-ps-5000-ps-5105-115-ps-6400-ps-7300-ps-7900-957-415-060\\\/\",\"name\":\"Dolmar Sady RescueCut - obmedzova\u010d h\u013abky +li\u0161ta s otvorom+re\u0165az pre modely: PS-5000, PS-5105, 115, PS-6400, PS-7300, PS-7900 957 415 060 - MIR-MAR\",\"isPartOf\":{\"@id\":\"http:\\\/\\\/dafinoo.eu\\\/mirmar\\\/#website\"},\"primaryImageOfPage\":{\"@id\":\"http:\\\/\\\/dafinoo.eu\\\/mirmar\\\/obchod\\\/sady-rescuecut-obmedzovac-hlbky-lista-s-otvoromretaz-pre-modely-ps-5000-ps-5105-115-ps-6400-ps-7300-ps-7900-957-415-060\\\/#primaryimage\"},\"image\":{\"@id\":\"http:\\\/\\\/dafinoo.eu\\\/mirmar\\\/obchod\\\/sady-rescuecut-obmedzovac-hlbky-lista-s-otvoromretaz-pre-modely-ps-5000-ps-5105-115-ps-6400-ps-7300-ps-7900-957-415-060\\\/#primaryimage\"},\"thumbnailUrl\":\"http:\\\/\\\/dafinoo.eu\\\/mirmar\\\/wp-content\\\/uploads\\\/2021\\\/03\\\/5_14_1.jpg\",\"datePublished\":\"2021-03-15T16:26:34+00:00\",\"dateModified\":\"2021-04-21T13:43:49+00:00\",\"breadcrumb\":{\"@id\":\"http:\\\/\\\/dafinoo.eu\\\/mirmar\\\/obchod\\\/sady-rescuecut-obmedzovac-hlbky-lista-s-otvoromretaz-pre-modely-ps-5000-ps-5105-115-ps-6400-ps-7300-ps-7900-957-415-060\\\/#breadcrumb\"},\"inLanguage\":\"sk-SK\",\"potentialAction\":[{\"@type\":\"ReadAction\",\"target\":[\"http:\\\/\\\/dafinoo.eu\\\/mirmar\\\/obchod\\\/sady-rescuecut-obmedzovac-hlbky-lista-s-otvoromretaz-pre-modely-ps-5000-ps-5105-115-ps-6400-ps-7300-ps-7900-957-415-060\\\/\"]}]},{\"@type\":\"ImageObject\",\"inLanguage\":\"sk-SK\",\"@id\":\"http:\\\/\\\/dafinoo.eu\\\/mirmar\\\/obchod\\\/sady-rescuecut-obmedzovac-hlbky-lista-s-otvoromretaz-pre-modely-ps-5000-ps-5105-115-ps-6400-ps-7300-ps-7900-957-415-060\\\/#primaryimage\",\"url\":\"http:\\\/\\\/dafinoo.eu\\\/mirmar\\\/wp-content\\\/uploads\\\/2021\\\/03\\\/5_14_1.jpg\",\"contentUrl\":\"http:\\\/\\\/dafinoo.eu\\\/mirmar\\\/wp-content\\\/uploads\\\/2021\\\/03\\\/5_14_1.jpg\",\"width\":300,\"height\":225},{\"@type\":\"BreadcrumbList\",\"@id\":\"http:\\\/\\\/dafinoo.eu\\\/mirmar\\\/obchod\\\/sady-rescuecut-obmedzovac-hlbky-lista-s-otvoromretaz-pre-modely-ps-5000-ps-5105-115-ps-6400-ps-7300-ps-7900-957-415-060\\\/#breadcrumb\",\"itemListElement\":[{\"@type\":\"ListItem\",\"position\":1,\"name\":\"Domovsk\u00e1 str\u00e1nka\",\"item\":\"http:\\\/\\\/dafinoo.eu\\\/mirmar\\\/\"},{\"@type\":\"ListItem\",\"position\":2,\"name\":\"Obchod\",\"item\":\"http:\\\/\\\/dafinoo.eu\\\/mirmar\\\/obchod\\\/\"},{\"@type\":\"ListItem\",\"position\":3,\"name\":\"Dolmar Sady RescueCut &#8211; obmedzova\u010d h\u013abky +li\u0161ta s otvorom+re\u0165az pre modely: PS-5000, PS-5105, 115, PS-6400, PS-7300, PS-7900 957 415 060\"}]},{\"@type\":\"WebSite\",\"@id\":\"http:\\\/\\\/dafinoo.eu\\\/mirmar\\\/#website\",\"url\":\"http:\\\/\\\/dafinoo.eu\\\/mirmar\\\/\",\"name\":\"MIR-MAR\",\"description\":\"Eshop s n\u00e1rad\u00edm\",\"publisher\":{\"@id\":\"http:\\\/\\\/dafinoo.eu\\\/mirmar\\\/#organization\"},\"potentialAction\":[{\"@type\":\"SearchAction\",\"target\":{\"@type\":\"EntryPoint\",\"urlTemplate\":\"http:\\\/\\\/dafinoo.eu\\\/mirmar\\\/?s={search_term_string}\"},\"query-input\":{\"@type\":\"PropertyValueSpecification\",\"valueRequired\":true,\"valueName\":\"search_term_string\"}}],\"inLanguage\":\"sk-SK\"},{\"@type\":\"Organization\",\"@id\":\"http:\\\/\\\/dafinoo.eu\\\/mirmar\\\/#organization\",\"name\":\"MIR-MAR\",\"url\":\"http:\\\/\\\/dafinoo.eu\\\/mirmar\\\/\",\"logo\":{\"@type\":\"ImageObject\",\"inLanguage\":\"sk-SK\",\"@id\":\"http:\\\/\\\/dafinoo.eu\\\/mirmar\\\/#\\\/schema\\\/logo\\\/image\\\/\",\"url\":\"http:\\\/\\\/dafinoo.eu\\\/mirmar\\\/wp-content\\\/uploads\\\/2021\\\/03\\\/mirmar_logo.png\",\"contentUrl\":\"http:\\\/\\\/dafinoo.eu\\\/mirmar\\\/wp-content\\\/uploads\\\/2021\\\/03\\\/mirmar_logo.png\",\"width\":256,\"height\":60,\"caption\":\"MIR-MAR\"},\"image\":{\"@id\":\"http:\\\/\\\/dafinoo.eu\\\/mirmar\\\/#\\\/schema\\\/logo\\\/image\\\/\"},\"sameAs\":[\"https:\\\/\\\/facebook.com\\\/mirmareshop\"]}]}<\/script>\n<!-- \/ Yoast SEO plugin. -->","yoast_head_json":{"title":"Dolmar Sady RescueCut - obmedzova\u010d h\u013abky +li\u0161ta s otvorom+re\u0165az pre modely: PS-5000, PS-5105, 115, PS-6400, PS-7300, PS-7900 957 415 060 - MIR-MAR","robots":{"index":"index","follow":"follow","max-snippet":"max-snippet:-1","max-image-preview":"max-image-preview:large","max-video-preview":"max-video-preview:-1"},"canonical":"http:\/\/dafinoo.eu\/mirmar\/obchod\/sady-rescuecut-obmedzovac-hlbky-lista-s-otvoromretaz-pre-modely-ps-5000-ps-5105-115-ps-6400-ps-7300-ps-7900-957-415-060\/","og_locale":"sk_SK","og_type":"article","og_title":"Dolmar Sady RescueCut - obmedzova\u010d h\u013abky +li\u0161ta s otvorom+re\u0165az pre modely: PS-5000, PS-5105, 115, PS-6400, PS-7300, PS-7900 957 415 060 - MIR-MAR","og_description":"d\u013a\u017eka li\u0161ty: 45 cm\/18\" delenie re\u0165aze: 3\/8\" \u0161\u00edrka dr\u00e1\u017eky: 1,5 mm","og_url":"http:\/\/dafinoo.eu\/mirmar\/obchod\/sady-rescuecut-obmedzovac-hlbky-lista-s-otvoromretaz-pre-modely-ps-5000-ps-5105-115-ps-6400-ps-7300-ps-7900-957-415-060\/","og_site_name":"MIR-MAR","article_publisher":"https:\/\/facebook.com\/mirmareshop","article_modified_time":"2021-04-21T13:43:49+00:00","og_image":[{"width":300,"height":225,"url":"https:\/\/i0.wp.com\/www.mirmar.sk\/wp-content\/uploads\/2021\/03\/5_14_1.jpg?fit=300%2C225&ssl=1","type":"image\/jpeg"}],"schema":{"@context":"https:\/\/schema.org","@graph":[{"@type":"WebPage","@id":"http:\/\/dafinoo.eu\/mirmar\/obchod\/sady-rescuecut-obmedzovac-hlbky-lista-s-otvoromretaz-pre-modely-ps-5000-ps-5105-115-ps-6400-ps-7300-ps-7900-957-415-060\/","url":"http:\/\/dafinoo.eu\/mirmar\/obchod\/sady-rescuecut-obmedzovac-hlbky-lista-s-otvoromretaz-pre-modely-ps-5000-ps-5105-115-ps-6400-ps-7300-ps-7900-957-415-060\/","name":"Dolmar Sady RescueCut - obmedzova\u010d h\u013abky +li\u0161ta s otvorom+re\u0165az pre modely: PS-5000, PS-5105, 115, PS-6400, PS-7300, PS-7900 957 415 060 - MIR-MAR","isPartOf":{"@id":"http:\/\/dafinoo.eu\/mirmar\/#website"},"primaryImageOfPage":{"@id":"http:\/\/dafinoo.eu\/mirmar\/obchod\/sady-rescuecut-obmedzovac-hlbky-lista-s-otvoromretaz-pre-modely-ps-5000-ps-5105-115-ps-6400-ps-7300-ps-7900-957-415-060\/#primaryimage"},"image":{"@id":"http:\/\/dafinoo.eu\/mirmar\/obchod\/sady-rescuecut-obmedzovac-hlbky-lista-s-otvoromretaz-pre-modely-ps-5000-ps-5105-115-ps-6400-ps-7300-ps-7900-957-415-060\/#primaryimage"},"thumbnailUrl":"http:\/\/dafinoo.eu\/mirmar\/wp-content\/uploads\/2021\/03\/5_14_1.jpg","datePublished":"2021-03-15T16:26:34+00:00","dateModified":"2021-04-21T13:43:49+00:00","breadcrumb":{"@id":"http:\/\/dafinoo.eu\/mirmar\/obchod\/sady-rescuecut-obmedzovac-hlbky-lista-s-otvoromretaz-pre-modely-ps-5000-ps-5105-115-ps-6400-ps-7300-ps-7900-957-415-060\/#breadcrumb"},"inLanguage":"sk-SK","potentialAction":[{"@type":"ReadAction","target":["http:\/\/dafinoo.eu\/mirmar\/obchod\/sady-rescuecut-obmedzovac-hlbky-lista-s-otvoromretaz-pre-modely-ps-5000-ps-5105-115-ps-6400-ps-7300-ps-7900-957-415-060\/"]}]},{"@type":"ImageObject","inLanguage":"sk-SK","@id":"http:\/\/dafinoo.eu\/mirmar\/obchod\/sady-rescuecut-obmedzovac-hlbky-lista-s-otvoromretaz-pre-modely-ps-5000-ps-5105-115-ps-6400-ps-7300-ps-7900-957-415-060\/#primaryimage","url":"http:\/\/dafinoo.eu\/mirmar\/wp-content\/uploads\/2021\/03\/5_14_1.jpg","contentUrl":"http:\/\/dafinoo.eu\/mirmar\/wp-content\/uploads\/2021\/03\/5_14_1.jpg","width":300,"height":225},{"@type":"BreadcrumbList","@id":"http:\/\/dafinoo.eu\/mirmar\/obchod\/sady-rescuecut-obmedzovac-hlbky-lista-s-otvoromretaz-pre-modely-ps-5000-ps-5105-115-ps-6400-ps-7300-ps-7900-957-415-060\/#breadcrumb","itemListElement":[{"@type":"ListItem","position":1,"name":"Domovsk\u00e1 str\u00e1nka","item":"http:\/\/dafinoo.eu\/mirmar\/"},{"@type":"ListItem","position":2,"name":"Obchod","item":"http:\/\/dafinoo.eu\/mirmar\/obchod\/"},{"@type":"ListItem","position":3,"name":"Dolmar Sady RescueCut &#8211; obmedzova\u010d h\u013abky +li\u0161ta s otvorom+re\u0165az pre modely: PS-5000, PS-5105, 115, PS-6400, PS-7300, PS-7900 957 415 060"}]},{"@type":"WebSite","@id":"http:\/\/dafinoo.eu\/mirmar\/#website","url":"http:\/\/dafinoo.eu\/mirmar\/","name":"MIR-MAR","description":"Eshop s n\u00e1rad\u00edm","publisher":{"@id":"http:\/\/dafinoo.eu\/mirmar\/#organization"},"potentialAction":[{"@type":"SearchAction","target":{"@type":"EntryPoint","urlTemplate":"http:\/\/dafinoo.eu\/mirmar\/?s={search_term_string}"},"query-input":{"@type":"PropertyValueSpecification","valueRequired":true,"valueName":"search_term_string"}}],"inLanguage":"sk-SK"},{"@type":"Organization","@id":"http:\/\/dafinoo.eu\/mirmar\/#organization","name":"MIR-MAR","url":"http:\/\/dafinoo.eu\/mirmar\/","logo":{"@type":"ImageObject","inLanguage":"sk-SK","@id":"http:\/\/dafinoo.eu\/mirmar\/#\/schema\/logo\/image\/","url":"http:\/\/dafinoo.eu\/mirmar\/wp-content\/uploads\/2021\/03\/mirmar_logo.png","contentUrl":"http:\/\/dafinoo.eu\/mirmar\/wp-content\/uploads\/2021\/03\/mirmar_logo.png","width":256,"height":60,"caption":"MIR-MAR"},"image":{"@id":"http:\/\/dafinoo.eu\/mirmar\/#\/schema\/logo\/image\/"},"sameAs":["https:\/\/facebook.com\/mirmareshop"]}]}},"_links":{"self":[{"href":"http:\/\/dafinoo.eu\/mirmar\/wp-json\/wp\/v2\/product\/37258","targetHints":{"allow":["GET"]}}],"collection":[{"href":"http:\/\/dafinoo.eu\/mirmar\/wp-json\/wp\/v2\/product"}],"about":[{"href":"http:\/\/dafinoo.eu\/mirmar\/wp-json\/wp\/v2\/types\/product"}],"replies":[{"embeddable":true,"href":"http:\/\/dafinoo.eu\/mirmar\/wp-json\/wp\/v2\/comments?post=37258"}],"wp:featuredmedia":[{"embeddable":true,"href":"http:\/\/dafinoo.eu\/mirmar\/wp-json\/wp\/v2\/media\/37259"}],"wp:attachment":[{"href":"http:\/\/dafinoo.eu\/mirmar\/wp-json\/wp\/v2\/media?parent=37258"}],"wp:term":[{"taxonomy":"product_cat","embeddable":true,"href":"http:\/\/dafinoo.eu\/mirmar\/wp-json\/wp\/v2\/product_cat?post=37258"},{"taxonomy":"product_tag","embeddable":true,"href":"http:\/\/dafinoo.eu\/mirmar\/wp-json\/wp\/v2\/product_tag?post=37258"}],"curies":[{"name":"wp","href":"https:\/\/api.w.org\/{rel}","templated":true}]}}