{"id":37306,"date":"2021-03-15T17:26:42","date_gmt":"2021-03-15T16:26:42","guid":{"rendered":"http:\/\/dafinoo.eu\/mirmar\/product\/brusky-na-ostrenie-pilovych-retazi-341-013-018\/"},"modified":"2021-04-21T15:43:12","modified_gmt":"2021-04-21T13:43:12","slug":"brusky-na-ostrenie-pilovych-retazi-341-013-018","status":"publish","type":"product","link":"http:\/\/dafinoo.eu\/mirmar\/obchod\/brusky-na-ostrenie-pilovych-retazi-341-013-018\/","title":{"rendered":"Dolmar Br\u00fasky na ostrenie p\u00edlov\u00fdch re\u0165az\u00ed 341 013 018"},"content":{"rendered":"<p>S\u00e9riovo s osvetlen\u00edm br\u00fasneho kot\u00fa\u010da a 3 br\u00fasnymi kot\u00fa\u010dmi na ostrenie v\u0161etk\u00fdch be\u017en\u00fdch trojjazy\u010dkov\u00fdch p\u00edlov\u00fdch re\u0165az\u00ed s r\u00f4znym delen\u00edm. S diamantov\u00fdm kot\u00fa\u010dom, dod\u00e1van\u00fdm ako pr\u00edslu\u0161enstvo mo\u017eno ostri\u0165 aj p\u00edlov\u00e9 re\u0165aze so zubami z tvrd\u00e9ho kovu ako DOLMAR RescueCut.<\/p>\n","protected":false},"excerpt":{"rendered":"<p>Zariadenie na ostrenie re\u0165az\u00ed MAXX pon\u00faka praktick\u00e9 a efekt\u00edvne rie\u0161enia na profesion\u00e1lne ostrenie p\u00edlov\u00fdch re\u0165az\u00ed. Najm\u00e4 automatick\u00e9 zovretie p\u00edlovej re\u0165aze vo vodiacej ko\u013eajnici pri odtl\u00e1\u010dan\u00ed br\u00fasnej hlavy racionalizuje ostrenie re\u0165aze.<\/p>\n","protected":false},"featured_media":37307,"comment_status":"closed","ping_status":"open","template":"","meta":{"_lmt_disableupdate":"","_lmt_disable":""},"product_cat":[3158,3207,3208,3283,3284],"product_tag":[],"class_list":{"0":"post-37306","1":"product","2":"type-product","3":"status-publish","4":"has-post-thumbnail","6":"product_cat-dolmar","7":"product_cat-dolmar-prislusenstvo","8":"product_cat-pily","9":"product_cat-brusky-na-ostrenie-retazi","10":"product_cat-brusky-na-ostrenie-pilovych-retazi","11":"ts_product_brand-dolmar","13":"first","14":"instock","15":"taxable","16":"shipping-taxable","17":"purchasable","18":"product-type-simple"},"yoast_head":"<!-- This site is optimized with the Yoast SEO plugin v27.3 - https:\/\/yoast.com\/product\/yoast-seo-wordpress\/ -->\n<title>Dolmar Br\u00fasky na ostrenie p\u00edlov\u00fdch re\u0165az\u00ed 341 013 018 - MIR-MAR<\/title>\n<meta name=\"robots\" content=\"index, follow, max-snippet:-1, max-image-preview:large, max-video-preview:-1\" \/>\n<link rel=\"canonical\" href=\"http:\/\/dafinoo.eu\/mirmar\/obchod\/brusky-na-ostrenie-pilovych-retazi-341-013-018\/\" \/>\n<meta property=\"og:locale\" content=\"sk_SK\" \/>\n<meta property=\"og:type\" content=\"article\" \/>\n<meta property=\"og:title\" content=\"Dolmar Br\u00fasky na ostrenie p\u00edlov\u00fdch re\u0165az\u00ed 341 013 018 - MIR-MAR\" \/>\n<meta property=\"og:description\" content=\"Zariadenie na ostrenie re\u0165az\u00ed MAXX pon\u00faka praktick\u00e9 a efekt\u00edvne rie\u0161enia na profesion\u00e1lne ostrenie p\u00edlov\u00fdch re\u0165az\u00ed. Najm\u00e4 automatick\u00e9 zovretie p\u00edlovej re\u0165aze vo vodiacej ko\u013eajnici pri odtl\u00e1\u010dan\u00ed br\u00fasnej hlavy racionalizuje ostrenie re\u0165aze.\" \/>\n<meta property=\"og:url\" content=\"http:\/\/dafinoo.eu\/mirmar\/obchod\/brusky-na-ostrenie-pilovych-retazi-341-013-018\/\" \/>\n<meta property=\"og:site_name\" content=\"MIR-MAR\" \/>\n<meta property=\"article:publisher\" content=\"https:\/\/facebook.com\/mirmareshop\" \/>\n<meta property=\"article:modified_time\" content=\"2021-04-21T13:43:12+00:00\" \/>\n<meta property=\"og:image\" content=\"https:\/\/i1.wp.com\/www.mirmar.sk\/wp-content\/uploads\/2021\/03\/1_3_10_1.jpg?fit=300%2C225&ssl=1\" \/>\n\t<meta property=\"og:image:width\" content=\"300\" \/>\n\t<meta property=\"og:image:height\" content=\"225\" \/>\n\t<meta property=\"og:image:type\" content=\"image\/jpeg\" \/>\n<script type=\"application\/ld+json\" class=\"yoast-schema-graph\">{\"@context\":\"https:\\\/\\\/schema.org\",\"@graph\":[{\"@type\":\"WebPage\",\"@id\":\"http:\\\/\\\/dafinoo.eu\\\/mirmar\\\/obchod\\\/brusky-na-ostrenie-pilovych-retazi-341-013-018\\\/\",\"url\":\"http:\\\/\\\/dafinoo.eu\\\/mirmar\\\/obchod\\\/brusky-na-ostrenie-pilovych-retazi-341-013-018\\\/\",\"name\":\"Dolmar Br\u00fasky na ostrenie p\u00edlov\u00fdch re\u0165az\u00ed 341 013 018 - MIR-MAR\",\"isPartOf\":{\"@id\":\"http:\\\/\\\/dafinoo.eu\\\/mirmar\\\/#website\"},\"primaryImageOfPage\":{\"@id\":\"http:\\\/\\\/dafinoo.eu\\\/mirmar\\\/obchod\\\/brusky-na-ostrenie-pilovych-retazi-341-013-018\\\/#primaryimage\"},\"image\":{\"@id\":\"http:\\\/\\\/dafinoo.eu\\\/mirmar\\\/obchod\\\/brusky-na-ostrenie-pilovych-retazi-341-013-018\\\/#primaryimage\"},\"thumbnailUrl\":\"http:\\\/\\\/dafinoo.eu\\\/mirmar\\\/wp-content\\\/uploads\\\/2021\\\/03\\\/1_3_10_1.jpg\",\"datePublished\":\"2021-03-15T16:26:42+00:00\",\"dateModified\":\"2021-04-21T13:43:12+00:00\",\"breadcrumb\":{\"@id\":\"http:\\\/\\\/dafinoo.eu\\\/mirmar\\\/obchod\\\/brusky-na-ostrenie-pilovych-retazi-341-013-018\\\/#breadcrumb\"},\"inLanguage\":\"sk-SK\",\"potentialAction\":[{\"@type\":\"ReadAction\",\"target\":[\"http:\\\/\\\/dafinoo.eu\\\/mirmar\\\/obchod\\\/brusky-na-ostrenie-pilovych-retazi-341-013-018\\\/\"]}]},{\"@type\":\"ImageObject\",\"inLanguage\":\"sk-SK\",\"@id\":\"http:\\\/\\\/dafinoo.eu\\\/mirmar\\\/obchod\\\/brusky-na-ostrenie-pilovych-retazi-341-013-018\\\/#primaryimage\",\"url\":\"http:\\\/\\\/dafinoo.eu\\\/mirmar\\\/wp-content\\\/uploads\\\/2021\\\/03\\\/1_3_10_1.jpg\",\"contentUrl\":\"http:\\\/\\\/dafinoo.eu\\\/mirmar\\\/wp-content\\\/uploads\\\/2021\\\/03\\\/1_3_10_1.jpg\",\"width\":300,\"height\":225},{\"@type\":\"BreadcrumbList\",\"@id\":\"http:\\\/\\\/dafinoo.eu\\\/mirmar\\\/obchod\\\/brusky-na-ostrenie-pilovych-retazi-341-013-018\\\/#breadcrumb\",\"itemListElement\":[{\"@type\":\"ListItem\",\"position\":1,\"name\":\"Domovsk\u00e1 str\u00e1nka\",\"item\":\"http:\\\/\\\/dafinoo.eu\\\/mirmar\\\/\"},{\"@type\":\"ListItem\",\"position\":2,\"name\":\"Obchod\",\"item\":\"http:\\\/\\\/dafinoo.eu\\\/mirmar\\\/obchod\\\/\"},{\"@type\":\"ListItem\",\"position\":3,\"name\":\"Dolmar Br\u00fasky na ostrenie p\u00edlov\u00fdch re\u0165az\u00ed 341 013 018\"}]},{\"@type\":\"WebSite\",\"@id\":\"http:\\\/\\\/dafinoo.eu\\\/mirmar\\\/#website\",\"url\":\"http:\\\/\\\/dafinoo.eu\\\/mirmar\\\/\",\"name\":\"MIR-MAR\",\"description\":\"Eshop s n\u00e1rad\u00edm\",\"publisher\":{\"@id\":\"http:\\\/\\\/dafinoo.eu\\\/mirmar\\\/#organization\"},\"potentialAction\":[{\"@type\":\"SearchAction\",\"target\":{\"@type\":\"EntryPoint\",\"urlTemplate\":\"http:\\\/\\\/dafinoo.eu\\\/mirmar\\\/?s={search_term_string}\"},\"query-input\":{\"@type\":\"PropertyValueSpecification\",\"valueRequired\":true,\"valueName\":\"search_term_string\"}}],\"inLanguage\":\"sk-SK\"},{\"@type\":\"Organization\",\"@id\":\"http:\\\/\\\/dafinoo.eu\\\/mirmar\\\/#organization\",\"name\":\"MIR-MAR\",\"url\":\"http:\\\/\\\/dafinoo.eu\\\/mirmar\\\/\",\"logo\":{\"@type\":\"ImageObject\",\"inLanguage\":\"sk-SK\",\"@id\":\"http:\\\/\\\/dafinoo.eu\\\/mirmar\\\/#\\\/schema\\\/logo\\\/image\\\/\",\"url\":\"http:\\\/\\\/dafinoo.eu\\\/mirmar\\\/wp-content\\\/uploads\\\/2021\\\/03\\\/mirmar_logo.png\",\"contentUrl\":\"http:\\\/\\\/dafinoo.eu\\\/mirmar\\\/wp-content\\\/uploads\\\/2021\\\/03\\\/mirmar_logo.png\",\"width\":256,\"height\":60,\"caption\":\"MIR-MAR\"},\"image\":{\"@id\":\"http:\\\/\\\/dafinoo.eu\\\/mirmar\\\/#\\\/schema\\\/logo\\\/image\\\/\"},\"sameAs\":[\"https:\\\/\\\/facebook.com\\\/mirmareshop\"]}]}<\/script>\n<!-- \/ Yoast SEO plugin. -->","yoast_head_json":{"title":"Dolmar Br\u00fasky na ostrenie p\u00edlov\u00fdch re\u0165az\u00ed 341 013 018 - MIR-MAR","robots":{"index":"index","follow":"follow","max-snippet":"max-snippet:-1","max-image-preview":"max-image-preview:large","max-video-preview":"max-video-preview:-1"},"canonical":"http:\/\/dafinoo.eu\/mirmar\/obchod\/brusky-na-ostrenie-pilovych-retazi-341-013-018\/","og_locale":"sk_SK","og_type":"article","og_title":"Dolmar Br\u00fasky na ostrenie p\u00edlov\u00fdch re\u0165az\u00ed 341 013 018 - MIR-MAR","og_description":"Zariadenie na ostrenie re\u0165az\u00ed MAXX pon\u00faka praktick\u00e9 a efekt\u00edvne rie\u0161enia na profesion\u00e1lne ostrenie p\u00edlov\u00fdch re\u0165az\u00ed. Najm\u00e4 automatick\u00e9 zovretie p\u00edlovej re\u0165aze vo vodiacej ko\u013eajnici pri odtl\u00e1\u010dan\u00ed br\u00fasnej hlavy racionalizuje ostrenie re\u0165aze.","og_url":"http:\/\/dafinoo.eu\/mirmar\/obchod\/brusky-na-ostrenie-pilovych-retazi-341-013-018\/","og_site_name":"MIR-MAR","article_publisher":"https:\/\/facebook.com\/mirmareshop","article_modified_time":"2021-04-21T13:43:12+00:00","og_image":[{"width":300,"height":225,"url":"https:\/\/i1.wp.com\/www.mirmar.sk\/wp-content\/uploads\/2021\/03\/1_3_10_1.jpg?fit=300%2C225&ssl=1","type":"image\/jpeg"}],"schema":{"@context":"https:\/\/schema.org","@graph":[{"@type":"WebPage","@id":"http:\/\/dafinoo.eu\/mirmar\/obchod\/brusky-na-ostrenie-pilovych-retazi-341-013-018\/","url":"http:\/\/dafinoo.eu\/mirmar\/obchod\/brusky-na-ostrenie-pilovych-retazi-341-013-018\/","name":"Dolmar Br\u00fasky na ostrenie p\u00edlov\u00fdch re\u0165az\u00ed 341 013 018 - MIR-MAR","isPartOf":{"@id":"http:\/\/dafinoo.eu\/mirmar\/#website"},"primaryImageOfPage":{"@id":"http:\/\/dafinoo.eu\/mirmar\/obchod\/brusky-na-ostrenie-pilovych-retazi-341-013-018\/#primaryimage"},"image":{"@id":"http:\/\/dafinoo.eu\/mirmar\/obchod\/brusky-na-ostrenie-pilovych-retazi-341-013-018\/#primaryimage"},"thumbnailUrl":"http:\/\/dafinoo.eu\/mirmar\/wp-content\/uploads\/2021\/03\/1_3_10_1.jpg","datePublished":"2021-03-15T16:26:42+00:00","dateModified":"2021-04-21T13:43:12+00:00","breadcrumb":{"@id":"http:\/\/dafinoo.eu\/mirmar\/obchod\/brusky-na-ostrenie-pilovych-retazi-341-013-018\/#breadcrumb"},"inLanguage":"sk-SK","potentialAction":[{"@type":"ReadAction","target":["http:\/\/dafinoo.eu\/mirmar\/obchod\/brusky-na-ostrenie-pilovych-retazi-341-013-018\/"]}]},{"@type":"ImageObject","inLanguage":"sk-SK","@id":"http:\/\/dafinoo.eu\/mirmar\/obchod\/brusky-na-ostrenie-pilovych-retazi-341-013-018\/#primaryimage","url":"http:\/\/dafinoo.eu\/mirmar\/wp-content\/uploads\/2021\/03\/1_3_10_1.jpg","contentUrl":"http:\/\/dafinoo.eu\/mirmar\/wp-content\/uploads\/2021\/03\/1_3_10_1.jpg","width":300,"height":225},{"@type":"BreadcrumbList","@id":"http:\/\/dafinoo.eu\/mirmar\/obchod\/brusky-na-ostrenie-pilovych-retazi-341-013-018\/#breadcrumb","itemListElement":[{"@type":"ListItem","position":1,"name":"Domovsk\u00e1 str\u00e1nka","item":"http:\/\/dafinoo.eu\/mirmar\/"},{"@type":"ListItem","position":2,"name":"Obchod","item":"http:\/\/dafinoo.eu\/mirmar\/obchod\/"},{"@type":"ListItem","position":3,"name":"Dolmar Br\u00fasky na ostrenie p\u00edlov\u00fdch re\u0165az\u00ed 341 013 018"}]},{"@type":"WebSite","@id":"http:\/\/dafinoo.eu\/mirmar\/#website","url":"http:\/\/dafinoo.eu\/mirmar\/","name":"MIR-MAR","description":"Eshop s n\u00e1rad\u00edm","publisher":{"@id":"http:\/\/dafinoo.eu\/mirmar\/#organization"},"potentialAction":[{"@type":"SearchAction","target":{"@type":"EntryPoint","urlTemplate":"http:\/\/dafinoo.eu\/mirmar\/?s={search_term_string}"},"query-input":{"@type":"PropertyValueSpecification","valueRequired":true,"valueName":"search_term_string"}}],"inLanguage":"sk-SK"},{"@type":"Organization","@id":"http:\/\/dafinoo.eu\/mirmar\/#organization","name":"MIR-MAR","url":"http:\/\/dafinoo.eu\/mirmar\/","logo":{"@type":"ImageObject","inLanguage":"sk-SK","@id":"http:\/\/dafinoo.eu\/mirmar\/#\/schema\/logo\/image\/","url":"http:\/\/dafinoo.eu\/mirmar\/wp-content\/uploads\/2021\/03\/mirmar_logo.png","contentUrl":"http:\/\/dafinoo.eu\/mirmar\/wp-content\/uploads\/2021\/03\/mirmar_logo.png","width":256,"height":60,"caption":"MIR-MAR"},"image":{"@id":"http:\/\/dafinoo.eu\/mirmar\/#\/schema\/logo\/image\/"},"sameAs":["https:\/\/facebook.com\/mirmareshop"]}]}},"_links":{"self":[{"href":"http:\/\/dafinoo.eu\/mirmar\/wp-json\/wp\/v2\/product\/37306","targetHints":{"allow":["GET"]}}],"collection":[{"href":"http:\/\/dafinoo.eu\/mirmar\/wp-json\/wp\/v2\/product"}],"about":[{"href":"http:\/\/dafinoo.eu\/mirmar\/wp-json\/wp\/v2\/types\/product"}],"replies":[{"embeddable":true,"href":"http:\/\/dafinoo.eu\/mirmar\/wp-json\/wp\/v2\/comments?post=37306"}],"wp:featuredmedia":[{"embeddable":true,"href":"http:\/\/dafinoo.eu\/mirmar\/wp-json\/wp\/v2\/media\/37307"}],"wp:attachment":[{"href":"http:\/\/dafinoo.eu\/mirmar\/wp-json\/wp\/v2\/media?parent=37306"}],"wp:term":[{"taxonomy":"product_cat","embeddable":true,"href":"http:\/\/dafinoo.eu\/mirmar\/wp-json\/wp\/v2\/product_cat?post=37306"},{"taxonomy":"product_tag","embeddable":true,"href":"http:\/\/dafinoo.eu\/mirmar\/wp-json\/wp\/v2\/product_tag?post=37306"}],"curies":[{"name":"wp","href":"https:\/\/api.w.org\/{rel}","templated":true}]}}