{"id":38861,"date":"2021-03-15T17:32:21","date_gmt":"2021-03-15T16:32:21","guid":{"rendered":"http:\/\/dafinoo.eu\/mirmar\/product\/stupnovity-vrtak-hss-co-tin-so-spiralovou-drazkou-12-6-37mm-p-700-13\/"},"modified":"2021-04-21T14:45:07","modified_gmt":"2021-04-21T12:45:07","slug":"stupnovity-vrtak-hss-co-tin-so-spiralovou-drazkou-12-6-37mm-p-700-13","status":"publish","type":"product","link":"http:\/\/dafinoo.eu\/mirmar\/obchod\/stupnovity-vrtak-hss-co-tin-so-spiralovou-drazkou-12-6-37mm-p-700-13\/","title":{"rendered":"Makita Stup\u0148ovit\u00fd vrt\u00e1k HSS-Co + TiN so \u0161pir\u00e1lovou dr\u00e1\u017ekou 12\/6-37mm P-700 13"},"content":{"rendered":"<p>Na v\u0155tanie do legovan\u00fdch zliatin ocele, zahrdzavej\u00facej ocele, at\u010f.<\/p>\n","protected":false},"excerpt":{"rendered":"<p>Priemer 6-37 mm<br \/>\nPo\u010det stup\u0148ov 12<br \/>\nMateri\u00e1l HSS-CO+TiAIN<\/p>\n","protected":false},"featured_media":38862,"comment_status":"closed","ping_status":"open","template":"","meta":{"_lmt_disableupdate":"","_lmt_disable":""},"product_cat":[3051,3369],"product_tag":[],"class_list":{"0":"post-38861","1":"product","2":"type-product","3":"status-publish","4":"has-post-thumbnail","6":"product_cat-makita","7":"product_cat-makita-prislusenstvo","8":"ts_product_brand-makita","10":"first","11":"instock","12":"taxable","13":"shipping-taxable","14":"purchasable","15":"product-type-simple"},"yoast_head":"<!-- This site is optimized with the Yoast SEO plugin v27.3 - https:\/\/yoast.com\/product\/yoast-seo-wordpress\/ -->\n<title>Makita Stup\u0148ovit\u00fd vrt\u00e1k HSS-Co + TiN so \u0161pir\u00e1lovou dr\u00e1\u017ekou 12\/6-37mm P-700 13 - MIR-MAR<\/title>\n<meta name=\"robots\" content=\"index, follow, max-snippet:-1, max-image-preview:large, max-video-preview:-1\" \/>\n<link rel=\"canonical\" href=\"http:\/\/dafinoo.eu\/mirmar\/obchod\/stupnovity-vrtak-hss-co-tin-so-spiralovou-drazkou-12-6-37mm-p-700-13\/\" \/>\n<meta property=\"og:locale\" content=\"sk_SK\" \/>\n<meta property=\"og:type\" content=\"article\" \/>\n<meta property=\"og:title\" content=\"Makita Stup\u0148ovit\u00fd vrt\u00e1k HSS-Co + TiN so \u0161pir\u00e1lovou dr\u00e1\u017ekou 12\/6-37mm P-700 13 - MIR-MAR\" \/>\n<meta property=\"og:description\" content=\"Priemer 6-37 mm Po\u010det stup\u0148ov 12 Materi\u00e1l HSS-CO+TiAIN\" \/>\n<meta property=\"og:url\" content=\"http:\/\/dafinoo.eu\/mirmar\/obchod\/stupnovity-vrtak-hss-co-tin-so-spiralovou-drazkou-12-6-37mm-p-700-13\/\" \/>\n<meta property=\"og:site_name\" content=\"MIR-MAR\" \/>\n<meta property=\"article:publisher\" content=\"https:\/\/facebook.com\/mirmareshop\" \/>\n<meta property=\"article:modified_time\" content=\"2021-04-21T12:45:07+00:00\" \/>\n<meta property=\"og:image\" content=\"https:\/\/i0.wp.com\/www.mirmar.sk\/wp-content\/uploads\/2021\/03\/4_5_5_1.jpg?fit=100%2C100&ssl=1\" \/>\n\t<meta property=\"og:image:width\" content=\"100\" \/>\n\t<meta property=\"og:image:height\" content=\"100\" \/>\n\t<meta property=\"og:image:type\" content=\"image\/jpeg\" \/>\n<script type=\"application\/ld+json\" class=\"yoast-schema-graph\">{\"@context\":\"https:\\\/\\\/schema.org\",\"@graph\":[{\"@type\":\"WebPage\",\"@id\":\"http:\\\/\\\/dafinoo.eu\\\/mirmar\\\/obchod\\\/stupnovity-vrtak-hss-co-tin-so-spiralovou-drazkou-12-6-37mm-p-700-13\\\/\",\"url\":\"http:\\\/\\\/dafinoo.eu\\\/mirmar\\\/obchod\\\/stupnovity-vrtak-hss-co-tin-so-spiralovou-drazkou-12-6-37mm-p-700-13\\\/\",\"name\":\"Makita Stup\u0148ovit\u00fd vrt\u00e1k HSS-Co + TiN so \u0161pir\u00e1lovou dr\u00e1\u017ekou 12\\\/6-37mm P-700 13 - MIR-MAR\",\"isPartOf\":{\"@id\":\"http:\\\/\\\/dafinoo.eu\\\/mirmar\\\/#website\"},\"primaryImageOfPage\":{\"@id\":\"http:\\\/\\\/dafinoo.eu\\\/mirmar\\\/obchod\\\/stupnovity-vrtak-hss-co-tin-so-spiralovou-drazkou-12-6-37mm-p-700-13\\\/#primaryimage\"},\"image\":{\"@id\":\"http:\\\/\\\/dafinoo.eu\\\/mirmar\\\/obchod\\\/stupnovity-vrtak-hss-co-tin-so-spiralovou-drazkou-12-6-37mm-p-700-13\\\/#primaryimage\"},\"thumbnailUrl\":\"http:\\\/\\\/dafinoo.eu\\\/mirmar\\\/wp-content\\\/uploads\\\/2021\\\/03\\\/4_5_5_1.jpg\",\"datePublished\":\"2021-03-15T16:32:21+00:00\",\"dateModified\":\"2021-04-21T12:45:07+00:00\",\"breadcrumb\":{\"@id\":\"http:\\\/\\\/dafinoo.eu\\\/mirmar\\\/obchod\\\/stupnovity-vrtak-hss-co-tin-so-spiralovou-drazkou-12-6-37mm-p-700-13\\\/#breadcrumb\"},\"inLanguage\":\"sk-SK\",\"potentialAction\":[{\"@type\":\"ReadAction\",\"target\":[\"http:\\\/\\\/dafinoo.eu\\\/mirmar\\\/obchod\\\/stupnovity-vrtak-hss-co-tin-so-spiralovou-drazkou-12-6-37mm-p-700-13\\\/\"]}]},{\"@type\":\"ImageObject\",\"inLanguage\":\"sk-SK\",\"@id\":\"http:\\\/\\\/dafinoo.eu\\\/mirmar\\\/obchod\\\/stupnovity-vrtak-hss-co-tin-so-spiralovou-drazkou-12-6-37mm-p-700-13\\\/#primaryimage\",\"url\":\"http:\\\/\\\/dafinoo.eu\\\/mirmar\\\/wp-content\\\/uploads\\\/2021\\\/03\\\/4_5_5_1.jpg\",\"contentUrl\":\"http:\\\/\\\/dafinoo.eu\\\/mirmar\\\/wp-content\\\/uploads\\\/2021\\\/03\\\/4_5_5_1.jpg\",\"width\":100,\"height\":100},{\"@type\":\"BreadcrumbList\",\"@id\":\"http:\\\/\\\/dafinoo.eu\\\/mirmar\\\/obchod\\\/stupnovity-vrtak-hss-co-tin-so-spiralovou-drazkou-12-6-37mm-p-700-13\\\/#breadcrumb\",\"itemListElement\":[{\"@type\":\"ListItem\",\"position\":1,\"name\":\"Domovsk\u00e1 str\u00e1nka\",\"item\":\"http:\\\/\\\/dafinoo.eu\\\/mirmar\\\/\"},{\"@type\":\"ListItem\",\"position\":2,\"name\":\"Obchod\",\"item\":\"http:\\\/\\\/dafinoo.eu\\\/mirmar\\\/obchod\\\/\"},{\"@type\":\"ListItem\",\"position\":3,\"name\":\"Makita Stup\u0148ovit\u00fd vrt\u00e1k HSS-Co + TiN so \u0161pir\u00e1lovou dr\u00e1\u017ekou 12\\\/6-37mm P-700 13\"}]},{\"@type\":\"WebSite\",\"@id\":\"http:\\\/\\\/dafinoo.eu\\\/mirmar\\\/#website\",\"url\":\"http:\\\/\\\/dafinoo.eu\\\/mirmar\\\/\",\"name\":\"MIR-MAR\",\"description\":\"Eshop s n\u00e1rad\u00edm\",\"publisher\":{\"@id\":\"http:\\\/\\\/dafinoo.eu\\\/mirmar\\\/#organization\"},\"potentialAction\":[{\"@type\":\"SearchAction\",\"target\":{\"@type\":\"EntryPoint\",\"urlTemplate\":\"http:\\\/\\\/dafinoo.eu\\\/mirmar\\\/?s={search_term_string}\"},\"query-input\":{\"@type\":\"PropertyValueSpecification\",\"valueRequired\":true,\"valueName\":\"search_term_string\"}}],\"inLanguage\":\"sk-SK\"},{\"@type\":\"Organization\",\"@id\":\"http:\\\/\\\/dafinoo.eu\\\/mirmar\\\/#organization\",\"name\":\"MIR-MAR\",\"url\":\"http:\\\/\\\/dafinoo.eu\\\/mirmar\\\/\",\"logo\":{\"@type\":\"ImageObject\",\"inLanguage\":\"sk-SK\",\"@id\":\"http:\\\/\\\/dafinoo.eu\\\/mirmar\\\/#\\\/schema\\\/logo\\\/image\\\/\",\"url\":\"http:\\\/\\\/dafinoo.eu\\\/mirmar\\\/wp-content\\\/uploads\\\/2021\\\/03\\\/mirmar_logo.png\",\"contentUrl\":\"http:\\\/\\\/dafinoo.eu\\\/mirmar\\\/wp-content\\\/uploads\\\/2021\\\/03\\\/mirmar_logo.png\",\"width\":256,\"height\":60,\"caption\":\"MIR-MAR\"},\"image\":{\"@id\":\"http:\\\/\\\/dafinoo.eu\\\/mirmar\\\/#\\\/schema\\\/logo\\\/image\\\/\"},\"sameAs\":[\"https:\\\/\\\/facebook.com\\\/mirmareshop\"]}]}<\/script>\n<!-- \/ Yoast SEO plugin. -->","yoast_head_json":{"title":"Makita Stup\u0148ovit\u00fd vrt\u00e1k HSS-Co + TiN so \u0161pir\u00e1lovou dr\u00e1\u017ekou 12\/6-37mm P-700 13 - MIR-MAR","robots":{"index":"index","follow":"follow","max-snippet":"max-snippet:-1","max-image-preview":"max-image-preview:large","max-video-preview":"max-video-preview:-1"},"canonical":"http:\/\/dafinoo.eu\/mirmar\/obchod\/stupnovity-vrtak-hss-co-tin-so-spiralovou-drazkou-12-6-37mm-p-700-13\/","og_locale":"sk_SK","og_type":"article","og_title":"Makita Stup\u0148ovit\u00fd vrt\u00e1k HSS-Co + TiN so \u0161pir\u00e1lovou dr\u00e1\u017ekou 12\/6-37mm P-700 13 - MIR-MAR","og_description":"Priemer 6-37 mm Po\u010det stup\u0148ov 12 Materi\u00e1l HSS-CO+TiAIN","og_url":"http:\/\/dafinoo.eu\/mirmar\/obchod\/stupnovity-vrtak-hss-co-tin-so-spiralovou-drazkou-12-6-37mm-p-700-13\/","og_site_name":"MIR-MAR","article_publisher":"https:\/\/facebook.com\/mirmareshop","article_modified_time":"2021-04-21T12:45:07+00:00","og_image":[{"width":100,"height":100,"url":"https:\/\/i0.wp.com\/www.mirmar.sk\/wp-content\/uploads\/2021\/03\/4_5_5_1.jpg?fit=100%2C100&ssl=1","type":"image\/jpeg"}],"schema":{"@context":"https:\/\/schema.org","@graph":[{"@type":"WebPage","@id":"http:\/\/dafinoo.eu\/mirmar\/obchod\/stupnovity-vrtak-hss-co-tin-so-spiralovou-drazkou-12-6-37mm-p-700-13\/","url":"http:\/\/dafinoo.eu\/mirmar\/obchod\/stupnovity-vrtak-hss-co-tin-so-spiralovou-drazkou-12-6-37mm-p-700-13\/","name":"Makita Stup\u0148ovit\u00fd vrt\u00e1k HSS-Co + TiN so \u0161pir\u00e1lovou dr\u00e1\u017ekou 12\/6-37mm P-700 13 - MIR-MAR","isPartOf":{"@id":"http:\/\/dafinoo.eu\/mirmar\/#website"},"primaryImageOfPage":{"@id":"http:\/\/dafinoo.eu\/mirmar\/obchod\/stupnovity-vrtak-hss-co-tin-so-spiralovou-drazkou-12-6-37mm-p-700-13\/#primaryimage"},"image":{"@id":"http:\/\/dafinoo.eu\/mirmar\/obchod\/stupnovity-vrtak-hss-co-tin-so-spiralovou-drazkou-12-6-37mm-p-700-13\/#primaryimage"},"thumbnailUrl":"http:\/\/dafinoo.eu\/mirmar\/wp-content\/uploads\/2021\/03\/4_5_5_1.jpg","datePublished":"2021-03-15T16:32:21+00:00","dateModified":"2021-04-21T12:45:07+00:00","breadcrumb":{"@id":"http:\/\/dafinoo.eu\/mirmar\/obchod\/stupnovity-vrtak-hss-co-tin-so-spiralovou-drazkou-12-6-37mm-p-700-13\/#breadcrumb"},"inLanguage":"sk-SK","potentialAction":[{"@type":"ReadAction","target":["http:\/\/dafinoo.eu\/mirmar\/obchod\/stupnovity-vrtak-hss-co-tin-so-spiralovou-drazkou-12-6-37mm-p-700-13\/"]}]},{"@type":"ImageObject","inLanguage":"sk-SK","@id":"http:\/\/dafinoo.eu\/mirmar\/obchod\/stupnovity-vrtak-hss-co-tin-so-spiralovou-drazkou-12-6-37mm-p-700-13\/#primaryimage","url":"http:\/\/dafinoo.eu\/mirmar\/wp-content\/uploads\/2021\/03\/4_5_5_1.jpg","contentUrl":"http:\/\/dafinoo.eu\/mirmar\/wp-content\/uploads\/2021\/03\/4_5_5_1.jpg","width":100,"height":100},{"@type":"BreadcrumbList","@id":"http:\/\/dafinoo.eu\/mirmar\/obchod\/stupnovity-vrtak-hss-co-tin-so-spiralovou-drazkou-12-6-37mm-p-700-13\/#breadcrumb","itemListElement":[{"@type":"ListItem","position":1,"name":"Domovsk\u00e1 str\u00e1nka","item":"http:\/\/dafinoo.eu\/mirmar\/"},{"@type":"ListItem","position":2,"name":"Obchod","item":"http:\/\/dafinoo.eu\/mirmar\/obchod\/"},{"@type":"ListItem","position":3,"name":"Makita Stup\u0148ovit\u00fd vrt\u00e1k HSS-Co + TiN so \u0161pir\u00e1lovou dr\u00e1\u017ekou 12\/6-37mm P-700 13"}]},{"@type":"WebSite","@id":"http:\/\/dafinoo.eu\/mirmar\/#website","url":"http:\/\/dafinoo.eu\/mirmar\/","name":"MIR-MAR","description":"Eshop s n\u00e1rad\u00edm","publisher":{"@id":"http:\/\/dafinoo.eu\/mirmar\/#organization"},"potentialAction":[{"@type":"SearchAction","target":{"@type":"EntryPoint","urlTemplate":"http:\/\/dafinoo.eu\/mirmar\/?s={search_term_string}"},"query-input":{"@type":"PropertyValueSpecification","valueRequired":true,"valueName":"search_term_string"}}],"inLanguage":"sk-SK"},{"@type":"Organization","@id":"http:\/\/dafinoo.eu\/mirmar\/#organization","name":"MIR-MAR","url":"http:\/\/dafinoo.eu\/mirmar\/","logo":{"@type":"ImageObject","inLanguage":"sk-SK","@id":"http:\/\/dafinoo.eu\/mirmar\/#\/schema\/logo\/image\/","url":"http:\/\/dafinoo.eu\/mirmar\/wp-content\/uploads\/2021\/03\/mirmar_logo.png","contentUrl":"http:\/\/dafinoo.eu\/mirmar\/wp-content\/uploads\/2021\/03\/mirmar_logo.png","width":256,"height":60,"caption":"MIR-MAR"},"image":{"@id":"http:\/\/dafinoo.eu\/mirmar\/#\/schema\/logo\/image\/"},"sameAs":["https:\/\/facebook.com\/mirmareshop"]}]}},"_links":{"self":[{"href":"http:\/\/dafinoo.eu\/mirmar\/wp-json\/wp\/v2\/product\/38861","targetHints":{"allow":["GET"]}}],"collection":[{"href":"http:\/\/dafinoo.eu\/mirmar\/wp-json\/wp\/v2\/product"}],"about":[{"href":"http:\/\/dafinoo.eu\/mirmar\/wp-json\/wp\/v2\/types\/product"}],"replies":[{"embeddable":true,"href":"http:\/\/dafinoo.eu\/mirmar\/wp-json\/wp\/v2\/comments?post=38861"}],"wp:featuredmedia":[{"embeddable":true,"href":"http:\/\/dafinoo.eu\/mirmar\/wp-json\/wp\/v2\/media\/38862"}],"wp:attachment":[{"href":"http:\/\/dafinoo.eu\/mirmar\/wp-json\/wp\/v2\/media?parent=38861"}],"wp:term":[{"taxonomy":"product_cat","embeddable":true,"href":"http:\/\/dafinoo.eu\/mirmar\/wp-json\/wp\/v2\/product_cat?post=38861"},{"taxonomy":"product_tag","embeddable":true,"href":"http:\/\/dafinoo.eu\/mirmar\/wp-json\/wp\/v2\/product_tag?post=38861"}],"curies":[{"name":"wp","href":"https:\/\/api.w.org\/{rel}","templated":true}]}}