{"id":39448,"date":"2021-03-15T17:34:37","date_gmt":"2021-03-15T16:34:37","guid":{"rendered":"http:\/\/dafinoo.eu\/mirmar\/product\/kapovacia-a-pokosova-pila-stolova-okruzna-pila-lh1200fl\/"},"modified":"2021-04-21T15:19:01","modified_gmt":"2021-04-21T13:19:01","slug":"kapovacia-a-pokosova-pila-stolova-okruzna-pila-lh1200fl","status":"publish","type":"product","link":"http:\/\/dafinoo.eu\/mirmar\/obchod\/kapovacia-a-pokosova-pila-stolova-okruzna-pila-lh1200fl\/","title":{"rendered":"Makita kapovacia a pokosov\u00e1 p\u00edla, stolov\u00e1 okru\u017en\u00e1 p\u00edla LH1200FL"},"content":{"rendered":"<p>\u25a0kapovacia a pokosov\u00e1 p\u00edla, stolov\u00e1 okru\u017en\u00e1 p\u00edla<br \/>\n\u25a0jedine\u010dn\u00fd stroj 2 v 1<\/p>\n","protected":false},"excerpt":{"rendered":"<p>Pr\u00edkon 1650 W<br \/>\nVo\u013enobe\u017en\u00e9 ot\u00e1\u010dky 3800 min-1<br \/>\nMax. rezn\u00fd v\u00fdkon s p\u00edlov\u00fdm kot\u00fa\u010dom 260 mm pri 90\u00b0 62 x 200 mm<br \/>\nMax. rezn\u00fd v\u00fdkon s p\u00edlov\u00fdm kot\u00fa\u010dom 260 mm pri 45\u00b0 62 x 135 mm<br \/>\nRezn\u00fd v\u00fdkon na reznej doske v poz\u00edcii stolov\u00e9ho p\u00edlenia: do 52 mm<br \/>\nPriemer p\u00edlov\u00e9ho kot\u00fa\u010da 305 mm<br \/>\nVrt kot\u00fa\u010da 30 mm<br \/>\nHmotnos\u0165 20,7 kg<\/p>\n","protected":false},"featured_media":39449,"comment_status":"closed","ping_status":"open","template":"","meta":{"_lmt_disableupdate":"","_lmt_disable":""},"product_cat":[],"product_tag":[],"class_list":{"0":"post-39448","1":"product","2":"type-product","3":"status-publish","4":"has-post-thumbnail","6":"ts_product_brand-makita","8":"first","9":"instock","10":"sale","11":"taxable","12":"shipping-taxable","13":"purchasable","14":"product-type-simple"},"yoast_head":"<!-- This site is optimized with the Yoast SEO plugin v27.3 - https:\/\/yoast.com\/product\/yoast-seo-wordpress\/ -->\n<title>Makita kapovacia a pokosov\u00e1 p\u00edla, stolov\u00e1 okru\u017en\u00e1 p\u00edla LH1200FL - MIR-MAR<\/title>\n<meta name=\"robots\" content=\"index, follow, max-snippet:-1, max-image-preview:large, max-video-preview:-1\" \/>\n<link rel=\"canonical\" href=\"http:\/\/dafinoo.eu\/mirmar\/obchod\/kapovacia-a-pokosova-pila-stolova-okruzna-pila-lh1200fl\/\" \/>\n<meta property=\"og:locale\" content=\"sk_SK\" \/>\n<meta property=\"og:type\" content=\"article\" \/>\n<meta property=\"og:title\" content=\"Makita kapovacia a pokosov\u00e1 p\u00edla, stolov\u00e1 okru\u017en\u00e1 p\u00edla LH1200FL - MIR-MAR\" \/>\n<meta property=\"og:description\" content=\"Pr\u00edkon 1650 W Vo\u013enobe\u017en\u00e9 ot\u00e1\u010dky 3800 min-1 Max. rezn\u00fd v\u00fdkon s p\u00edlov\u00fdm kot\u00fa\u010dom 260 mm pri 90\u00b0 62 x 200 mm Max. rezn\u00fd v\u00fdkon s p\u00edlov\u00fdm kot\u00fa\u010dom 260 mm pri 45\u00b0 62 x 135 mm Rezn\u00fd v\u00fdkon na reznej doske v poz\u00edcii stolov\u00e9ho p\u00edlenia: do 52 mm Priemer p\u00edlov\u00e9ho kot\u00fa\u010da 305 mm Vrt kot\u00fa\u010da 30 mm Hmotnos\u0165 20,7 kg\" \/>\n<meta property=\"og:url\" content=\"http:\/\/dafinoo.eu\/mirmar\/obchod\/kapovacia-a-pokosova-pila-stolova-okruzna-pila-lh1200fl\/\" \/>\n<meta property=\"og:site_name\" content=\"MIR-MAR\" \/>\n<meta property=\"article:publisher\" content=\"https:\/\/facebook.com\/mirmareshop\" \/>\n<meta property=\"article:modified_time\" content=\"2021-04-21T13:19:01+00:00\" \/>\n<meta property=\"og:image\" content=\"https:\/\/i0.wp.com\/www.mirmar.sk\/wp-content\/uploads\/2021\/03\/lh1200fl_1.jpg?fit=267%2C200&ssl=1\" \/>\n\t<meta property=\"og:image:width\" content=\"267\" \/>\n\t<meta property=\"og:image:height\" content=\"200\" \/>\n\t<meta property=\"og:image:type\" content=\"image\/jpeg\" \/>\n<script type=\"application\/ld+json\" class=\"yoast-schema-graph\">{\"@context\":\"https:\\\/\\\/schema.org\",\"@graph\":[{\"@type\":\"WebPage\",\"@id\":\"http:\\\/\\\/dafinoo.eu\\\/mirmar\\\/obchod\\\/kapovacia-a-pokosova-pila-stolova-okruzna-pila-lh1200fl\\\/\",\"url\":\"http:\\\/\\\/dafinoo.eu\\\/mirmar\\\/obchod\\\/kapovacia-a-pokosova-pila-stolova-okruzna-pila-lh1200fl\\\/\",\"name\":\"Makita kapovacia a pokosov\u00e1 p\u00edla, stolov\u00e1 okru\u017en\u00e1 p\u00edla LH1200FL - MIR-MAR\",\"isPartOf\":{\"@id\":\"http:\\\/\\\/dafinoo.eu\\\/mirmar\\\/#website\"},\"primaryImageOfPage\":{\"@id\":\"http:\\\/\\\/dafinoo.eu\\\/mirmar\\\/obchod\\\/kapovacia-a-pokosova-pila-stolova-okruzna-pila-lh1200fl\\\/#primaryimage\"},\"image\":{\"@id\":\"http:\\\/\\\/dafinoo.eu\\\/mirmar\\\/obchod\\\/kapovacia-a-pokosova-pila-stolova-okruzna-pila-lh1200fl\\\/#primaryimage\"},\"thumbnailUrl\":\"http:\\\/\\\/dafinoo.eu\\\/mirmar\\\/wp-content\\\/uploads\\\/2021\\\/03\\\/lh1200fl_1.jpg\",\"datePublished\":\"2021-03-15T16:34:37+00:00\",\"dateModified\":\"2021-04-21T13:19:01+00:00\",\"breadcrumb\":{\"@id\":\"http:\\\/\\\/dafinoo.eu\\\/mirmar\\\/obchod\\\/kapovacia-a-pokosova-pila-stolova-okruzna-pila-lh1200fl\\\/#breadcrumb\"},\"inLanguage\":\"sk-SK\",\"potentialAction\":[{\"@type\":\"ReadAction\",\"target\":[\"http:\\\/\\\/dafinoo.eu\\\/mirmar\\\/obchod\\\/kapovacia-a-pokosova-pila-stolova-okruzna-pila-lh1200fl\\\/\"]}]},{\"@type\":\"ImageObject\",\"inLanguage\":\"sk-SK\",\"@id\":\"http:\\\/\\\/dafinoo.eu\\\/mirmar\\\/obchod\\\/kapovacia-a-pokosova-pila-stolova-okruzna-pila-lh1200fl\\\/#primaryimage\",\"url\":\"http:\\\/\\\/dafinoo.eu\\\/mirmar\\\/wp-content\\\/uploads\\\/2021\\\/03\\\/lh1200fl_1.jpg\",\"contentUrl\":\"http:\\\/\\\/dafinoo.eu\\\/mirmar\\\/wp-content\\\/uploads\\\/2021\\\/03\\\/lh1200fl_1.jpg\",\"width\":267,\"height\":200},{\"@type\":\"BreadcrumbList\",\"@id\":\"http:\\\/\\\/dafinoo.eu\\\/mirmar\\\/obchod\\\/kapovacia-a-pokosova-pila-stolova-okruzna-pila-lh1200fl\\\/#breadcrumb\",\"itemListElement\":[{\"@type\":\"ListItem\",\"position\":1,\"name\":\"Domovsk\u00e1 str\u00e1nka\",\"item\":\"http:\\\/\\\/dafinoo.eu\\\/mirmar\\\/\"},{\"@type\":\"ListItem\",\"position\":2,\"name\":\"Obchod\",\"item\":\"http:\\\/\\\/dafinoo.eu\\\/mirmar\\\/obchod\\\/\"},{\"@type\":\"ListItem\",\"position\":3,\"name\":\"Makita kapovacia a pokosov\u00e1 p\u00edla, stolov\u00e1 okru\u017en\u00e1 p\u00edla LH1200FL\"}]},{\"@type\":\"WebSite\",\"@id\":\"http:\\\/\\\/dafinoo.eu\\\/mirmar\\\/#website\",\"url\":\"http:\\\/\\\/dafinoo.eu\\\/mirmar\\\/\",\"name\":\"MIR-MAR\",\"description\":\"Eshop s n\u00e1rad\u00edm\",\"publisher\":{\"@id\":\"http:\\\/\\\/dafinoo.eu\\\/mirmar\\\/#organization\"},\"potentialAction\":[{\"@type\":\"SearchAction\",\"target\":{\"@type\":\"EntryPoint\",\"urlTemplate\":\"http:\\\/\\\/dafinoo.eu\\\/mirmar\\\/?s={search_term_string}\"},\"query-input\":{\"@type\":\"PropertyValueSpecification\",\"valueRequired\":true,\"valueName\":\"search_term_string\"}}],\"inLanguage\":\"sk-SK\"},{\"@type\":\"Organization\",\"@id\":\"http:\\\/\\\/dafinoo.eu\\\/mirmar\\\/#organization\",\"name\":\"MIR-MAR\",\"url\":\"http:\\\/\\\/dafinoo.eu\\\/mirmar\\\/\",\"logo\":{\"@type\":\"ImageObject\",\"inLanguage\":\"sk-SK\",\"@id\":\"http:\\\/\\\/dafinoo.eu\\\/mirmar\\\/#\\\/schema\\\/logo\\\/image\\\/\",\"url\":\"http:\\\/\\\/dafinoo.eu\\\/mirmar\\\/wp-content\\\/uploads\\\/2021\\\/03\\\/mirmar_logo.png\",\"contentUrl\":\"http:\\\/\\\/dafinoo.eu\\\/mirmar\\\/wp-content\\\/uploads\\\/2021\\\/03\\\/mirmar_logo.png\",\"width\":256,\"height\":60,\"caption\":\"MIR-MAR\"},\"image\":{\"@id\":\"http:\\\/\\\/dafinoo.eu\\\/mirmar\\\/#\\\/schema\\\/logo\\\/image\\\/\"},\"sameAs\":[\"https:\\\/\\\/facebook.com\\\/mirmareshop\"]}]}<\/script>\n<!-- \/ Yoast SEO plugin. -->","yoast_head_json":{"title":"Makita kapovacia a pokosov\u00e1 p\u00edla, stolov\u00e1 okru\u017en\u00e1 p\u00edla LH1200FL - MIR-MAR","robots":{"index":"index","follow":"follow","max-snippet":"max-snippet:-1","max-image-preview":"max-image-preview:large","max-video-preview":"max-video-preview:-1"},"canonical":"http:\/\/dafinoo.eu\/mirmar\/obchod\/kapovacia-a-pokosova-pila-stolova-okruzna-pila-lh1200fl\/","og_locale":"sk_SK","og_type":"article","og_title":"Makita kapovacia a pokosov\u00e1 p\u00edla, stolov\u00e1 okru\u017en\u00e1 p\u00edla LH1200FL - MIR-MAR","og_description":"Pr\u00edkon 1650 W Vo\u013enobe\u017en\u00e9 ot\u00e1\u010dky 3800 min-1 Max. rezn\u00fd v\u00fdkon s p\u00edlov\u00fdm kot\u00fa\u010dom 260 mm pri 90\u00b0 62 x 200 mm Max. rezn\u00fd v\u00fdkon s p\u00edlov\u00fdm kot\u00fa\u010dom 260 mm pri 45\u00b0 62 x 135 mm Rezn\u00fd v\u00fdkon na reznej doske v poz\u00edcii stolov\u00e9ho p\u00edlenia: do 52 mm Priemer p\u00edlov\u00e9ho kot\u00fa\u010da 305 mm Vrt kot\u00fa\u010da 30 mm Hmotnos\u0165 20,7 kg","og_url":"http:\/\/dafinoo.eu\/mirmar\/obchod\/kapovacia-a-pokosova-pila-stolova-okruzna-pila-lh1200fl\/","og_site_name":"MIR-MAR","article_publisher":"https:\/\/facebook.com\/mirmareshop","article_modified_time":"2021-04-21T13:19:01+00:00","og_image":[{"width":267,"height":200,"url":"https:\/\/i0.wp.com\/www.mirmar.sk\/wp-content\/uploads\/2021\/03\/lh1200fl_1.jpg?fit=267%2C200&ssl=1","type":"image\/jpeg"}],"schema":{"@context":"https:\/\/schema.org","@graph":[{"@type":"WebPage","@id":"http:\/\/dafinoo.eu\/mirmar\/obchod\/kapovacia-a-pokosova-pila-stolova-okruzna-pila-lh1200fl\/","url":"http:\/\/dafinoo.eu\/mirmar\/obchod\/kapovacia-a-pokosova-pila-stolova-okruzna-pila-lh1200fl\/","name":"Makita kapovacia a pokosov\u00e1 p\u00edla, stolov\u00e1 okru\u017en\u00e1 p\u00edla LH1200FL - MIR-MAR","isPartOf":{"@id":"http:\/\/dafinoo.eu\/mirmar\/#website"},"primaryImageOfPage":{"@id":"http:\/\/dafinoo.eu\/mirmar\/obchod\/kapovacia-a-pokosova-pila-stolova-okruzna-pila-lh1200fl\/#primaryimage"},"image":{"@id":"http:\/\/dafinoo.eu\/mirmar\/obchod\/kapovacia-a-pokosova-pila-stolova-okruzna-pila-lh1200fl\/#primaryimage"},"thumbnailUrl":"http:\/\/dafinoo.eu\/mirmar\/wp-content\/uploads\/2021\/03\/lh1200fl_1.jpg","datePublished":"2021-03-15T16:34:37+00:00","dateModified":"2021-04-21T13:19:01+00:00","breadcrumb":{"@id":"http:\/\/dafinoo.eu\/mirmar\/obchod\/kapovacia-a-pokosova-pila-stolova-okruzna-pila-lh1200fl\/#breadcrumb"},"inLanguage":"sk-SK","potentialAction":[{"@type":"ReadAction","target":["http:\/\/dafinoo.eu\/mirmar\/obchod\/kapovacia-a-pokosova-pila-stolova-okruzna-pila-lh1200fl\/"]}]},{"@type":"ImageObject","inLanguage":"sk-SK","@id":"http:\/\/dafinoo.eu\/mirmar\/obchod\/kapovacia-a-pokosova-pila-stolova-okruzna-pila-lh1200fl\/#primaryimage","url":"http:\/\/dafinoo.eu\/mirmar\/wp-content\/uploads\/2021\/03\/lh1200fl_1.jpg","contentUrl":"http:\/\/dafinoo.eu\/mirmar\/wp-content\/uploads\/2021\/03\/lh1200fl_1.jpg","width":267,"height":200},{"@type":"BreadcrumbList","@id":"http:\/\/dafinoo.eu\/mirmar\/obchod\/kapovacia-a-pokosova-pila-stolova-okruzna-pila-lh1200fl\/#breadcrumb","itemListElement":[{"@type":"ListItem","position":1,"name":"Domovsk\u00e1 str\u00e1nka","item":"http:\/\/dafinoo.eu\/mirmar\/"},{"@type":"ListItem","position":2,"name":"Obchod","item":"http:\/\/dafinoo.eu\/mirmar\/obchod\/"},{"@type":"ListItem","position":3,"name":"Makita kapovacia a pokosov\u00e1 p\u00edla, stolov\u00e1 okru\u017en\u00e1 p\u00edla LH1200FL"}]},{"@type":"WebSite","@id":"http:\/\/dafinoo.eu\/mirmar\/#website","url":"http:\/\/dafinoo.eu\/mirmar\/","name":"MIR-MAR","description":"Eshop s n\u00e1rad\u00edm","publisher":{"@id":"http:\/\/dafinoo.eu\/mirmar\/#organization"},"potentialAction":[{"@type":"SearchAction","target":{"@type":"EntryPoint","urlTemplate":"http:\/\/dafinoo.eu\/mirmar\/?s={search_term_string}"},"query-input":{"@type":"PropertyValueSpecification","valueRequired":true,"valueName":"search_term_string"}}],"inLanguage":"sk-SK"},{"@type":"Organization","@id":"http:\/\/dafinoo.eu\/mirmar\/#organization","name":"MIR-MAR","url":"http:\/\/dafinoo.eu\/mirmar\/","logo":{"@type":"ImageObject","inLanguage":"sk-SK","@id":"http:\/\/dafinoo.eu\/mirmar\/#\/schema\/logo\/image\/","url":"http:\/\/dafinoo.eu\/mirmar\/wp-content\/uploads\/2021\/03\/mirmar_logo.png","contentUrl":"http:\/\/dafinoo.eu\/mirmar\/wp-content\/uploads\/2021\/03\/mirmar_logo.png","width":256,"height":60,"caption":"MIR-MAR"},"image":{"@id":"http:\/\/dafinoo.eu\/mirmar\/#\/schema\/logo\/image\/"},"sameAs":["https:\/\/facebook.com\/mirmareshop"]}]}},"_links":{"self":[{"href":"http:\/\/dafinoo.eu\/mirmar\/wp-json\/wp\/v2\/product\/39448","targetHints":{"allow":["GET"]}}],"collection":[{"href":"http:\/\/dafinoo.eu\/mirmar\/wp-json\/wp\/v2\/product"}],"about":[{"href":"http:\/\/dafinoo.eu\/mirmar\/wp-json\/wp\/v2\/types\/product"}],"replies":[{"embeddable":true,"href":"http:\/\/dafinoo.eu\/mirmar\/wp-json\/wp\/v2\/comments?post=39448"}],"wp:featuredmedia":[{"embeddable":true,"href":"http:\/\/dafinoo.eu\/mirmar\/wp-json\/wp\/v2\/media\/39449"}],"wp:attachment":[{"href":"http:\/\/dafinoo.eu\/mirmar\/wp-json\/wp\/v2\/media?parent=39448"}],"wp:term":[{"taxonomy":"product_cat","embeddable":true,"href":"http:\/\/dafinoo.eu\/mirmar\/wp-json\/wp\/v2\/product_cat?post=39448"},{"taxonomy":"product_tag","embeddable":true,"href":"http:\/\/dafinoo.eu\/mirmar\/wp-json\/wp\/v2\/product_tag?post=39448"}],"curies":[{"name":"wp","href":"https:\/\/api.w.org\/{rel}","templated":true}]}}