{"id":39538,"date":"2021-03-15T17:34:54","date_gmt":"2021-03-15T16:34:54","guid":{"rendered":"http:\/\/dafinoo.eu\/mirmar\/product\/sada-naradia-dk1886\/"},"modified":"2021-04-21T15:18:47","modified_gmt":"2021-04-21T13:18:47","slug":"sada-naradia-dk1886","status":"publish","type":"product","link":"http:\/\/dafinoo.eu\/mirmar\/obchod\/sada-naradia-dk1886\/","title":{"rendered":"Makita sada n\u00e1radia DK1886"},"content":{"rendered":"<p>Makita DK1886 &#8211; sada akumul\u00e1torov\u00e9ho LITHIUM-ION n\u00e1radia :BHP454Z+BSS610Z+BTD140Z+BJR181Z+BGA452Z+BML185 v textilnej ta\u0161ke.<br \/>\n    BHP454Z&#8230;<\/p>\n","protected":false},"excerpt":{"rendered":"<p>Makita DK1886 &#8211; sada akumul\u00e1torov\u00e9ho LITHIUM-ION n\u00e1radia :BHP454Z+BSS610Z+BTD140Z+BJR181Z+BGA452Z+BML185 v textilnej ta\u0161ke.<\/p>\n<p>BHP454Z<br \/>\nAkumul\u00e1torov\u00fd pr\u00edklepov\u00fd v\u0155tac\u00ed skrutkova\u010d<\/p>\n<p>Dvojstup\u0148ov\u00e1 prevodovka<br \/>\nElektronika<br \/>\nChod doprava\/do\u013eava<br \/>\nBrzda motora<br \/>\nNastavenie kr\u00fatiaceho momentu<br \/>\nLED osvetlenie<\/p>\n<p>L\u00edtium-i\u00f3nov\u00fd akumul\u00e1tor s kapacitou 3,0 Ah s mikroprocesorovou technol\u00f3giou nab\u00edjania<br \/>\nDvojstup\u0148ov\u00e1 plan\u00e9tov\u00e1 prevodovka s kovov\u00fdmi ozuben\u00fdmi kolesami<br \/>\nPr\u00edklep sa d\u00e1 vypn\u00fa\u0165<br \/>\nAret\u00e1cia vretena na jednoru\u010dn\u00e9 ovl\u00e1danie r\u00fdchloup\u00ednacieho sk\u013eu\u010dovadla<br \/>\nKompaktn\u00fd \u0161tvorp\u00f3lov\u00fd jednosmern\u00fd motor<br \/>\nLED svetlo s funkciou dosvitu<br \/>\nKr\u00fatiaci moment nastavite\u013en\u00fd v 16-tich stup\u0148och<br \/>\nElektronika a motorov\u00e1 brzda<br \/>\nCitliv\u00e1 regul\u00e1cia ot\u00e1\u010dok<br \/>\nPogumovan\u00e1 rukov\u00e4\u0165 pre bezpe\u010dn\u00e9 uchopenie a pohodln\u00fa pr\u00e1cu.<br \/>\n\u010cas nab\u00edjania 22 min\u00fat pri l\u00edtium-i\u00f3novom akumul\u00e1tore s kapacitou 3,0 Ah<\/p>\n<p>Nap\u00e1janie: 18 V<br \/>\nOt\u00e1\u010dky napr\u00e1zdno I.: 0-400 \/min<br \/>\nOt\u00e1\u010dky napr\u00e1zdno II.: 0-1700 \/min<br \/>\nKapacita sk\u013eu\u010dovadla: 1,5-13 mm<br \/>\nMax. kr\u00fatiaci moment: 80\/40 Nm<br \/>\nMax. priemer otvoru(murivo): 16 mm<br \/>\nMax. priemer otvoru(kov): 13 mm<br \/>\nMax. priemer otvoru(drevo): 65 mm<br \/>\nHmotnos\u0165: 2,4 kg<\/p>\n<p>BSS610Z<br \/>\nakumul\u00e1torov\u00e1 LI-ION ru\u010dn\u00e1 okru\u017en\u00e1 p\u00edla<\/p>\n<p>aku napatie: 18 V<br \/>\nvolnobe\u017en\u00e9 ot\u00e1\u010dky&#8221; 3700\/min<br \/>\nmax. h\u013abka rezu (pri 90 st.) 57mm (pri 45 st.) 40 mm<br \/>\npriemer pil. kot\u00fa\u010da: 165 mm<br \/>\nvrt kot\u00fa\u010da : 20 mm<br \/>\nhmotnos\u0165: 3,5 kg<\/p>\n<p>BTD140Z<br \/>\nR\u00e1zov\u00fd u\u0165ahova\u010d s Lithium-ionov\u00fdm akumul\u00e1torom<\/p>\n<p>Nab\u00edjacia technol\u00f3gia riaden\u00e1 mikroprocesorom<br \/>\nSiln\u00fd akumul\u00e1torov\u00fd razov\u00fd u\u0165ahov\u00e1k s ve\u013emi kr\u00e1tkou kon\u0161trukciou iba (146 mm)<br \/>\n4-p\u00f3lov\u00fd motor v pevnej kon\u0161trukcii tela bez straty to\u010div\u00e9ho momentu pri men\u0161om odbere pr\u00fadu<br \/>\nJemn\u00e9 nastavenie ot\u00e1\u010dok<br \/>\n\u0160t\u00edhla pogumovan\u00e1 rukov\u00e4\u0165 pre bezpe\u010dn\u00fa a pohodln\u00fa pr\u00e1cu<br \/>\nS v\u00fdkonn\u00fdmi LED di\u00f3dami pre osvetlenie hrotu n\u00e1stroja<\/p>\n<p>Vo\u013enobe\u017en\u00e9 ot\u00e1\u010dky 0-2300 min-1<br \/>\nHmotnos\u0165 1,3 kg<br \/>\nNap\u00e4tie (\/kapacita) akumul\u00e1tora 18 V \/ 3,0 Ah Li-ion<br \/>\nMax. kr\u00fatiaci moment 145 Nm<br \/>\nStrojn\u00e9 skrutky a matice M5 &#8211; M14<br \/>\nPo\u010det pr\u00edklepov &#8211; 1 stupe\u0148 0-3200 min-1<\/p>\n<p>BJR181Z<br \/>\nakumul\u00e1torov\u00e1 LITHIUM\u2013ION chvostov\u00e1 p\u00edla<\/p>\n<p>Chvostov\u00e1 p\u00edla s 18 Li-Ion akumul\u00e1torom, plynulo regulovate\u013en\u00fd po\u010det zdvihov s motorovou brzdou.<br \/>\nBez n\u00e1strojov\u00e1 v\u00fdmen\u00e1 listu, ochrana proti striekaj\u00facej vode a prachu,<br \/>\nLED svetlo<br \/>\nPlynulo regulovate\u013en\u00fd po\u010det zdvihov a motorov\u00e1 brzda<br \/>\nV\u00fdmena listu a nastavenie vodiacej p\u00e4tky bez pou\u017eitia n\u00e1stroja<br \/>\nOchrana proti prachu a striekaj\u00facej vode<br \/>\nZvonka vymenite\u013en\u00e9 uhl\u00edky<br \/>\nUniverz\u00e1lne up\u00ednanie na v\u0161etky be\u017en\u00e9 p\u00edlov\u00e9 listy<br \/>\nLED svetlo s funkciou dosvitu<\/p>\n<p>Akumul\u00e1torov\u00e9 nap\u00e4tie : 18 V<br \/>\nPo\u010det vo\u013enobe\u017en\u00fdch zdvihov 0\u20132.900 min-1<br \/>\nMaxim\u00e1lny rezn\u00fd v\u00fdkon (drevo) :225mm<br \/>\nMaxim\u00e1lny rezn\u00fd v\u00fdkon (r\u00farky) : 130mm<br \/>\nZdvih : 28mm<br \/>\nAkumul\u00e1tor : 18 V \/ 3,0 Ah<br \/>\nHmotnos\u0165 : 3,7 kg<\/p>\n<p>BGA452Z<br \/>\nakumul\u00e1torov\u00e1 uhlov\u00e1 br\u00faska 115mm.<\/p>\n<p>Elektronick\u00fd obmedzova\u010d pr\u00fadu s v\u00fdstra\u017enou kontrolkou umo\u017e\u0148uje st\u00e1le pou\u017e\u00edvanie s kontrolou za\u0165a\u017eenia motora<br \/>\nBlokovanie rozbehu s v\u00fdstra\u017enou kontrolkou zamedzuje spusteniu stroja pri vlo\u017een\u00ed akumul\u00e1tora a aktivuje sa pri zn\u00ed\u017een\u00ed kapacity<br \/>\nNe\u0161myk\u013eav\u00e9 teleso motora vystlan\u00e9 gumovou vlo\u017ekou<br \/>\n\u010cas nab\u00edjania 22 min\u00fat pri l\u00edtium-i\u00f3novom akumul\u00e1tore s kapacitou 3,0 Ah.<\/p>\n<p>Vo\u013enobe\u017en\u00e9 ot\u00e1\u010dky 10000 min-1<br \/>\nPriemer br\u00fasneho kot\u00fa\u010da 115 mm<br \/>\nZ\u00e1vit vretena M14 x 2<br \/>\nAkumul\u00e1tor Li-Ion 18 V\/3,0 Ah<br \/>\nHmotnos\u0165 2,4 kg.<\/p>\n<p>BML185<br \/>\nakumul\u00e1torov\u00e1 Lithium-ion lampa<\/p>\n<p>Nap\u00e4tie akumul\u00e1tora 18 V<br \/>\nDoba svietivosti 3,0 Ah \/ 260 min.<br \/>\nHmotnos\u0165 0,36 kg<\/p>\n<p>Pr\u00edslu\u0161enstvo:<br \/>\n3x akumul\u00e1tor BL1830 18V (3,0 Ah),<br \/>\nnab\u00edja\u010dka,<br \/>\nprepravn\u00e1 textiln\u00e1 ta\u0161ka .<\/p>\n","protected":false},"featured_media":39539,"comment_status":"closed","ping_status":"open","template":"","meta":{"_lmt_disableupdate":"","_lmt_disable":""},"product_cat":[],"product_tag":[],"class_list":{"0":"post-39538","1":"product","2":"type-product","3":"status-publish","4":"has-post-thumbnail","6":"ts_product_brand-makita","8":"first","9":"instock","10":"sale","11":"taxable","12":"shipping-taxable","13":"purchasable","14":"product-type-simple"},"yoast_head":"<!-- This site is optimized with the Yoast SEO plugin v27.3 - https:\/\/yoast.com\/product\/yoast-seo-wordpress\/ -->\n<title>Makita sada n\u00e1radia DK1886 - MIR-MAR<\/title>\n<meta name=\"robots\" content=\"index, follow, max-snippet:-1, max-image-preview:large, max-video-preview:-1\" \/>\n<link rel=\"canonical\" href=\"http:\/\/dafinoo.eu\/mirmar\/obchod\/sada-naradia-dk1886\/\" \/>\n<meta property=\"og:locale\" content=\"sk_SK\" \/>\n<meta property=\"og:type\" content=\"article\" \/>\n<meta property=\"og:title\" content=\"Makita sada n\u00e1radia DK1886 - MIR-MAR\" \/>\n<meta property=\"og:description\" content=\"Makita DK1886 - sada akumul\u00e1torov\u00e9ho LITHIUM-ION n\u00e1radia :BHP454Z+BSS610Z+BTD140Z+BJR181Z+BGA452Z+BML185 v textilnej ta\u0161ke. BHP454Z Akumul\u00e1torov\u00fd pr\u00edklepov\u00fd v\u0155tac\u00ed skrutkova\u010d Dvojstup\u0148ov\u00e1 prevodovka Elektronika Chod doprava\/do\u013eava Brzda motora Nastavenie kr\u00fatiaceho momentu LED osvetlenie L\u00edtium-i\u00f3nov\u00fd akumul\u00e1tor s kapacitou 3,0 Ah s mikroprocesorovou technol\u00f3giou nab\u00edjania Dvojstup\u0148ov\u00e1 plan\u00e9tov\u00e1 prevodovka s kovov\u00fdmi ozuben\u00fdmi kolesami Pr\u00edklep sa d\u00e1 vypn\u00fa\u0165 Aret\u00e1cia vretena na jednoru\u010dn\u00e9 ovl\u00e1danie r\u00fdchloup\u00ednacieho sk\u013eu\u010dovadla Kompaktn\u00fd \u0161tvorp\u00f3lov\u00fd jednosmern\u00fd motor LED svetlo s funkciou dosvitu Kr\u00fatiaci moment nastavite\u013en\u00fd v 16-tich stup\u0148och Elektronika a motorov\u00e1 brzda Citliv\u00e1 regul\u00e1cia ot\u00e1\u010dok Pogumovan\u00e1 rukov\u00e4\u0165 pre bezpe\u010dn\u00e9 uchopenie a pohodln\u00fa pr\u00e1cu. \u010cas nab\u00edjania 22 min\u00fat pri l\u00edtium-i\u00f3novom akumul\u00e1tore s kapacitou 3,0 Ah Nap\u00e1janie: 18 V Ot\u00e1\u010dky napr\u00e1zdno I.: 0-400 \/min Ot\u00e1\u010dky napr\u00e1zdno II.: 0-1700 \/min Kapacita sk\u013eu\u010dovadla: 1,5-13 mm Max. kr\u00fatiaci moment: 80\/40 Nm Max. priemer otvoru(murivo): 16 mm Max. priemer otvoru(kov): 13 mm Max. priemer otvoru(drevo): 65 mm Hmotnos\u0165: 2,4 kg BSS610Z akumul\u00e1torov\u00e1 LI-ION ru\u010dn\u00e1 okru\u017en\u00e1 p\u00edla aku napatie: 18 V volnobe\u017en\u00e9 ot\u00e1\u010dky&quot; 3700\/min max. h\u013abka rezu (pri 90 st.) 57mm (pri 45 st.) 40 mm priemer pil. kot\u00fa\u010da: 165 mm vrt kot\u00fa\u010da : 20 mm hmotnos\u0165: 3,5 kg BTD140Z R\u00e1zov\u00fd u\u0165ahova\u010d s Lithium-ionov\u00fdm akumul\u00e1torom Nab\u00edjacia technol\u00f3gia riaden\u00e1 mikroprocesorom Siln\u00fd akumul\u00e1torov\u00fd razov\u00fd u\u0165ahov\u00e1k s ve\u013emi kr\u00e1tkou kon\u0161trukciou iba (146 mm) 4-p\u00f3lov\u00fd motor v pevnej kon\u0161trukcii tela bez straty to\u010div\u00e9ho momentu pri men\u0161om odbere pr\u00fadu Jemn\u00e9 nastavenie ot\u00e1\u010dok \u0160t\u00edhla pogumovan\u00e1 rukov\u00e4\u0165 pre bezpe\u010dn\u00fa a pohodln\u00fa pr\u00e1cu S v\u00fdkonn\u00fdmi LED di\u00f3dami pre osvetlenie hrotu n\u00e1stroja Vo\u013enobe\u017en\u00e9 ot\u00e1\u010dky 0-2300 min-1 Hmotnos\u0165 1,3 kg Nap\u00e4tie (\/kapacita) akumul\u00e1tora 18 V \/ 3,0 Ah Li-ion Max. kr\u00fatiaci moment 145 Nm Strojn\u00e9 skrutky a matice M5 - M14 Po\u010det pr\u00edklepov - 1 stupe\u0148 0-3200 min-1 BJR181Z akumul\u00e1torov\u00e1 LITHIUM\u2013ION chvostov\u00e1 p\u00edla Chvostov\u00e1 p\u00edla s 18 Li-Ion akumul\u00e1torom, plynulo regulovate\u013en\u00fd po\u010det zdvihov s motorovou brzdou. Bez n\u00e1strojov\u00e1 v\u00fdmen\u00e1 listu, ochrana proti striekaj\u00facej vode a prachu, LED svetlo Plynulo regulovate\u013en\u00fd po\u010det zdvihov a motorov\u00e1 brzda V\u00fdmena listu a nastavenie vodiacej p\u00e4tky bez pou\u017eitia n\u00e1stroja Ochrana proti prachu a striekaj\u00facej vode Zvonka vymenite\u013en\u00e9 uhl\u00edky Univerz\u00e1lne up\u00ednanie na v\u0161etky be\u017en\u00e9 p\u00edlov\u00e9 listy LED svetlo s funkciou dosvitu Akumul\u00e1torov\u00e9 nap\u00e4tie : 18 V Po\u010det vo\u013enobe\u017en\u00fdch zdvihov 0\u20132.900 min-1 Maxim\u00e1lny rezn\u00fd v\u00fdkon (drevo) :225mm Maxim\u00e1lny rezn\u00fd v\u00fdkon (r\u00farky) : 130mm Zdvih : 28mm Akumul\u00e1tor : 18 V \/ 3,0 Ah Hmotnos\u0165 : 3,7 kg BGA452Z akumul\u00e1torov\u00e1 uhlov\u00e1 br\u00faska 115mm. Elektronick\u00fd obmedzova\u010d pr\u00fadu s v\u00fdstra\u017enou kontrolkou umo\u017e\u0148uje st\u00e1le pou\u017e\u00edvanie s kontrolou za\u0165a\u017eenia motora Blokovanie rozbehu s v\u00fdstra\u017enou kontrolkou zamedzuje spusteniu stroja pri vlo\u017een\u00ed akumul\u00e1tora a aktivuje sa pri zn\u00ed\u017een\u00ed kapacity Ne\u0161myk\u013eav\u00e9 teleso motora vystlan\u00e9 gumovou vlo\u017ekou \u010cas nab\u00edjania 22 min\u00fat pri l\u00edtium-i\u00f3novom akumul\u00e1tore s kapacitou 3,0 Ah. Vo\u013enobe\u017en\u00e9 ot\u00e1\u010dky 10000 min-1 Priemer br\u00fasneho kot\u00fa\u010da 115 mm Z\u00e1vit vretena M14 x 2 Akumul\u00e1tor Li-Ion 18 V\/3,0 Ah Hmotnos\u0165 2,4 kg. BML185 akumul\u00e1torov\u00e1 Lithium-ion lampa Nap\u00e4tie akumul\u00e1tora 18 V Doba svietivosti 3,0 Ah \/ 260 min. Hmotnos\u0165 0,36 kg Pr\u00edslu\u0161enstvo: 3x akumul\u00e1tor BL1830 18V (3,0 Ah), nab\u00edja\u010dka, prepravn\u00e1 textiln\u00e1 ta\u0161ka .\" \/>\n<meta property=\"og:url\" content=\"http:\/\/dafinoo.eu\/mirmar\/obchod\/sada-naradia-dk1886\/\" \/>\n<meta property=\"og:site_name\" content=\"MIR-MAR\" \/>\n<meta property=\"article:publisher\" content=\"https:\/\/facebook.com\/mirmareshop\" \/>\n<meta property=\"article:modified_time\" content=\"2021-04-21T13:18:47+00:00\" \/>\n<meta property=\"og:image\" content=\"https:\/\/i2.wp.com\/www.mirmar.sk\/wp-content\/uploads\/2021\/03\/dk1886_1.jpg?fit=250%2C182&ssl=1\" \/>\n\t<meta property=\"og:image:width\" content=\"250\" \/>\n\t<meta property=\"og:image:height\" content=\"182\" \/>\n\t<meta property=\"og:image:type\" content=\"image\/jpeg\" \/>\n<script type=\"application\/ld+json\" class=\"yoast-schema-graph\">{\"@context\":\"https:\\\/\\\/schema.org\",\"@graph\":[{\"@type\":\"WebPage\",\"@id\":\"http:\\\/\\\/dafinoo.eu\\\/mirmar\\\/obchod\\\/sada-naradia-dk1886\\\/\",\"url\":\"http:\\\/\\\/dafinoo.eu\\\/mirmar\\\/obchod\\\/sada-naradia-dk1886\\\/\",\"name\":\"Makita sada n\u00e1radia DK1886 - MIR-MAR\",\"isPartOf\":{\"@id\":\"http:\\\/\\\/dafinoo.eu\\\/mirmar\\\/#website\"},\"primaryImageOfPage\":{\"@id\":\"http:\\\/\\\/dafinoo.eu\\\/mirmar\\\/obchod\\\/sada-naradia-dk1886\\\/#primaryimage\"},\"image\":{\"@id\":\"http:\\\/\\\/dafinoo.eu\\\/mirmar\\\/obchod\\\/sada-naradia-dk1886\\\/#primaryimage\"},\"thumbnailUrl\":\"http:\\\/\\\/dafinoo.eu\\\/mirmar\\\/wp-content\\\/uploads\\\/2021\\\/03\\\/dk1886_1.jpg\",\"datePublished\":\"2021-03-15T16:34:54+00:00\",\"dateModified\":\"2021-04-21T13:18:47+00:00\",\"breadcrumb\":{\"@id\":\"http:\\\/\\\/dafinoo.eu\\\/mirmar\\\/obchod\\\/sada-naradia-dk1886\\\/#breadcrumb\"},\"inLanguage\":\"sk-SK\",\"potentialAction\":[{\"@type\":\"ReadAction\",\"target\":[\"http:\\\/\\\/dafinoo.eu\\\/mirmar\\\/obchod\\\/sada-naradia-dk1886\\\/\"]}]},{\"@type\":\"ImageObject\",\"inLanguage\":\"sk-SK\",\"@id\":\"http:\\\/\\\/dafinoo.eu\\\/mirmar\\\/obchod\\\/sada-naradia-dk1886\\\/#primaryimage\",\"url\":\"http:\\\/\\\/dafinoo.eu\\\/mirmar\\\/wp-content\\\/uploads\\\/2021\\\/03\\\/dk1886_1.jpg\",\"contentUrl\":\"http:\\\/\\\/dafinoo.eu\\\/mirmar\\\/wp-content\\\/uploads\\\/2021\\\/03\\\/dk1886_1.jpg\",\"width\":250,\"height\":182},{\"@type\":\"BreadcrumbList\",\"@id\":\"http:\\\/\\\/dafinoo.eu\\\/mirmar\\\/obchod\\\/sada-naradia-dk1886\\\/#breadcrumb\",\"itemListElement\":[{\"@type\":\"ListItem\",\"position\":1,\"name\":\"Domovsk\u00e1 str\u00e1nka\",\"item\":\"http:\\\/\\\/dafinoo.eu\\\/mirmar\\\/\"},{\"@type\":\"ListItem\",\"position\":2,\"name\":\"Obchod\",\"item\":\"http:\\\/\\\/dafinoo.eu\\\/mirmar\\\/obchod\\\/\"},{\"@type\":\"ListItem\",\"position\":3,\"name\":\"Makita sada n\u00e1radia DK1886\"}]},{\"@type\":\"WebSite\",\"@id\":\"http:\\\/\\\/dafinoo.eu\\\/mirmar\\\/#website\",\"url\":\"http:\\\/\\\/dafinoo.eu\\\/mirmar\\\/\",\"name\":\"MIR-MAR\",\"description\":\"Eshop s n\u00e1rad\u00edm\",\"publisher\":{\"@id\":\"http:\\\/\\\/dafinoo.eu\\\/mirmar\\\/#organization\"},\"potentialAction\":[{\"@type\":\"SearchAction\",\"target\":{\"@type\":\"EntryPoint\",\"urlTemplate\":\"http:\\\/\\\/dafinoo.eu\\\/mirmar\\\/?s={search_term_string}\"},\"query-input\":{\"@type\":\"PropertyValueSpecification\",\"valueRequired\":true,\"valueName\":\"search_term_string\"}}],\"inLanguage\":\"sk-SK\"},{\"@type\":\"Organization\",\"@id\":\"http:\\\/\\\/dafinoo.eu\\\/mirmar\\\/#organization\",\"name\":\"MIR-MAR\",\"url\":\"http:\\\/\\\/dafinoo.eu\\\/mirmar\\\/\",\"logo\":{\"@type\":\"ImageObject\",\"inLanguage\":\"sk-SK\",\"@id\":\"http:\\\/\\\/dafinoo.eu\\\/mirmar\\\/#\\\/schema\\\/logo\\\/image\\\/\",\"url\":\"http:\\\/\\\/dafinoo.eu\\\/mirmar\\\/wp-content\\\/uploads\\\/2021\\\/03\\\/mirmar_logo.png\",\"contentUrl\":\"http:\\\/\\\/dafinoo.eu\\\/mirmar\\\/wp-content\\\/uploads\\\/2021\\\/03\\\/mirmar_logo.png\",\"width\":256,\"height\":60,\"caption\":\"MIR-MAR\"},\"image\":{\"@id\":\"http:\\\/\\\/dafinoo.eu\\\/mirmar\\\/#\\\/schema\\\/logo\\\/image\\\/\"},\"sameAs\":[\"https:\\\/\\\/facebook.com\\\/mirmareshop\"]}]}<\/script>\n<!-- \/ Yoast SEO plugin. -->","yoast_head_json":{"title":"Makita sada n\u00e1radia DK1886 - MIR-MAR","robots":{"index":"index","follow":"follow","max-snippet":"max-snippet:-1","max-image-preview":"max-image-preview:large","max-video-preview":"max-video-preview:-1"},"canonical":"http:\/\/dafinoo.eu\/mirmar\/obchod\/sada-naradia-dk1886\/","og_locale":"sk_SK","og_type":"article","og_title":"Makita sada n\u00e1radia DK1886 - MIR-MAR","og_description":"Makita DK1886 - sada akumul\u00e1torov\u00e9ho LITHIUM-ION n\u00e1radia :BHP454Z+BSS610Z+BTD140Z+BJR181Z+BGA452Z+BML185 v textilnej ta\u0161ke. BHP454Z Akumul\u00e1torov\u00fd pr\u00edklepov\u00fd v\u0155tac\u00ed skrutkova\u010d Dvojstup\u0148ov\u00e1 prevodovka Elektronika Chod doprava\/do\u013eava Brzda motora Nastavenie kr\u00fatiaceho momentu LED osvetlenie L\u00edtium-i\u00f3nov\u00fd akumul\u00e1tor s kapacitou 3,0 Ah s mikroprocesorovou technol\u00f3giou nab\u00edjania Dvojstup\u0148ov\u00e1 plan\u00e9tov\u00e1 prevodovka s kovov\u00fdmi ozuben\u00fdmi kolesami Pr\u00edklep sa d\u00e1 vypn\u00fa\u0165 Aret\u00e1cia vretena na jednoru\u010dn\u00e9 ovl\u00e1danie r\u00fdchloup\u00ednacieho sk\u013eu\u010dovadla Kompaktn\u00fd \u0161tvorp\u00f3lov\u00fd jednosmern\u00fd motor LED svetlo s funkciou dosvitu Kr\u00fatiaci moment nastavite\u013en\u00fd v 16-tich stup\u0148och Elektronika a motorov\u00e1 brzda Citliv\u00e1 regul\u00e1cia ot\u00e1\u010dok Pogumovan\u00e1 rukov\u00e4\u0165 pre bezpe\u010dn\u00e9 uchopenie a pohodln\u00fa pr\u00e1cu. \u010cas nab\u00edjania 22 min\u00fat pri l\u00edtium-i\u00f3novom akumul\u00e1tore s kapacitou 3,0 Ah Nap\u00e1janie: 18 V Ot\u00e1\u010dky napr\u00e1zdno I.: 0-400 \/min Ot\u00e1\u010dky napr\u00e1zdno II.: 0-1700 \/min Kapacita sk\u013eu\u010dovadla: 1,5-13 mm Max. kr\u00fatiaci moment: 80\/40 Nm Max. priemer otvoru(murivo): 16 mm Max. priemer otvoru(kov): 13 mm Max. priemer otvoru(drevo): 65 mm Hmotnos\u0165: 2,4 kg BSS610Z akumul\u00e1torov\u00e1 LI-ION ru\u010dn\u00e1 okru\u017en\u00e1 p\u00edla aku napatie: 18 V volnobe\u017en\u00e9 ot\u00e1\u010dky\" 3700\/min max. h\u013abka rezu (pri 90 st.) 57mm (pri 45 st.) 40 mm priemer pil. kot\u00fa\u010da: 165 mm vrt kot\u00fa\u010da : 20 mm hmotnos\u0165: 3,5 kg BTD140Z R\u00e1zov\u00fd u\u0165ahova\u010d s Lithium-ionov\u00fdm akumul\u00e1torom Nab\u00edjacia technol\u00f3gia riaden\u00e1 mikroprocesorom Siln\u00fd akumul\u00e1torov\u00fd razov\u00fd u\u0165ahov\u00e1k s ve\u013emi kr\u00e1tkou kon\u0161trukciou iba (146 mm) 4-p\u00f3lov\u00fd motor v pevnej kon\u0161trukcii tela bez straty to\u010div\u00e9ho momentu pri men\u0161om odbere pr\u00fadu Jemn\u00e9 nastavenie ot\u00e1\u010dok \u0160t\u00edhla pogumovan\u00e1 rukov\u00e4\u0165 pre bezpe\u010dn\u00fa a pohodln\u00fa pr\u00e1cu S v\u00fdkonn\u00fdmi LED di\u00f3dami pre osvetlenie hrotu n\u00e1stroja Vo\u013enobe\u017en\u00e9 ot\u00e1\u010dky 0-2300 min-1 Hmotnos\u0165 1,3 kg Nap\u00e4tie (\/kapacita) akumul\u00e1tora 18 V \/ 3,0 Ah Li-ion Max. kr\u00fatiaci moment 145 Nm Strojn\u00e9 skrutky a matice M5 - M14 Po\u010det pr\u00edklepov - 1 stupe\u0148 0-3200 min-1 BJR181Z akumul\u00e1torov\u00e1 LITHIUM\u2013ION chvostov\u00e1 p\u00edla Chvostov\u00e1 p\u00edla s 18 Li-Ion akumul\u00e1torom, plynulo regulovate\u013en\u00fd po\u010det zdvihov s motorovou brzdou. Bez n\u00e1strojov\u00e1 v\u00fdmen\u00e1 listu, ochrana proti striekaj\u00facej vode a prachu, LED svetlo Plynulo regulovate\u013en\u00fd po\u010det zdvihov a motorov\u00e1 brzda V\u00fdmena listu a nastavenie vodiacej p\u00e4tky bez pou\u017eitia n\u00e1stroja Ochrana proti prachu a striekaj\u00facej vode Zvonka vymenite\u013en\u00e9 uhl\u00edky Univerz\u00e1lne up\u00ednanie na v\u0161etky be\u017en\u00e9 p\u00edlov\u00e9 listy LED svetlo s funkciou dosvitu Akumul\u00e1torov\u00e9 nap\u00e4tie : 18 V Po\u010det vo\u013enobe\u017en\u00fdch zdvihov 0\u20132.900 min-1 Maxim\u00e1lny rezn\u00fd v\u00fdkon (drevo) :225mm Maxim\u00e1lny rezn\u00fd v\u00fdkon (r\u00farky) : 130mm Zdvih : 28mm Akumul\u00e1tor : 18 V \/ 3,0 Ah Hmotnos\u0165 : 3,7 kg BGA452Z akumul\u00e1torov\u00e1 uhlov\u00e1 br\u00faska 115mm. Elektronick\u00fd obmedzova\u010d pr\u00fadu s v\u00fdstra\u017enou kontrolkou umo\u017e\u0148uje st\u00e1le pou\u017e\u00edvanie s kontrolou za\u0165a\u017eenia motora Blokovanie rozbehu s v\u00fdstra\u017enou kontrolkou zamedzuje spusteniu stroja pri vlo\u017een\u00ed akumul\u00e1tora a aktivuje sa pri zn\u00ed\u017een\u00ed kapacity Ne\u0161myk\u013eav\u00e9 teleso motora vystlan\u00e9 gumovou vlo\u017ekou \u010cas nab\u00edjania 22 min\u00fat pri l\u00edtium-i\u00f3novom akumul\u00e1tore s kapacitou 3,0 Ah. Vo\u013enobe\u017en\u00e9 ot\u00e1\u010dky 10000 min-1 Priemer br\u00fasneho kot\u00fa\u010da 115 mm Z\u00e1vit vretena M14 x 2 Akumul\u00e1tor Li-Ion 18 V\/3,0 Ah Hmotnos\u0165 2,4 kg. BML185 akumul\u00e1torov\u00e1 Lithium-ion lampa Nap\u00e4tie akumul\u00e1tora 18 V Doba svietivosti 3,0 Ah \/ 260 min. Hmotnos\u0165 0,36 kg Pr\u00edslu\u0161enstvo: 3x akumul\u00e1tor BL1830 18V (3,0 Ah), nab\u00edja\u010dka, prepravn\u00e1 textiln\u00e1 ta\u0161ka .","og_url":"http:\/\/dafinoo.eu\/mirmar\/obchod\/sada-naradia-dk1886\/","og_site_name":"MIR-MAR","article_publisher":"https:\/\/facebook.com\/mirmareshop","article_modified_time":"2021-04-21T13:18:47+00:00","og_image":[{"width":250,"height":182,"url":"https:\/\/i2.wp.com\/www.mirmar.sk\/wp-content\/uploads\/2021\/03\/dk1886_1.jpg?fit=250%2C182&ssl=1","type":"image\/jpeg"}],"schema":{"@context":"https:\/\/schema.org","@graph":[{"@type":"WebPage","@id":"http:\/\/dafinoo.eu\/mirmar\/obchod\/sada-naradia-dk1886\/","url":"http:\/\/dafinoo.eu\/mirmar\/obchod\/sada-naradia-dk1886\/","name":"Makita sada n\u00e1radia DK1886 - MIR-MAR","isPartOf":{"@id":"http:\/\/dafinoo.eu\/mirmar\/#website"},"primaryImageOfPage":{"@id":"http:\/\/dafinoo.eu\/mirmar\/obchod\/sada-naradia-dk1886\/#primaryimage"},"image":{"@id":"http:\/\/dafinoo.eu\/mirmar\/obchod\/sada-naradia-dk1886\/#primaryimage"},"thumbnailUrl":"http:\/\/dafinoo.eu\/mirmar\/wp-content\/uploads\/2021\/03\/dk1886_1.jpg","datePublished":"2021-03-15T16:34:54+00:00","dateModified":"2021-04-21T13:18:47+00:00","breadcrumb":{"@id":"http:\/\/dafinoo.eu\/mirmar\/obchod\/sada-naradia-dk1886\/#breadcrumb"},"inLanguage":"sk-SK","potentialAction":[{"@type":"ReadAction","target":["http:\/\/dafinoo.eu\/mirmar\/obchod\/sada-naradia-dk1886\/"]}]},{"@type":"ImageObject","inLanguage":"sk-SK","@id":"http:\/\/dafinoo.eu\/mirmar\/obchod\/sada-naradia-dk1886\/#primaryimage","url":"http:\/\/dafinoo.eu\/mirmar\/wp-content\/uploads\/2021\/03\/dk1886_1.jpg","contentUrl":"http:\/\/dafinoo.eu\/mirmar\/wp-content\/uploads\/2021\/03\/dk1886_1.jpg","width":250,"height":182},{"@type":"BreadcrumbList","@id":"http:\/\/dafinoo.eu\/mirmar\/obchod\/sada-naradia-dk1886\/#breadcrumb","itemListElement":[{"@type":"ListItem","position":1,"name":"Domovsk\u00e1 str\u00e1nka","item":"http:\/\/dafinoo.eu\/mirmar\/"},{"@type":"ListItem","position":2,"name":"Obchod","item":"http:\/\/dafinoo.eu\/mirmar\/obchod\/"},{"@type":"ListItem","position":3,"name":"Makita sada n\u00e1radia DK1886"}]},{"@type":"WebSite","@id":"http:\/\/dafinoo.eu\/mirmar\/#website","url":"http:\/\/dafinoo.eu\/mirmar\/","name":"MIR-MAR","description":"Eshop s n\u00e1rad\u00edm","publisher":{"@id":"http:\/\/dafinoo.eu\/mirmar\/#organization"},"potentialAction":[{"@type":"SearchAction","target":{"@type":"EntryPoint","urlTemplate":"http:\/\/dafinoo.eu\/mirmar\/?s={search_term_string}"},"query-input":{"@type":"PropertyValueSpecification","valueRequired":true,"valueName":"search_term_string"}}],"inLanguage":"sk-SK"},{"@type":"Organization","@id":"http:\/\/dafinoo.eu\/mirmar\/#organization","name":"MIR-MAR","url":"http:\/\/dafinoo.eu\/mirmar\/","logo":{"@type":"ImageObject","inLanguage":"sk-SK","@id":"http:\/\/dafinoo.eu\/mirmar\/#\/schema\/logo\/image\/","url":"http:\/\/dafinoo.eu\/mirmar\/wp-content\/uploads\/2021\/03\/mirmar_logo.png","contentUrl":"http:\/\/dafinoo.eu\/mirmar\/wp-content\/uploads\/2021\/03\/mirmar_logo.png","width":256,"height":60,"caption":"MIR-MAR"},"image":{"@id":"http:\/\/dafinoo.eu\/mirmar\/#\/schema\/logo\/image\/"},"sameAs":["https:\/\/facebook.com\/mirmareshop"]}]}},"_links":{"self":[{"href":"http:\/\/dafinoo.eu\/mirmar\/wp-json\/wp\/v2\/product\/39538","targetHints":{"allow":["GET"]}}],"collection":[{"href":"http:\/\/dafinoo.eu\/mirmar\/wp-json\/wp\/v2\/product"}],"about":[{"href":"http:\/\/dafinoo.eu\/mirmar\/wp-json\/wp\/v2\/types\/product"}],"replies":[{"embeddable":true,"href":"http:\/\/dafinoo.eu\/mirmar\/wp-json\/wp\/v2\/comments?post=39538"}],"wp:featuredmedia":[{"embeddable":true,"href":"http:\/\/dafinoo.eu\/mirmar\/wp-json\/wp\/v2\/media\/39539"}],"wp:attachment":[{"href":"http:\/\/dafinoo.eu\/mirmar\/wp-json\/wp\/v2\/media?parent=39538"}],"wp:term":[{"taxonomy":"product_cat","embeddable":true,"href":"http:\/\/dafinoo.eu\/mirmar\/wp-json\/wp\/v2\/product_cat?post=39538"},{"taxonomy":"product_tag","embeddable":true,"href":"http:\/\/dafinoo.eu\/mirmar\/wp-json\/wp\/v2\/product_tag?post=39538"}],"curies":[{"name":"wp","href":"https:\/\/api.w.org\/{rel}","templated":true}]}}