{"id":40081,"date":"2021-03-15T17:37:27","date_gmt":"2021-03-15T16:37:27","guid":{"rendered":"http:\/\/dafinoo.eu\/mirmar\/product\/pilovy-kotuc-na-drevo-190-20-48-makblade-makita-b-08953\/"},"modified":"2021-04-19T19:53:42","modified_gmt":"2021-04-19T17:53:42","slug":"pilovy-kotuc-na-drevo-190-20-48-makblade-makita-b-08953","status":"publish","type":"product","link":"http:\/\/dafinoo.eu\/mirmar\/obchod\/pilovy-kotuc-na-drevo-190-20-48-makblade-makita-b-08953\/","title":{"rendered":"P\u00edlov\u00fd kot\u00fa\u010d na drevo 190-20\/48 MAKBLADE Makita B-08953"},"content":{"rendered":"<p>P\u00edlov\u00e9 kot\u00fa\u010de ur\u010den\u00e9 pre stolov\u00e9 a pokosov\u00e9 p\u00edly maj\u00fa jedine\u010dn\u00fa patentovan\u00fa technol\u00f3giu. Tieto kot\u00fa\u010de s\u00fa vyvinut\u00e9 k pohlteniu vibr\u00e1ci\u00ed a ve\u013emi tich\u00e9mu chodu. Maj\u00fa vlasnos\u0165 zlep\u0161ova\u0165 pracovn\u00e9 prostredie, \u017eivotnos\u0165 kot\u00fa\u010da a spo\u013eahlivos\u0165 cel\u00e9ho zriadenia. Kot\u00fa\u010d s men\u0161\u00edmi vibr\u00e1ciami zaist\u00ed presnej\u0161ie vedenie rezu a tie\u017e zni\u017euje h\u00e1dzavos\u0165. V\u00fdsledn\u00fdm efektom je ide\u00e1lna rezn\u00e1 plocha. Taktie\u017e m\u00e1 za d\u00f4sledok v\u00fdznamne dlh\u0161iu \u017eivotnos\u0165 zubov z karbiru wolframu prekra\u010duj\u00fac \u017eivotnos\u0165 konven\u010dn\u00fdch p\u00edlov\u00fdch kot\u00fa\u010dov s karbidov\u00fdmi hrotmi.<br \/>\nKomlexn\u00fd v\u00fdber p\u00edlov\u00fdch kot\u00fa\u010dov pre v\u0161etky zna\u010dky a modely pokosov\u00fdch p\u00edl a ponorn\u00fdch p\u00edl vr\u00e1tane aku p\u00edl<br \/>\nBohat\u00fd v\u00fdber ve\u013ekost\u00ed od 190mm &#8211; 350mm a po\u010dtu zubov od 24 do 100 pokr\u00fdva mo\u017enosti pou\u017eitia od hrub\u00fdch rezov a\u017e po pr\u00e1cu so zvl\u00e1\u0161\u0165 jemo\u0148nou povrchovou \u00fapravou.<\/p>\n<p>-tvrden\u00e9 a vystu\u017een\u00e9 kot\u00fa\u010de absorbuj\u00fa r\u00e1zy a zost\u00e1vaj\u00fa ploch\u00e9 a rovn\u00e9<br \/>\n&#8211; \u00fazka rezn\u00e1 \u0161p\u00e1ra s men\u0161\u00edm mno\u017estvom odpadu<br \/>\nMEN\u0160IA N\u00c1MAHA<br \/>\n\u00dazka rezn\u00e1 \u0161p\u00e1ra zni\u017euje nam\u00e1hanie po\u010das pr\u00e1ce a predl\u017euje predpokladan\u00fa \u017eivotnos\u0165 ako stroja, tak aj kot\u00fa\u010da.<br \/>\nDLH\u00c1 \u017dIVOTNOS\u0164<br \/>\nPrvotriedne zuby TCT, pomal\u00e9 opotrebenie.<\/p>\n","protected":false},"excerpt":{"rendered":"<p>Vlastnosti: 190 mm<br \/>\nHr\u00fabka zubu: 2,2 mm<br \/>\nV\u0155tanie: 20 mm<br \/>\nPo\u010det zubov: 48<br \/>\nHr\u00fabka kot\u00fa\u010da: 1,6 mm<br \/>\nUhol zubu: 5\u00ba<br \/>\nMax.ot.: 8,040<br \/>\n&#8211; prie\u010dny rez<\/p>\n","protected":false},"featured_media":40082,"comment_status":"closed","ping_status":"open","template":"","meta":{"_lmt_disableupdate":"","_lmt_disable":""},"product_cat":[3051,3369,3398,3399,3403],"product_tag":[],"class_list":{"0":"post-40081","1":"product","2":"type-product","3":"status-publish","4":"has-post-thumbnail","6":"product_cat-makita","7":"product_cat-makita-prislusenstvo","8":"product_cat-sortiment-prislusenstva-pily","9":"product_cat-pilove-kotuce","10":"product_cat-makblade-pre-pokosove-a-stolne-pily","11":"ts_product_brand-makita","13":"first","14":"instock","15":"taxable","16":"shipping-taxable","17":"purchasable","18":"product-type-simple"},"yoast_head":"<!-- This site is optimized with the Yoast SEO plugin v27.3 - https:\/\/yoast.com\/product\/yoast-seo-wordpress\/ -->\n<title>P\u00edlov\u00fd kot\u00fa\u010d na drevo 190-20\/48 MAKBLADE Makita B-08953 - MIR-MAR<\/title>\n<meta name=\"robots\" content=\"index, follow, max-snippet:-1, max-image-preview:large, max-video-preview:-1\" \/>\n<link rel=\"canonical\" href=\"http:\/\/dafinoo.eu\/mirmar\/obchod\/pilovy-kotuc-na-drevo-190-20-48-makblade-makita-b-08953\/\" \/>\n<meta property=\"og:locale\" content=\"sk_SK\" \/>\n<meta property=\"og:type\" content=\"article\" \/>\n<meta property=\"og:title\" content=\"P\u00edlov\u00fd kot\u00fa\u010d na drevo 190-20\/48 MAKBLADE Makita B-08953 - MIR-MAR\" \/>\n<meta property=\"og:description\" content=\"Vlastnosti: 190 mm Hr\u00fabka zubu: 2,2 mm V\u0155tanie: 20 mm Po\u010det zubov: 48 Hr\u00fabka kot\u00fa\u010da: 1,6 mm Uhol zubu: 5\u00ba Max.ot.: 8,040 - prie\u010dny rez\" \/>\n<meta property=\"og:url\" content=\"http:\/\/dafinoo.eu\/mirmar\/obchod\/pilovy-kotuc-na-drevo-190-20-48-makblade-makita-b-08953\/\" \/>\n<meta property=\"og:site_name\" content=\"MIR-MAR\" \/>\n<meta property=\"article:publisher\" content=\"https:\/\/facebook.com\/mirmareshop\" \/>\n<meta property=\"article:modified_time\" content=\"2021-04-19T17:53:42+00:00\" \/>\n<meta property=\"og:image\" content=\"https:\/\/i1.wp.com\/www.mirmar.sk\/wp-content\/uploads\/2021\/03\/acc_makblade_1111_cat_zub.tif_1_1.jpg?fit=1181%2C1181&ssl=1\" \/>\n\t<meta property=\"og:image:width\" content=\"1181\" \/>\n\t<meta property=\"og:image:height\" content=\"1181\" \/>\n\t<meta property=\"og:image:type\" content=\"image\/jpeg\" \/>\n<meta name=\"twitter:label1\" content=\"Predpokladan\u00fd \u010das \u010d\u00edtania\" \/>\n\t<meta name=\"twitter:data1\" content=\"1 min\u00fata\" \/>\n<script type=\"application\/ld+json\" class=\"yoast-schema-graph\">{\"@context\":\"https:\\\/\\\/schema.org\",\"@graph\":[{\"@type\":\"WebPage\",\"@id\":\"http:\\\/\\\/dafinoo.eu\\\/mirmar\\\/obchod\\\/pilovy-kotuc-na-drevo-190-20-48-makblade-makita-b-08953\\\/\",\"url\":\"http:\\\/\\\/dafinoo.eu\\\/mirmar\\\/obchod\\\/pilovy-kotuc-na-drevo-190-20-48-makblade-makita-b-08953\\\/\",\"name\":\"P\u00edlov\u00fd kot\u00fa\u010d na drevo 190-20\\\/48 MAKBLADE Makita B-08953 - MIR-MAR\",\"isPartOf\":{\"@id\":\"http:\\\/\\\/dafinoo.eu\\\/mirmar\\\/#website\"},\"primaryImageOfPage\":{\"@id\":\"http:\\\/\\\/dafinoo.eu\\\/mirmar\\\/obchod\\\/pilovy-kotuc-na-drevo-190-20-48-makblade-makita-b-08953\\\/#primaryimage\"},\"image\":{\"@id\":\"http:\\\/\\\/dafinoo.eu\\\/mirmar\\\/obchod\\\/pilovy-kotuc-na-drevo-190-20-48-makblade-makita-b-08953\\\/#primaryimage\"},\"thumbnailUrl\":\"http:\\\/\\\/dafinoo.eu\\\/mirmar\\\/wp-content\\\/uploads\\\/2021\\\/03\\\/acc_makblade_1111_cat_zub.tif_1_1.jpg\",\"datePublished\":\"2021-03-15T16:37:27+00:00\",\"dateModified\":\"2021-04-19T17:53:42+00:00\",\"breadcrumb\":{\"@id\":\"http:\\\/\\\/dafinoo.eu\\\/mirmar\\\/obchod\\\/pilovy-kotuc-na-drevo-190-20-48-makblade-makita-b-08953\\\/#breadcrumb\"},\"inLanguage\":\"sk-SK\",\"potentialAction\":[{\"@type\":\"ReadAction\",\"target\":[\"http:\\\/\\\/dafinoo.eu\\\/mirmar\\\/obchod\\\/pilovy-kotuc-na-drevo-190-20-48-makblade-makita-b-08953\\\/\"]}]},{\"@type\":\"ImageObject\",\"inLanguage\":\"sk-SK\",\"@id\":\"http:\\\/\\\/dafinoo.eu\\\/mirmar\\\/obchod\\\/pilovy-kotuc-na-drevo-190-20-48-makblade-makita-b-08953\\\/#primaryimage\",\"url\":\"http:\\\/\\\/dafinoo.eu\\\/mirmar\\\/wp-content\\\/uploads\\\/2021\\\/03\\\/acc_makblade_1111_cat_zub.tif_1_1.jpg\",\"contentUrl\":\"http:\\\/\\\/dafinoo.eu\\\/mirmar\\\/wp-content\\\/uploads\\\/2021\\\/03\\\/acc_makblade_1111_cat_zub.tif_1_1.jpg\",\"width\":1181,\"height\":1181},{\"@type\":\"BreadcrumbList\",\"@id\":\"http:\\\/\\\/dafinoo.eu\\\/mirmar\\\/obchod\\\/pilovy-kotuc-na-drevo-190-20-48-makblade-makita-b-08953\\\/#breadcrumb\",\"itemListElement\":[{\"@type\":\"ListItem\",\"position\":1,\"name\":\"Domovsk\u00e1 str\u00e1nka\",\"item\":\"http:\\\/\\\/dafinoo.eu\\\/mirmar\\\/\"},{\"@type\":\"ListItem\",\"position\":2,\"name\":\"Obchod\",\"item\":\"http:\\\/\\\/dafinoo.eu\\\/mirmar\\\/obchod\\\/\"},{\"@type\":\"ListItem\",\"position\":3,\"name\":\"P\u00edlov\u00fd kot\u00fa\u010d na drevo 190-20\\\/48 MAKBLADE Makita B-08953\"}]},{\"@type\":\"WebSite\",\"@id\":\"http:\\\/\\\/dafinoo.eu\\\/mirmar\\\/#website\",\"url\":\"http:\\\/\\\/dafinoo.eu\\\/mirmar\\\/\",\"name\":\"MIR-MAR\",\"description\":\"Eshop s n\u00e1rad\u00edm\",\"publisher\":{\"@id\":\"http:\\\/\\\/dafinoo.eu\\\/mirmar\\\/#organization\"},\"potentialAction\":[{\"@type\":\"SearchAction\",\"target\":{\"@type\":\"EntryPoint\",\"urlTemplate\":\"http:\\\/\\\/dafinoo.eu\\\/mirmar\\\/?s={search_term_string}\"},\"query-input\":{\"@type\":\"PropertyValueSpecification\",\"valueRequired\":true,\"valueName\":\"search_term_string\"}}],\"inLanguage\":\"sk-SK\"},{\"@type\":\"Organization\",\"@id\":\"http:\\\/\\\/dafinoo.eu\\\/mirmar\\\/#organization\",\"name\":\"MIR-MAR\",\"url\":\"http:\\\/\\\/dafinoo.eu\\\/mirmar\\\/\",\"logo\":{\"@type\":\"ImageObject\",\"inLanguage\":\"sk-SK\",\"@id\":\"http:\\\/\\\/dafinoo.eu\\\/mirmar\\\/#\\\/schema\\\/logo\\\/image\\\/\",\"url\":\"http:\\\/\\\/dafinoo.eu\\\/mirmar\\\/wp-content\\\/uploads\\\/2021\\\/03\\\/mirmar_logo.png\",\"contentUrl\":\"http:\\\/\\\/dafinoo.eu\\\/mirmar\\\/wp-content\\\/uploads\\\/2021\\\/03\\\/mirmar_logo.png\",\"width\":256,\"height\":60,\"caption\":\"MIR-MAR\"},\"image\":{\"@id\":\"http:\\\/\\\/dafinoo.eu\\\/mirmar\\\/#\\\/schema\\\/logo\\\/image\\\/\"},\"sameAs\":[\"https:\\\/\\\/facebook.com\\\/mirmareshop\"]}]}<\/script>\n<!-- \/ Yoast SEO plugin. -->","yoast_head_json":{"title":"P\u00edlov\u00fd kot\u00fa\u010d na drevo 190-20\/48 MAKBLADE Makita B-08953 - MIR-MAR","robots":{"index":"index","follow":"follow","max-snippet":"max-snippet:-1","max-image-preview":"max-image-preview:large","max-video-preview":"max-video-preview:-1"},"canonical":"http:\/\/dafinoo.eu\/mirmar\/obchod\/pilovy-kotuc-na-drevo-190-20-48-makblade-makita-b-08953\/","og_locale":"sk_SK","og_type":"article","og_title":"P\u00edlov\u00fd kot\u00fa\u010d na drevo 190-20\/48 MAKBLADE Makita B-08953 - MIR-MAR","og_description":"Vlastnosti: 190 mm Hr\u00fabka zubu: 2,2 mm V\u0155tanie: 20 mm Po\u010det zubov: 48 Hr\u00fabka kot\u00fa\u010da: 1,6 mm Uhol zubu: 5\u00ba Max.ot.: 8,040 - prie\u010dny rez","og_url":"http:\/\/dafinoo.eu\/mirmar\/obchod\/pilovy-kotuc-na-drevo-190-20-48-makblade-makita-b-08953\/","og_site_name":"MIR-MAR","article_publisher":"https:\/\/facebook.com\/mirmareshop","article_modified_time":"2021-04-19T17:53:42+00:00","og_image":[{"width":1181,"height":1181,"url":"https:\/\/i1.wp.com\/www.mirmar.sk\/wp-content\/uploads\/2021\/03\/acc_makblade_1111_cat_zub.tif_1_1.jpg?fit=1181%2C1181&ssl=1","type":"image\/jpeg"}],"twitter_misc":{"Predpokladan\u00fd \u010das \u010d\u00edtania":"1 min\u00fata"},"schema":{"@context":"https:\/\/schema.org","@graph":[{"@type":"WebPage","@id":"http:\/\/dafinoo.eu\/mirmar\/obchod\/pilovy-kotuc-na-drevo-190-20-48-makblade-makita-b-08953\/","url":"http:\/\/dafinoo.eu\/mirmar\/obchod\/pilovy-kotuc-na-drevo-190-20-48-makblade-makita-b-08953\/","name":"P\u00edlov\u00fd kot\u00fa\u010d na drevo 190-20\/48 MAKBLADE Makita B-08953 - MIR-MAR","isPartOf":{"@id":"http:\/\/dafinoo.eu\/mirmar\/#website"},"primaryImageOfPage":{"@id":"http:\/\/dafinoo.eu\/mirmar\/obchod\/pilovy-kotuc-na-drevo-190-20-48-makblade-makita-b-08953\/#primaryimage"},"image":{"@id":"http:\/\/dafinoo.eu\/mirmar\/obchod\/pilovy-kotuc-na-drevo-190-20-48-makblade-makita-b-08953\/#primaryimage"},"thumbnailUrl":"http:\/\/dafinoo.eu\/mirmar\/wp-content\/uploads\/2021\/03\/acc_makblade_1111_cat_zub.tif_1_1.jpg","datePublished":"2021-03-15T16:37:27+00:00","dateModified":"2021-04-19T17:53:42+00:00","breadcrumb":{"@id":"http:\/\/dafinoo.eu\/mirmar\/obchod\/pilovy-kotuc-na-drevo-190-20-48-makblade-makita-b-08953\/#breadcrumb"},"inLanguage":"sk-SK","potentialAction":[{"@type":"ReadAction","target":["http:\/\/dafinoo.eu\/mirmar\/obchod\/pilovy-kotuc-na-drevo-190-20-48-makblade-makita-b-08953\/"]}]},{"@type":"ImageObject","inLanguage":"sk-SK","@id":"http:\/\/dafinoo.eu\/mirmar\/obchod\/pilovy-kotuc-na-drevo-190-20-48-makblade-makita-b-08953\/#primaryimage","url":"http:\/\/dafinoo.eu\/mirmar\/wp-content\/uploads\/2021\/03\/acc_makblade_1111_cat_zub.tif_1_1.jpg","contentUrl":"http:\/\/dafinoo.eu\/mirmar\/wp-content\/uploads\/2021\/03\/acc_makblade_1111_cat_zub.tif_1_1.jpg","width":1181,"height":1181},{"@type":"BreadcrumbList","@id":"http:\/\/dafinoo.eu\/mirmar\/obchod\/pilovy-kotuc-na-drevo-190-20-48-makblade-makita-b-08953\/#breadcrumb","itemListElement":[{"@type":"ListItem","position":1,"name":"Domovsk\u00e1 str\u00e1nka","item":"http:\/\/dafinoo.eu\/mirmar\/"},{"@type":"ListItem","position":2,"name":"Obchod","item":"http:\/\/dafinoo.eu\/mirmar\/obchod\/"},{"@type":"ListItem","position":3,"name":"P\u00edlov\u00fd kot\u00fa\u010d na drevo 190-20\/48 MAKBLADE Makita B-08953"}]},{"@type":"WebSite","@id":"http:\/\/dafinoo.eu\/mirmar\/#website","url":"http:\/\/dafinoo.eu\/mirmar\/","name":"MIR-MAR","description":"Eshop s n\u00e1rad\u00edm","publisher":{"@id":"http:\/\/dafinoo.eu\/mirmar\/#organization"},"potentialAction":[{"@type":"SearchAction","target":{"@type":"EntryPoint","urlTemplate":"http:\/\/dafinoo.eu\/mirmar\/?s={search_term_string}"},"query-input":{"@type":"PropertyValueSpecification","valueRequired":true,"valueName":"search_term_string"}}],"inLanguage":"sk-SK"},{"@type":"Organization","@id":"http:\/\/dafinoo.eu\/mirmar\/#organization","name":"MIR-MAR","url":"http:\/\/dafinoo.eu\/mirmar\/","logo":{"@type":"ImageObject","inLanguage":"sk-SK","@id":"http:\/\/dafinoo.eu\/mirmar\/#\/schema\/logo\/image\/","url":"http:\/\/dafinoo.eu\/mirmar\/wp-content\/uploads\/2021\/03\/mirmar_logo.png","contentUrl":"http:\/\/dafinoo.eu\/mirmar\/wp-content\/uploads\/2021\/03\/mirmar_logo.png","width":256,"height":60,"caption":"MIR-MAR"},"image":{"@id":"http:\/\/dafinoo.eu\/mirmar\/#\/schema\/logo\/image\/"},"sameAs":["https:\/\/facebook.com\/mirmareshop"]}]}},"_links":{"self":[{"href":"http:\/\/dafinoo.eu\/mirmar\/wp-json\/wp\/v2\/product\/40081","targetHints":{"allow":["GET"]}}],"collection":[{"href":"http:\/\/dafinoo.eu\/mirmar\/wp-json\/wp\/v2\/product"}],"about":[{"href":"http:\/\/dafinoo.eu\/mirmar\/wp-json\/wp\/v2\/types\/product"}],"replies":[{"embeddable":true,"href":"http:\/\/dafinoo.eu\/mirmar\/wp-json\/wp\/v2\/comments?post=40081"}],"wp:featuredmedia":[{"embeddable":true,"href":"http:\/\/dafinoo.eu\/mirmar\/wp-json\/wp\/v2\/media\/40082"}],"wp:attachment":[{"href":"http:\/\/dafinoo.eu\/mirmar\/wp-json\/wp\/v2\/media?parent=40081"}],"wp:term":[{"taxonomy":"product_cat","embeddable":true,"href":"http:\/\/dafinoo.eu\/mirmar\/wp-json\/wp\/v2\/product_cat?post=40081"},{"taxonomy":"product_tag","embeddable":true,"href":"http:\/\/dafinoo.eu\/mirmar\/wp-json\/wp\/v2\/product_tag?post=40081"}],"curies":[{"name":"wp","href":"https:\/\/api.w.org\/{rel}","templated":true}]}}