{"id":41730,"date":"2021-03-15T17:47:26","date_gmt":"2021-03-15T16:47:26","guid":{"rendered":"http:\/\/dafinoo.eu\/mirmar\/product\/makita-dcb200a\/"},"modified":"2021-04-19T20:00:45","modified_gmt":"2021-04-19T18:00:45","slug":"makita-dcb200a","status":"publish","type":"product","link":"http:\/\/dafinoo.eu\/mirmar\/obchod\/makita-dcb200a\/","title":{"rendered":"Makita DCB200A"},"content":{"rendered":"<ul class=\"list-icon mb-4\">\n<li>Akumul&aacute;torov&aacute; vyhrievan&aacute; deka nap&aacute;jan&aacute; bat&eacute;riami 14,4 V a 18 V<\/li>\n<li>M&ocirc;\u017ee by\u0165 pou\u017eit&yacute; ako deka na kolen&aacute; alebo ako otep\u013eovacia suk\u0148a<\/li>\n<li>Vonkaj&scaron;&iacute; materi&aacute;l sa \u013eahko \u010dist&iacute; a pod&scaron;&iacute;vka je vyroben&aacute; z m&auml;kkej polyesterovej ko\u017eu&scaron;iny<\/li>\n<li>Mo\u017eno pra\u0165 v pr&aacute;\u010dke (adapt&eacute;r akumul&aacute;tora mus&iacute; by\u0165 odstr&aacute;nen&yacute;)<\/li>\n<li>Vrecko na zips pre bezpe\u010dn&eacute; ulo\u017eenie bat&eacute;rie<\/li>\n<li>Dotykom ovl&aacute;da\u010da umiestnen&eacute;ho v \u013eavom hornom rohu zapnete \/ vypnete a vyberiete &uacute;rove\u0148 vykurovania<\/li>\n<li>3 &uacute;rovne regul&aacute;cie &uacute;rovne vykurovania<\/li>\n<li>Vykurovacie teleso umiestnen&eacute; v hornej \/ strednej \u010dasti prikr&yacute;vky<\/li>\n<li>Kompatibiln&eacute; s adapt&eacute;rmi:<br \/>&#8211; PE00000001 prebat&eacute;rie&nbsp;10,8 V&nbsp;&#8211; PE00000037 pre bat&eacute;rie CXT 12 V max (10,8 V)<br \/>&#8211; PE00000066 pre bat&eacute;rie 14,4 V \/ 18 V<\/li>\n<li>Ochrana pred nadmern&yacute;m vybit&iacute;m bat&eacute;rie<\/li>\n<li>M&ocirc;\u017ee sa pou\u017ei\u0165 predl\u017eovac&iacute; k&aacute;bel 1,5 m<\/li>\n<li>\u010cierna deka so svetlo modrou pod&scaron;&iacute;vkou<\/li>\n<li>Dod&aacute;va sa s prepravn&yacute;m vreckom<\/li>\n<\/ul>\n","protected":false},"excerpt":{"rendered":"<p>Akumul&aacute;torov&aacute; vyhrievan&aacute; deka nap&aacute;jan&aacute; bat&eacute;riami 14,4 V a 18 V M&ocirc;\u017ee by\u0165 pou\u017eit&yacute; ako deka na kolen&aacute; alebo ako otep\u013eovacia suk\u0148a Vonkaj&scaron;&iacute; materi&aacute;l sa \u013eahko \u010dist&iacute; a pod&scaron;&iacute;vka je vyroben&aacute; z m&auml;kkej polyesterovej ko\u017eu&scaron;iny Mo\u017eno pra\u0165 v pr&aacute;\u010dke (adapt&eacute;r akumul&aacute;tora mus&iacute; by\u0165 odstr&aacute;nen&yacute;) Vrecko na zips pre bezpe\u010dn&eacute; ulo\u017eenie bat&eacute;rie Dotykom ovl&aacute;da\u010da umiestnen&eacute;ho v \u013eavom [&hellip;]<\/p>\n","protected":false},"featured_media":41731,"comment_status":"closed","ping_status":"open","template":"","meta":{"_lmt_disableupdate":"","_lmt_disable":""},"product_cat":[3051,3478,3141,3479],"product_tag":[],"class_list":{"0":"post-41730","1":"product","2":"type-product","3":"status-publish","4":"has-post-thumbnail","6":"product_cat-makita","7":"product_cat-ostatne-stroje-akumulatorove-naradie-makita","8":"product_cat-akumulatorove-naradie-makita","9":"product_cat-ostatne-stroje-18v-ostatne-stroje-akumulatorove-naradie-makita","11":"first","12":"instock","13":"taxable","14":"shipping-taxable","15":"purchasable","16":"product-type-simple"},"yoast_head":"<!-- This site is optimized with the Yoast SEO plugin v27.3 - https:\/\/yoast.com\/product\/yoast-seo-wordpress\/ -->\n<title>Makita DCB200A - MIR-MAR<\/title>\n<meta name=\"robots\" content=\"index, follow, max-snippet:-1, max-image-preview:large, max-video-preview:-1\" \/>\n<link rel=\"canonical\" href=\"http:\/\/dafinoo.eu\/mirmar\/obchod\/makita-dcb200a\/\" \/>\n<meta property=\"og:locale\" content=\"sk_SK\" \/>\n<meta property=\"og:type\" content=\"article\" \/>\n<meta property=\"og:title\" content=\"Makita DCB200A - MIR-MAR\" \/>\n<meta property=\"og:description\" content=\"Akumul&aacute;torov&aacute; vyhrievan&aacute; deka nap&aacute;jan&aacute; bat&eacute;riami 14,4 V a 18 V M&ocirc;\u017ee by\u0165 pou\u017eit&yacute; ako deka na kolen&aacute; alebo ako otep\u013eovacia suk\u0148a Vonkaj&scaron;&iacute; materi&aacute;l sa \u013eahko \u010dist&iacute; a pod&scaron;&iacute;vka je vyroben&aacute; z m&auml;kkej polyesterovej ko\u017eu&scaron;iny Mo\u017eno pra\u0165 v pr&aacute;\u010dke (adapt&eacute;r akumul&aacute;tora mus&iacute; by\u0165 odstr&aacute;nen&yacute;) Vrecko na zips pre bezpe\u010dn&eacute; ulo\u017eenie bat&eacute;rie Dotykom ovl&aacute;da\u010da umiestnen&eacute;ho v \u013eavom [&hellip;]\" \/>\n<meta property=\"og:url\" content=\"http:\/\/dafinoo.eu\/mirmar\/obchod\/makita-dcb200a\/\" \/>\n<meta property=\"og:site_name\" content=\"MIR-MAR\" \/>\n<meta property=\"article:publisher\" content=\"https:\/\/facebook.com\/mirmareshop\" \/>\n<meta property=\"article:modified_time\" content=\"2021-04-19T18:00:45+00:00\" \/>\n<meta property=\"og:image\" content=\"http:\/\/dafinoo.eu\/mirmar\/wp-content\/uploads\/2021\/03\/dcb200a_0919_ma.tif.jpg\" \/>\n\t<meta property=\"og:image:width\" content=\"640\" \/>\n\t<meta property=\"og:image:height\" content=\"640\" \/>\n\t<meta property=\"og:image:type\" content=\"image\/jpeg\" \/>\n<meta name=\"twitter:label1\" content=\"Predpokladan\u00fd \u010das \u010d\u00edtania\" \/>\n\t<meta name=\"twitter:data1\" content=\"1 min\u00fata\" \/>\n<script type=\"application\/ld+json\" class=\"yoast-schema-graph\">{\"@context\":\"https:\\\/\\\/schema.org\",\"@graph\":[{\"@type\":\"WebPage\",\"@id\":\"http:\\\/\\\/dafinoo.eu\\\/mirmar\\\/obchod\\\/makita-dcb200a\\\/\",\"url\":\"http:\\\/\\\/dafinoo.eu\\\/mirmar\\\/obchod\\\/makita-dcb200a\\\/\",\"name\":\"Makita DCB200A - MIR-MAR\",\"isPartOf\":{\"@id\":\"http:\\\/\\\/dafinoo.eu\\\/mirmar\\\/#website\"},\"primaryImageOfPage\":{\"@id\":\"http:\\\/\\\/dafinoo.eu\\\/mirmar\\\/obchod\\\/makita-dcb200a\\\/#primaryimage\"},\"image\":{\"@id\":\"http:\\\/\\\/dafinoo.eu\\\/mirmar\\\/obchod\\\/makita-dcb200a\\\/#primaryimage\"},\"thumbnailUrl\":\"http:\\\/\\\/dafinoo.eu\\\/mirmar\\\/wp-content\\\/uploads\\\/2021\\\/03\\\/dcb200a_0919_ma.tif.jpg\",\"datePublished\":\"2021-03-15T16:47:26+00:00\",\"dateModified\":\"2021-04-19T18:00:45+00:00\",\"breadcrumb\":{\"@id\":\"http:\\\/\\\/dafinoo.eu\\\/mirmar\\\/obchod\\\/makita-dcb200a\\\/#breadcrumb\"},\"inLanguage\":\"sk-SK\",\"potentialAction\":[{\"@type\":\"ReadAction\",\"target\":[\"http:\\\/\\\/dafinoo.eu\\\/mirmar\\\/obchod\\\/makita-dcb200a\\\/\"]}]},{\"@type\":\"ImageObject\",\"inLanguage\":\"sk-SK\",\"@id\":\"http:\\\/\\\/dafinoo.eu\\\/mirmar\\\/obchod\\\/makita-dcb200a\\\/#primaryimage\",\"url\":\"http:\\\/\\\/dafinoo.eu\\\/mirmar\\\/wp-content\\\/uploads\\\/2021\\\/03\\\/dcb200a_0919_ma.tif.jpg\",\"contentUrl\":\"http:\\\/\\\/dafinoo.eu\\\/mirmar\\\/wp-content\\\/uploads\\\/2021\\\/03\\\/dcb200a_0919_ma.tif.jpg\",\"width\":640,\"height\":640},{\"@type\":\"BreadcrumbList\",\"@id\":\"http:\\\/\\\/dafinoo.eu\\\/mirmar\\\/obchod\\\/makita-dcb200a\\\/#breadcrumb\",\"itemListElement\":[{\"@type\":\"ListItem\",\"position\":1,\"name\":\"Domovsk\u00e1 str\u00e1nka\",\"item\":\"http:\\\/\\\/dafinoo.eu\\\/mirmar\\\/\"},{\"@type\":\"ListItem\",\"position\":2,\"name\":\"Obchod\",\"item\":\"http:\\\/\\\/dafinoo.eu\\\/mirmar\\\/obchod\\\/\"},{\"@type\":\"ListItem\",\"position\":3,\"name\":\"Makita DCB200A\"}]},{\"@type\":\"WebSite\",\"@id\":\"http:\\\/\\\/dafinoo.eu\\\/mirmar\\\/#website\",\"url\":\"http:\\\/\\\/dafinoo.eu\\\/mirmar\\\/\",\"name\":\"MIR-MAR\",\"description\":\"Eshop s n\u00e1rad\u00edm\",\"publisher\":{\"@id\":\"http:\\\/\\\/dafinoo.eu\\\/mirmar\\\/#organization\"},\"potentialAction\":[{\"@type\":\"SearchAction\",\"target\":{\"@type\":\"EntryPoint\",\"urlTemplate\":\"http:\\\/\\\/dafinoo.eu\\\/mirmar\\\/?s={search_term_string}\"},\"query-input\":{\"@type\":\"PropertyValueSpecification\",\"valueRequired\":true,\"valueName\":\"search_term_string\"}}],\"inLanguage\":\"sk-SK\"},{\"@type\":\"Organization\",\"@id\":\"http:\\\/\\\/dafinoo.eu\\\/mirmar\\\/#organization\",\"name\":\"MIR-MAR\",\"url\":\"http:\\\/\\\/dafinoo.eu\\\/mirmar\\\/\",\"logo\":{\"@type\":\"ImageObject\",\"inLanguage\":\"sk-SK\",\"@id\":\"http:\\\/\\\/dafinoo.eu\\\/mirmar\\\/#\\\/schema\\\/logo\\\/image\\\/\",\"url\":\"http:\\\/\\\/dafinoo.eu\\\/mirmar\\\/wp-content\\\/uploads\\\/2021\\\/03\\\/mirmar_logo.png\",\"contentUrl\":\"http:\\\/\\\/dafinoo.eu\\\/mirmar\\\/wp-content\\\/uploads\\\/2021\\\/03\\\/mirmar_logo.png\",\"width\":256,\"height\":60,\"caption\":\"MIR-MAR\"},\"image\":{\"@id\":\"http:\\\/\\\/dafinoo.eu\\\/mirmar\\\/#\\\/schema\\\/logo\\\/image\\\/\"},\"sameAs\":[\"https:\\\/\\\/facebook.com\\\/mirmareshop\"]}]}<\/script>\n<!-- \/ Yoast SEO plugin. -->","yoast_head_json":{"title":"Makita DCB200A - MIR-MAR","robots":{"index":"index","follow":"follow","max-snippet":"max-snippet:-1","max-image-preview":"max-image-preview:large","max-video-preview":"max-video-preview:-1"},"canonical":"http:\/\/dafinoo.eu\/mirmar\/obchod\/makita-dcb200a\/","og_locale":"sk_SK","og_type":"article","og_title":"Makita DCB200A - MIR-MAR","og_description":"Akumul&aacute;torov&aacute; vyhrievan&aacute; deka nap&aacute;jan&aacute; bat&eacute;riami 14,4 V a 18 V M&ocirc;\u017ee by\u0165 pou\u017eit&yacute; ako deka na kolen&aacute; alebo ako otep\u013eovacia suk\u0148a Vonkaj&scaron;&iacute; materi&aacute;l sa \u013eahko \u010dist&iacute; a pod&scaron;&iacute;vka je vyroben&aacute; z m&auml;kkej polyesterovej ko\u017eu&scaron;iny Mo\u017eno pra\u0165 v pr&aacute;\u010dke (adapt&eacute;r akumul&aacute;tora mus&iacute; by\u0165 odstr&aacute;nen&yacute;) Vrecko na zips pre bezpe\u010dn&eacute; ulo\u017eenie bat&eacute;rie Dotykom ovl&aacute;da\u010da umiestnen&eacute;ho v \u013eavom [&hellip;]","og_url":"http:\/\/dafinoo.eu\/mirmar\/obchod\/makita-dcb200a\/","og_site_name":"MIR-MAR","article_publisher":"https:\/\/facebook.com\/mirmareshop","article_modified_time":"2021-04-19T18:00:45+00:00","og_image":[{"width":640,"height":640,"url":"http:\/\/dafinoo.eu\/mirmar\/wp-content\/uploads\/2021\/03\/dcb200a_0919_ma.tif.jpg","type":"image\/jpeg"}],"twitter_misc":{"Predpokladan\u00fd \u010das \u010d\u00edtania":"1 min\u00fata"},"schema":{"@context":"https:\/\/schema.org","@graph":[{"@type":"WebPage","@id":"http:\/\/dafinoo.eu\/mirmar\/obchod\/makita-dcb200a\/","url":"http:\/\/dafinoo.eu\/mirmar\/obchod\/makita-dcb200a\/","name":"Makita DCB200A - MIR-MAR","isPartOf":{"@id":"http:\/\/dafinoo.eu\/mirmar\/#website"},"primaryImageOfPage":{"@id":"http:\/\/dafinoo.eu\/mirmar\/obchod\/makita-dcb200a\/#primaryimage"},"image":{"@id":"http:\/\/dafinoo.eu\/mirmar\/obchod\/makita-dcb200a\/#primaryimage"},"thumbnailUrl":"http:\/\/dafinoo.eu\/mirmar\/wp-content\/uploads\/2021\/03\/dcb200a_0919_ma.tif.jpg","datePublished":"2021-03-15T16:47:26+00:00","dateModified":"2021-04-19T18:00:45+00:00","breadcrumb":{"@id":"http:\/\/dafinoo.eu\/mirmar\/obchod\/makita-dcb200a\/#breadcrumb"},"inLanguage":"sk-SK","potentialAction":[{"@type":"ReadAction","target":["http:\/\/dafinoo.eu\/mirmar\/obchod\/makita-dcb200a\/"]}]},{"@type":"ImageObject","inLanguage":"sk-SK","@id":"http:\/\/dafinoo.eu\/mirmar\/obchod\/makita-dcb200a\/#primaryimage","url":"http:\/\/dafinoo.eu\/mirmar\/wp-content\/uploads\/2021\/03\/dcb200a_0919_ma.tif.jpg","contentUrl":"http:\/\/dafinoo.eu\/mirmar\/wp-content\/uploads\/2021\/03\/dcb200a_0919_ma.tif.jpg","width":640,"height":640},{"@type":"BreadcrumbList","@id":"http:\/\/dafinoo.eu\/mirmar\/obchod\/makita-dcb200a\/#breadcrumb","itemListElement":[{"@type":"ListItem","position":1,"name":"Domovsk\u00e1 str\u00e1nka","item":"http:\/\/dafinoo.eu\/mirmar\/"},{"@type":"ListItem","position":2,"name":"Obchod","item":"http:\/\/dafinoo.eu\/mirmar\/obchod\/"},{"@type":"ListItem","position":3,"name":"Makita DCB200A"}]},{"@type":"WebSite","@id":"http:\/\/dafinoo.eu\/mirmar\/#website","url":"http:\/\/dafinoo.eu\/mirmar\/","name":"MIR-MAR","description":"Eshop s n\u00e1rad\u00edm","publisher":{"@id":"http:\/\/dafinoo.eu\/mirmar\/#organization"},"potentialAction":[{"@type":"SearchAction","target":{"@type":"EntryPoint","urlTemplate":"http:\/\/dafinoo.eu\/mirmar\/?s={search_term_string}"},"query-input":{"@type":"PropertyValueSpecification","valueRequired":true,"valueName":"search_term_string"}}],"inLanguage":"sk-SK"},{"@type":"Organization","@id":"http:\/\/dafinoo.eu\/mirmar\/#organization","name":"MIR-MAR","url":"http:\/\/dafinoo.eu\/mirmar\/","logo":{"@type":"ImageObject","inLanguage":"sk-SK","@id":"http:\/\/dafinoo.eu\/mirmar\/#\/schema\/logo\/image\/","url":"http:\/\/dafinoo.eu\/mirmar\/wp-content\/uploads\/2021\/03\/mirmar_logo.png","contentUrl":"http:\/\/dafinoo.eu\/mirmar\/wp-content\/uploads\/2021\/03\/mirmar_logo.png","width":256,"height":60,"caption":"MIR-MAR"},"image":{"@id":"http:\/\/dafinoo.eu\/mirmar\/#\/schema\/logo\/image\/"},"sameAs":["https:\/\/facebook.com\/mirmareshop"]}]}},"_links":{"self":[{"href":"http:\/\/dafinoo.eu\/mirmar\/wp-json\/wp\/v2\/product\/41730","targetHints":{"allow":["GET"]}}],"collection":[{"href":"http:\/\/dafinoo.eu\/mirmar\/wp-json\/wp\/v2\/product"}],"about":[{"href":"http:\/\/dafinoo.eu\/mirmar\/wp-json\/wp\/v2\/types\/product"}],"replies":[{"embeddable":true,"href":"http:\/\/dafinoo.eu\/mirmar\/wp-json\/wp\/v2\/comments?post=41730"}],"wp:featuredmedia":[{"embeddable":true,"href":"http:\/\/dafinoo.eu\/mirmar\/wp-json\/wp\/v2\/media\/41731"}],"wp:attachment":[{"href":"http:\/\/dafinoo.eu\/mirmar\/wp-json\/wp\/v2\/media?parent=41730"}],"wp:term":[{"taxonomy":"product_cat","embeddable":true,"href":"http:\/\/dafinoo.eu\/mirmar\/wp-json\/wp\/v2\/product_cat?post=41730"},{"taxonomy":"product_tag","embeddable":true,"href":"http:\/\/dafinoo.eu\/mirmar\/wp-json\/wp\/v2\/product_tag?post=41730"}],"curies":[{"name":"wp","href":"https:\/\/api.w.org\/{rel}","templated":true}]}}