{"id":42609,"date":"2021-04-22T16:37:02","date_gmt":"2021-04-22T14:37:02","guid":{"rendered":"http:\/\/dafinoo.eu\/mirmar\/?post_type=product&#038;p=42609"},"modified":"2021-04-23T17:06:47","modified_gmt":"2021-04-23T15:06:47","slug":"dmr114-akumulatorove-radio","status":"publish","type":"product","link":"http:\/\/dafinoo.eu\/mirmar\/obchod\/dmr114-akumulatorove-radio\/","title":{"rendered":"DMR114 AKUMUL\u00c1TOROV\u00c9 R\u00c1DIO"},"content":{"rendered":"<ul>\n<li>Bat\u00e9ria s dob\u00edjan\u00edm 18 V LXT Li-ion 6,0 Ah pracuje a\u017e 21 hod\u00edn<\/li>\n<li><i class=\"icon-check text-success\"><\/i>Trieda Bluetooth 2 ** na bezdr\u00f4tov\u00e9 prehr\u00e1vanie hudby z mobiln\u00e9ho zariadenia (s dosahom 10 metrov; a\u017e 30 metrov (100 st\u00f4p) v dobr\u00fdch podmienkach r\u00e1dia)<\/li>\n<li><i class=\"icon-check text-success\"><\/i>Vybaven\u00fd ekvaliz\u00e9rom pre 7 volite\u013en\u00fdch zvukov\u00fdch re\u017eimov<\/li>\n<li><i class=\"icon-check text-success\"><\/i>Rukov\u00e4\u0165 so vstavanou ant\u00e9nou FM<\/li>\n<li><i class=\"icon-check text-success\"><\/i>Krytie IP65 je ur\u010den\u00e9 pre maxim\u00e1lnu odolnos\u0165 proti poveternostn\u00fdm vplyvom a vode vhodn\u00e9 pre pracovisko alebo \u0161portov\u00e9 \/ rekrea\u010dn\u00e9 pou\u017eitie<\/li>\n<li><i class=\"icon-check text-success\"><\/i>Vybaven\u00e9 High quality sound woofer<\/li>\n<li><i class=\"icon-check text-success\"><\/i>Umo\u017e\u0148uje nab\u00edjanie mobiln\u00e9ho zariadenia a z\u00e1suvky USB typu A pre dvojit\u00e9 zdroje nap\u00e1jania USB DC5V \/ 2.4A<\/li>\n<li><i class=\"icon-check text-success\"><\/i>Pripojenie na sie\u0165ovom adapt\u00e9ri alebo Li-ion bat\u00e9ri\u00e1ch Makita<\/li>\n<li><i class=\"icon-check text-success\"><\/i>Kompatibilita bat\u00e9rie LXT:<\/li>\n<\/ul>\n","protected":false},"excerpt":{"rendered":"<p>Bat\u00e9ria s dob\u00edjan\u00edm 18 V LXT Li-ion 6,0 Ah pracuje a\u017e 21 hod\u00edn Trieda Bluetooth 2 ** na bezdr\u00f4tov\u00e9 prehr\u00e1vanie hudby z mobiln\u00e9ho zariadenia (s dosahom 10 metrov; a\u017e 30 metrov (100 st\u00f4p) v dobr\u00fdch podmienkach r\u00e1dia) Vybaven\u00fd ekvaliz\u00e9rom pre 7 volite\u013en\u00fdch zvukov\u00fdch re\u017eimov Rukov\u00e4\u0165 so vstavanou ant\u00e9nou FM Krytie IP65 je ur\u010den\u00e9 pre maxim\u00e1lnu [&hellip;]<\/p>\n","protected":false},"featured_media":42611,"comment_status":"open","ping_status":"closed","template":"","meta":{"_lmt_disableupdate":"","_lmt_disable":""},"product_cat":[3051,3157,3141],"product_tag":[],"class_list":{"0":"post-42609","1":"product","2":"type-product","3":"status-publish","4":"has-post-thumbnail","6":"product_cat-makita","7":"product_cat-radia-akumulatorove-naradie-makita","8":"product_cat-akumulatorove-naradie-makita","9":"ts_product_brand-makita","11":"first","12":"instock","13":"taxable","14":"shipping-taxable","15":"purchasable","16":"product-type-simple"},"yoast_head":"<!-- This site is optimized with the Yoast SEO plugin v27.3 - https:\/\/yoast.com\/product\/yoast-seo-wordpress\/ -->\n<title>DMR114 AKUMUL\u00c1TOROV\u00c9 R\u00c1DIO - MIR-MAR<\/title>\n<meta name=\"robots\" content=\"index, follow, max-snippet:-1, max-image-preview:large, max-video-preview:-1\" \/>\n<link rel=\"canonical\" href=\"http:\/\/dafinoo.eu\/mirmar\/obchod\/dmr114-akumulatorove-radio\/\" \/>\n<meta property=\"og:locale\" content=\"sk_SK\" \/>\n<meta property=\"og:type\" content=\"article\" \/>\n<meta property=\"og:title\" content=\"DMR114 AKUMUL\u00c1TOROV\u00c9 R\u00c1DIO - MIR-MAR\" \/>\n<meta property=\"og:description\" content=\"Bat\u00e9ria s dob\u00edjan\u00edm 18 V LXT Li-ion 6,0 Ah pracuje a\u017e 21 hod\u00edn Trieda Bluetooth 2 ** na bezdr\u00f4tov\u00e9 prehr\u00e1vanie hudby z mobiln\u00e9ho zariadenia (s dosahom 10 metrov; a\u017e 30 metrov (100 st\u00f4p) v dobr\u00fdch podmienkach r\u00e1dia) Vybaven\u00fd ekvaliz\u00e9rom pre 7 volite\u013en\u00fdch zvukov\u00fdch re\u017eimov Rukov\u00e4\u0165 so vstavanou ant\u00e9nou FM Krytie IP65 je ur\u010den\u00e9 pre maxim\u00e1lnu [&hellip;]\" \/>\n<meta property=\"og:url\" content=\"http:\/\/dafinoo.eu\/mirmar\/obchod\/dmr114-akumulatorove-radio\/\" \/>\n<meta property=\"og:site_name\" content=\"MIR-MAR\" \/>\n<meta property=\"article:publisher\" content=\"https:\/\/facebook.com\/mirmareshop\" \/>\n<meta property=\"article:modified_time\" content=\"2021-04-23T15:06:47+00:00\" \/>\n<meta property=\"og:image\" content=\"http:\/\/dafinoo.eu\/mirmar\/wp-content\/uploads\/2021\/04\/dmr114_0519_ma.tif.jpg\" \/>\n\t<meta property=\"og:image:width\" content=\"945\" \/>\n\t<meta property=\"og:image:height\" content=\"945\" \/>\n\t<meta property=\"og:image:type\" content=\"image\/jpeg\" \/>\n<meta name=\"twitter:label1\" content=\"Predpokladan\u00fd \u010das \u010d\u00edtania\" \/>\n\t<meta name=\"twitter:data1\" content=\"1 min\u00fata\" \/>\n<script type=\"application\/ld+json\" class=\"yoast-schema-graph\">{\"@context\":\"https:\\\/\\\/schema.org\",\"@graph\":[{\"@type\":\"WebPage\",\"@id\":\"http:\\\/\\\/dafinoo.eu\\\/mirmar\\\/obchod\\\/dmr114-akumulatorove-radio\\\/\",\"url\":\"http:\\\/\\\/dafinoo.eu\\\/mirmar\\\/obchod\\\/dmr114-akumulatorove-radio\\\/\",\"name\":\"DMR114 AKUMUL\u00c1TOROV\u00c9 R\u00c1DIO - MIR-MAR\",\"isPartOf\":{\"@id\":\"http:\\\/\\\/dafinoo.eu\\\/mirmar\\\/#website\"},\"primaryImageOfPage\":{\"@id\":\"http:\\\/\\\/dafinoo.eu\\\/mirmar\\\/obchod\\\/dmr114-akumulatorove-radio\\\/#primaryimage\"},\"image\":{\"@id\":\"http:\\\/\\\/dafinoo.eu\\\/mirmar\\\/obchod\\\/dmr114-akumulatorove-radio\\\/#primaryimage\"},\"thumbnailUrl\":\"http:\\\/\\\/dafinoo.eu\\\/mirmar\\\/wp-content\\\/uploads\\\/2021\\\/04\\\/dmr114_0519_ma.tif.jpg\",\"datePublished\":\"2021-04-22T14:37:02+00:00\",\"dateModified\":\"2021-04-23T15:06:47+00:00\",\"breadcrumb\":{\"@id\":\"http:\\\/\\\/dafinoo.eu\\\/mirmar\\\/obchod\\\/dmr114-akumulatorove-radio\\\/#breadcrumb\"},\"inLanguage\":\"sk-SK\",\"potentialAction\":[{\"@type\":\"ReadAction\",\"target\":[\"http:\\\/\\\/dafinoo.eu\\\/mirmar\\\/obchod\\\/dmr114-akumulatorove-radio\\\/\"]}]},{\"@type\":\"ImageObject\",\"inLanguage\":\"sk-SK\",\"@id\":\"http:\\\/\\\/dafinoo.eu\\\/mirmar\\\/obchod\\\/dmr114-akumulatorove-radio\\\/#primaryimage\",\"url\":\"http:\\\/\\\/dafinoo.eu\\\/mirmar\\\/wp-content\\\/uploads\\\/2021\\\/04\\\/dmr114_0519_ma.tif.jpg\",\"contentUrl\":\"http:\\\/\\\/dafinoo.eu\\\/mirmar\\\/wp-content\\\/uploads\\\/2021\\\/04\\\/dmr114_0519_ma.tif.jpg\",\"width\":945,\"height\":945},{\"@type\":\"BreadcrumbList\",\"@id\":\"http:\\\/\\\/dafinoo.eu\\\/mirmar\\\/obchod\\\/dmr114-akumulatorove-radio\\\/#breadcrumb\",\"itemListElement\":[{\"@type\":\"ListItem\",\"position\":1,\"name\":\"Domovsk\u00e1 str\u00e1nka\",\"item\":\"http:\\\/\\\/dafinoo.eu\\\/mirmar\\\/\"},{\"@type\":\"ListItem\",\"position\":2,\"name\":\"Obchod\",\"item\":\"http:\\\/\\\/dafinoo.eu\\\/mirmar\\\/obchod\\\/\"},{\"@type\":\"ListItem\",\"position\":3,\"name\":\"DMR114 AKUMUL\u00c1TOROV\u00c9 R\u00c1DIO\"}]},{\"@type\":\"WebSite\",\"@id\":\"http:\\\/\\\/dafinoo.eu\\\/mirmar\\\/#website\",\"url\":\"http:\\\/\\\/dafinoo.eu\\\/mirmar\\\/\",\"name\":\"MIR-MAR\",\"description\":\"Eshop s n\u00e1rad\u00edm\",\"publisher\":{\"@id\":\"http:\\\/\\\/dafinoo.eu\\\/mirmar\\\/#organization\"},\"potentialAction\":[{\"@type\":\"SearchAction\",\"target\":{\"@type\":\"EntryPoint\",\"urlTemplate\":\"http:\\\/\\\/dafinoo.eu\\\/mirmar\\\/?s={search_term_string}\"},\"query-input\":{\"@type\":\"PropertyValueSpecification\",\"valueRequired\":true,\"valueName\":\"search_term_string\"}}],\"inLanguage\":\"sk-SK\"},{\"@type\":\"Organization\",\"@id\":\"http:\\\/\\\/dafinoo.eu\\\/mirmar\\\/#organization\",\"name\":\"MIR-MAR\",\"url\":\"http:\\\/\\\/dafinoo.eu\\\/mirmar\\\/\",\"logo\":{\"@type\":\"ImageObject\",\"inLanguage\":\"sk-SK\",\"@id\":\"http:\\\/\\\/dafinoo.eu\\\/mirmar\\\/#\\\/schema\\\/logo\\\/image\\\/\",\"url\":\"http:\\\/\\\/dafinoo.eu\\\/mirmar\\\/wp-content\\\/uploads\\\/2021\\\/03\\\/mirmar_logo.png\",\"contentUrl\":\"http:\\\/\\\/dafinoo.eu\\\/mirmar\\\/wp-content\\\/uploads\\\/2021\\\/03\\\/mirmar_logo.png\",\"width\":256,\"height\":60,\"caption\":\"MIR-MAR\"},\"image\":{\"@id\":\"http:\\\/\\\/dafinoo.eu\\\/mirmar\\\/#\\\/schema\\\/logo\\\/image\\\/\"},\"sameAs\":[\"https:\\\/\\\/facebook.com\\\/mirmareshop\"]}]}<\/script>\n<!-- \/ Yoast SEO plugin. -->","yoast_head_json":{"title":"DMR114 AKUMUL\u00c1TOROV\u00c9 R\u00c1DIO - MIR-MAR","robots":{"index":"index","follow":"follow","max-snippet":"max-snippet:-1","max-image-preview":"max-image-preview:large","max-video-preview":"max-video-preview:-1"},"canonical":"http:\/\/dafinoo.eu\/mirmar\/obchod\/dmr114-akumulatorove-radio\/","og_locale":"sk_SK","og_type":"article","og_title":"DMR114 AKUMUL\u00c1TOROV\u00c9 R\u00c1DIO - MIR-MAR","og_description":"Bat\u00e9ria s dob\u00edjan\u00edm 18 V LXT Li-ion 6,0 Ah pracuje a\u017e 21 hod\u00edn Trieda Bluetooth 2 ** na bezdr\u00f4tov\u00e9 prehr\u00e1vanie hudby z mobiln\u00e9ho zariadenia (s dosahom 10 metrov; a\u017e 30 metrov (100 st\u00f4p) v dobr\u00fdch podmienkach r\u00e1dia) Vybaven\u00fd ekvaliz\u00e9rom pre 7 volite\u013en\u00fdch zvukov\u00fdch re\u017eimov Rukov\u00e4\u0165 so vstavanou ant\u00e9nou FM Krytie IP65 je ur\u010den\u00e9 pre maxim\u00e1lnu [&hellip;]","og_url":"http:\/\/dafinoo.eu\/mirmar\/obchod\/dmr114-akumulatorove-radio\/","og_site_name":"MIR-MAR","article_publisher":"https:\/\/facebook.com\/mirmareshop","article_modified_time":"2021-04-23T15:06:47+00:00","og_image":[{"width":945,"height":945,"url":"http:\/\/dafinoo.eu\/mirmar\/wp-content\/uploads\/2021\/04\/dmr114_0519_ma.tif.jpg","type":"image\/jpeg"}],"twitter_misc":{"Predpokladan\u00fd \u010das \u010d\u00edtania":"1 min\u00fata"},"schema":{"@context":"https:\/\/schema.org","@graph":[{"@type":"WebPage","@id":"http:\/\/dafinoo.eu\/mirmar\/obchod\/dmr114-akumulatorove-radio\/","url":"http:\/\/dafinoo.eu\/mirmar\/obchod\/dmr114-akumulatorove-radio\/","name":"DMR114 AKUMUL\u00c1TOROV\u00c9 R\u00c1DIO - MIR-MAR","isPartOf":{"@id":"http:\/\/dafinoo.eu\/mirmar\/#website"},"primaryImageOfPage":{"@id":"http:\/\/dafinoo.eu\/mirmar\/obchod\/dmr114-akumulatorove-radio\/#primaryimage"},"image":{"@id":"http:\/\/dafinoo.eu\/mirmar\/obchod\/dmr114-akumulatorove-radio\/#primaryimage"},"thumbnailUrl":"http:\/\/dafinoo.eu\/mirmar\/wp-content\/uploads\/2021\/04\/dmr114_0519_ma.tif.jpg","datePublished":"2021-04-22T14:37:02+00:00","dateModified":"2021-04-23T15:06:47+00:00","breadcrumb":{"@id":"http:\/\/dafinoo.eu\/mirmar\/obchod\/dmr114-akumulatorove-radio\/#breadcrumb"},"inLanguage":"sk-SK","potentialAction":[{"@type":"ReadAction","target":["http:\/\/dafinoo.eu\/mirmar\/obchod\/dmr114-akumulatorove-radio\/"]}]},{"@type":"ImageObject","inLanguage":"sk-SK","@id":"http:\/\/dafinoo.eu\/mirmar\/obchod\/dmr114-akumulatorove-radio\/#primaryimage","url":"http:\/\/dafinoo.eu\/mirmar\/wp-content\/uploads\/2021\/04\/dmr114_0519_ma.tif.jpg","contentUrl":"http:\/\/dafinoo.eu\/mirmar\/wp-content\/uploads\/2021\/04\/dmr114_0519_ma.tif.jpg","width":945,"height":945},{"@type":"BreadcrumbList","@id":"http:\/\/dafinoo.eu\/mirmar\/obchod\/dmr114-akumulatorove-radio\/#breadcrumb","itemListElement":[{"@type":"ListItem","position":1,"name":"Domovsk\u00e1 str\u00e1nka","item":"http:\/\/dafinoo.eu\/mirmar\/"},{"@type":"ListItem","position":2,"name":"Obchod","item":"http:\/\/dafinoo.eu\/mirmar\/obchod\/"},{"@type":"ListItem","position":3,"name":"DMR114 AKUMUL\u00c1TOROV\u00c9 R\u00c1DIO"}]},{"@type":"WebSite","@id":"http:\/\/dafinoo.eu\/mirmar\/#website","url":"http:\/\/dafinoo.eu\/mirmar\/","name":"MIR-MAR","description":"Eshop s n\u00e1rad\u00edm","publisher":{"@id":"http:\/\/dafinoo.eu\/mirmar\/#organization"},"potentialAction":[{"@type":"SearchAction","target":{"@type":"EntryPoint","urlTemplate":"http:\/\/dafinoo.eu\/mirmar\/?s={search_term_string}"},"query-input":{"@type":"PropertyValueSpecification","valueRequired":true,"valueName":"search_term_string"}}],"inLanguage":"sk-SK"},{"@type":"Organization","@id":"http:\/\/dafinoo.eu\/mirmar\/#organization","name":"MIR-MAR","url":"http:\/\/dafinoo.eu\/mirmar\/","logo":{"@type":"ImageObject","inLanguage":"sk-SK","@id":"http:\/\/dafinoo.eu\/mirmar\/#\/schema\/logo\/image\/","url":"http:\/\/dafinoo.eu\/mirmar\/wp-content\/uploads\/2021\/03\/mirmar_logo.png","contentUrl":"http:\/\/dafinoo.eu\/mirmar\/wp-content\/uploads\/2021\/03\/mirmar_logo.png","width":256,"height":60,"caption":"MIR-MAR"},"image":{"@id":"http:\/\/dafinoo.eu\/mirmar\/#\/schema\/logo\/image\/"},"sameAs":["https:\/\/facebook.com\/mirmareshop"]}]}},"_links":{"self":[{"href":"http:\/\/dafinoo.eu\/mirmar\/wp-json\/wp\/v2\/product\/42609","targetHints":{"allow":["GET"]}}],"collection":[{"href":"http:\/\/dafinoo.eu\/mirmar\/wp-json\/wp\/v2\/product"}],"about":[{"href":"http:\/\/dafinoo.eu\/mirmar\/wp-json\/wp\/v2\/types\/product"}],"replies":[{"embeddable":true,"href":"http:\/\/dafinoo.eu\/mirmar\/wp-json\/wp\/v2\/comments?post=42609"}],"wp:featuredmedia":[{"embeddable":true,"href":"http:\/\/dafinoo.eu\/mirmar\/wp-json\/wp\/v2\/media\/42611"}],"wp:attachment":[{"href":"http:\/\/dafinoo.eu\/mirmar\/wp-json\/wp\/v2\/media?parent=42609"}],"wp:term":[{"taxonomy":"product_cat","embeddable":true,"href":"http:\/\/dafinoo.eu\/mirmar\/wp-json\/wp\/v2\/product_cat?post=42609"},{"taxonomy":"product_tag","embeddable":true,"href":"http:\/\/dafinoo.eu\/mirmar\/wp-json\/wp\/v2\/product_tag?post=42609"}],"curies":[{"name":"wp","href":"https:\/\/api.w.org\/{rel}","templated":true}]}}