{"id":42711,"date":"2021-06-10T12:31:58","date_gmt":"2021-06-10T10:31:58","guid":{"rendered":"http:\/\/dafinoo.eu\/mirmar\/?post_type=product&#038;p=42711"},"modified":"2021-06-11T12:38:07","modified_gmt":"2021-06-11T10:38:07","slug":"makita-dvc660z","status":"publish","type":"product","link":"http:\/\/dafinoo.eu\/mirmar\/obchod\/makita-dvc660z\/","title":{"rendered":"Makita DVC660Z"},"content":{"rendered":"<ul>\n<li>Chrbtov\u00fd vys\u00e1va\u010d nap\u00e1jan\u00fd 2 l\u00edtium-i\u00f3nov\u00fdmi 18 V bat\u00e9riami ur\u010den\u00fdmi na prev\u00e1dzku na sucho<\/li>\n<li><i class=\"icon-check text-success\"><\/i><strong>BLmotor \u2013 bezuh\u00edkov\u00fd motor<\/strong><\/li>\n<li><i class=\"icon-check text-success\"><\/i>Zv\u00fd\u0161en\u00e1 kapacita vrecka na prach<\/li>\n<li><i class=\"icon-check text-success\"><\/i>Ni\u017e\u0161ia hladina hluku v\u010faka kompaktnej kon\u0161trukcii a zlep\u0161en\u00fdm cest\u00e1m pr\u00fadenia vzduchu pri zachovan\u00ed vysok\u00e9ho sacieho v\u00fdkonu<\/li>\n<li><i class=\"icon-check text-success\"><\/i>Mechanizmus \u010distenia filtra, ktor\u00fd sa aktivuje automaticky pod vplyvom vibr\u00e1ci\u00ed sp\u00f4soben\u00fdch pohybom pou\u017e\u00edvate\u013ea a mo\u017enos\u0165ou ru\u010dnej aktiv\u00e1cie pomocou p\u00e1ky<\/li>\n<li><i class=\"icon-check text-success\"><\/i>3-stup\u0148ov\u00e1 elektronick\u00e1 regul\u00e1cia sacieho v\u00fdkonu<\/li>\n<li><i class=\"icon-check text-success\"><\/i>Pohodln\u00e9 popruhy<\/li>\n<li><i class=\"icon-check text-success\"><\/i>Vybaven\u00e9 HEPA filtrom<\/li>\n<li><i class=\"icon-check text-success\"><\/i>Funkcia pam\u00e4te re\u017eimu umo\u017e\u0148uje zapn\u00fa\u0165 zariadenie pri rovnak\u00fdch nastaveniach sacieho v\u00fdkonu ako pri jeho vypnut\u00ed<\/li>\n<li><i class=\"icon-check text-success\"><\/i>Hlin\u00edkov\u00e1 teleskopick\u00e1 sacia r\u00fara v\u00e1m umo\u017e\u0148uje nastavi\u0165 jej d\u013a\u017eku v z\u00e1vislosti od aplik\u00e1cie alebo v\u00fd\u0161ky pou\u017e\u00edvate\u013ea<\/li>\n<li><i class=\"icon-check text-success\"><\/i>LED di\u00f3da zlep\u0161uje pracovn\u00e9 pohodlie v miestach so slab\u00fdm osvetlen\u00edm<\/li>\n<li><i class=\"icon-check text-success\"><\/i><strong>Nie je kompatibiln\u00fd s bat\u00e9riami BL1811G, BL1813G, BL1815G (bez elektroniky) a bat\u00e9riou BL1815 (18 V \/ 1,3 Ah).<\/strong><\/li>\n<li><i class=\"icon-check text-success\"><\/i>Dod\u00e1va sa bez bat\u00e9ri\u00ed a nab\u00edja\u010dky<\/li>\n<\/ul>\n","protected":false},"excerpt":{"rendered":"<p>Chrbtov\u00fd vys\u00e1va\u010d nap\u00e1jan\u00fd 2 l\u00edtium-i\u00f3nov\u00fdmi 18 V bat\u00e9riami ur\u010den\u00fdmi na prev\u00e1dzku na sucho BLmotor \u2013 bezuh\u00edkov\u00fd motor Zv\u00fd\u0161en\u00e1 kapacita vrecka na prach Ni\u017e\u0161ia hladina hluku v\u010faka kompaktnej kon\u0161trukcii a zlep\u0161en\u00fdm cest\u00e1m pr\u00fadenia vzduchu pri zachovan\u00ed vysok\u00e9ho sacieho v\u00fdkonu Mechanizmus \u010distenia filtra, ktor\u00fd sa aktivuje automaticky pod vplyvom vibr\u00e1ci\u00ed sp\u00f4soben\u00fdch pohybom pou\u017e\u00edvate\u013ea a mo\u017enos\u0165ou ru\u010dnej aktiv\u00e1cie [&hellip;]<\/p>\n","protected":false},"featured_media":42712,"comment_status":"open","ping_status":"closed","template":"","meta":{"_lmt_disableupdate":"","_lmt_disable":""},"product_cat":[3525],"product_tag":[],"class_list":{"0":"post-42711","1":"product","2":"type-product","3":"status-publish","4":"has-post-thumbnail","6":"product_cat-nezaradene","8":"first","9":"instock","10":"sale","11":"taxable","12":"shipping-taxable","13":"purchasable","14":"product-type-simple"},"yoast_head":"<!-- This site is optimized with the Yoast SEO plugin v27.3 - https:\/\/yoast.com\/product\/yoast-seo-wordpress\/ -->\n<title>Makita DVC660Z - MIR-MAR<\/title>\n<meta name=\"robots\" content=\"index, follow, max-snippet:-1, max-image-preview:large, max-video-preview:-1\" \/>\n<link rel=\"canonical\" href=\"http:\/\/dafinoo.eu\/mirmar\/obchod\/makita-dvc660z\/\" \/>\n<meta property=\"og:locale\" content=\"sk_SK\" \/>\n<meta property=\"og:type\" content=\"article\" \/>\n<meta property=\"og:title\" content=\"Makita DVC660Z - MIR-MAR\" \/>\n<meta property=\"og:description\" content=\"Chrbtov\u00fd vys\u00e1va\u010d nap\u00e1jan\u00fd 2 l\u00edtium-i\u00f3nov\u00fdmi 18 V bat\u00e9riami ur\u010den\u00fdmi na prev\u00e1dzku na sucho BLmotor \u2013 bezuh\u00edkov\u00fd motor Zv\u00fd\u0161en\u00e1 kapacita vrecka na prach Ni\u017e\u0161ia hladina hluku v\u010faka kompaktnej kon\u0161trukcii a zlep\u0161en\u00fdm cest\u00e1m pr\u00fadenia vzduchu pri zachovan\u00ed vysok\u00e9ho sacieho v\u00fdkonu Mechanizmus \u010distenia filtra, ktor\u00fd sa aktivuje automaticky pod vplyvom vibr\u00e1ci\u00ed sp\u00f4soben\u00fdch pohybom pou\u017e\u00edvate\u013ea a mo\u017enos\u0165ou ru\u010dnej aktiv\u00e1cie [&hellip;]\" \/>\n<meta property=\"og:url\" content=\"http:\/\/dafinoo.eu\/mirmar\/obchod\/makita-dvc660z\/\" \/>\n<meta property=\"og:site_name\" content=\"MIR-MAR\" \/>\n<meta property=\"article:publisher\" content=\"https:\/\/facebook.com\/mirmareshop\" \/>\n<meta property=\"article:modified_time\" content=\"2021-06-11T10:38:07+00:00\" \/>\n<meta property=\"og:image\" content=\"http:\/\/dafinoo.eu\/mirmar\/wp-content\/uploads\/2021\/06\/dvc660z_0120_ma.tif.jpg\" \/>\n\t<meta property=\"og:image:width\" content=\"945\" \/>\n\t<meta property=\"og:image:height\" content=\"945\" \/>\n\t<meta property=\"og:image:type\" content=\"image\/jpeg\" \/>\n<meta name=\"twitter:label1\" content=\"Predpokladan\u00fd \u010das \u010d\u00edtania\" \/>\n\t<meta name=\"twitter:data1\" content=\"1 min\u00fata\" \/>\n<script type=\"application\/ld+json\" class=\"yoast-schema-graph\">{\"@context\":\"https:\\\/\\\/schema.org\",\"@graph\":[{\"@type\":\"WebPage\",\"@id\":\"http:\\\/\\\/dafinoo.eu\\\/mirmar\\\/obchod\\\/makita-dvc660z\\\/\",\"url\":\"http:\\\/\\\/dafinoo.eu\\\/mirmar\\\/obchod\\\/makita-dvc660z\\\/\",\"name\":\"Makita DVC660Z - MIR-MAR\",\"isPartOf\":{\"@id\":\"http:\\\/\\\/dafinoo.eu\\\/mirmar\\\/#website\"},\"primaryImageOfPage\":{\"@id\":\"http:\\\/\\\/dafinoo.eu\\\/mirmar\\\/obchod\\\/makita-dvc660z\\\/#primaryimage\"},\"image\":{\"@id\":\"http:\\\/\\\/dafinoo.eu\\\/mirmar\\\/obchod\\\/makita-dvc660z\\\/#primaryimage\"},\"thumbnailUrl\":\"http:\\\/\\\/dafinoo.eu\\\/mirmar\\\/wp-content\\\/uploads\\\/2021\\\/06\\\/dvc660z_0120_ma.tif.jpg\",\"datePublished\":\"2021-06-10T10:31:58+00:00\",\"dateModified\":\"2021-06-11T10:38:07+00:00\",\"breadcrumb\":{\"@id\":\"http:\\\/\\\/dafinoo.eu\\\/mirmar\\\/obchod\\\/makita-dvc660z\\\/#breadcrumb\"},\"inLanguage\":\"sk-SK\",\"potentialAction\":[{\"@type\":\"ReadAction\",\"target\":[\"http:\\\/\\\/dafinoo.eu\\\/mirmar\\\/obchod\\\/makita-dvc660z\\\/\"]}]},{\"@type\":\"ImageObject\",\"inLanguage\":\"sk-SK\",\"@id\":\"http:\\\/\\\/dafinoo.eu\\\/mirmar\\\/obchod\\\/makita-dvc660z\\\/#primaryimage\",\"url\":\"http:\\\/\\\/dafinoo.eu\\\/mirmar\\\/wp-content\\\/uploads\\\/2021\\\/06\\\/dvc660z_0120_ma.tif.jpg\",\"contentUrl\":\"http:\\\/\\\/dafinoo.eu\\\/mirmar\\\/wp-content\\\/uploads\\\/2021\\\/06\\\/dvc660z_0120_ma.tif.jpg\",\"width\":945,\"height\":945},{\"@type\":\"BreadcrumbList\",\"@id\":\"http:\\\/\\\/dafinoo.eu\\\/mirmar\\\/obchod\\\/makita-dvc660z\\\/#breadcrumb\",\"itemListElement\":[{\"@type\":\"ListItem\",\"position\":1,\"name\":\"Domovsk\u00e1 str\u00e1nka\",\"item\":\"http:\\\/\\\/dafinoo.eu\\\/mirmar\\\/\"},{\"@type\":\"ListItem\",\"position\":2,\"name\":\"Obchod\",\"item\":\"http:\\\/\\\/dafinoo.eu\\\/mirmar\\\/obchod\\\/\"},{\"@type\":\"ListItem\",\"position\":3,\"name\":\"Makita DVC660Z\"}]},{\"@type\":\"WebSite\",\"@id\":\"http:\\\/\\\/dafinoo.eu\\\/mirmar\\\/#website\",\"url\":\"http:\\\/\\\/dafinoo.eu\\\/mirmar\\\/\",\"name\":\"MIR-MAR\",\"description\":\"Eshop s n\u00e1rad\u00edm\",\"publisher\":{\"@id\":\"http:\\\/\\\/dafinoo.eu\\\/mirmar\\\/#organization\"},\"potentialAction\":[{\"@type\":\"SearchAction\",\"target\":{\"@type\":\"EntryPoint\",\"urlTemplate\":\"http:\\\/\\\/dafinoo.eu\\\/mirmar\\\/?s={search_term_string}\"},\"query-input\":{\"@type\":\"PropertyValueSpecification\",\"valueRequired\":true,\"valueName\":\"search_term_string\"}}],\"inLanguage\":\"sk-SK\"},{\"@type\":\"Organization\",\"@id\":\"http:\\\/\\\/dafinoo.eu\\\/mirmar\\\/#organization\",\"name\":\"MIR-MAR\",\"url\":\"http:\\\/\\\/dafinoo.eu\\\/mirmar\\\/\",\"logo\":{\"@type\":\"ImageObject\",\"inLanguage\":\"sk-SK\",\"@id\":\"http:\\\/\\\/dafinoo.eu\\\/mirmar\\\/#\\\/schema\\\/logo\\\/image\\\/\",\"url\":\"http:\\\/\\\/dafinoo.eu\\\/mirmar\\\/wp-content\\\/uploads\\\/2021\\\/03\\\/mirmar_logo.png\",\"contentUrl\":\"http:\\\/\\\/dafinoo.eu\\\/mirmar\\\/wp-content\\\/uploads\\\/2021\\\/03\\\/mirmar_logo.png\",\"width\":256,\"height\":60,\"caption\":\"MIR-MAR\"},\"image\":{\"@id\":\"http:\\\/\\\/dafinoo.eu\\\/mirmar\\\/#\\\/schema\\\/logo\\\/image\\\/\"},\"sameAs\":[\"https:\\\/\\\/facebook.com\\\/mirmareshop\"]}]}<\/script>\n<!-- \/ Yoast SEO plugin. -->","yoast_head_json":{"title":"Makita DVC660Z - MIR-MAR","robots":{"index":"index","follow":"follow","max-snippet":"max-snippet:-1","max-image-preview":"max-image-preview:large","max-video-preview":"max-video-preview:-1"},"canonical":"http:\/\/dafinoo.eu\/mirmar\/obchod\/makita-dvc660z\/","og_locale":"sk_SK","og_type":"article","og_title":"Makita DVC660Z - MIR-MAR","og_description":"Chrbtov\u00fd vys\u00e1va\u010d nap\u00e1jan\u00fd 2 l\u00edtium-i\u00f3nov\u00fdmi 18 V bat\u00e9riami ur\u010den\u00fdmi na prev\u00e1dzku na sucho BLmotor \u2013 bezuh\u00edkov\u00fd motor Zv\u00fd\u0161en\u00e1 kapacita vrecka na prach Ni\u017e\u0161ia hladina hluku v\u010faka kompaktnej kon\u0161trukcii a zlep\u0161en\u00fdm cest\u00e1m pr\u00fadenia vzduchu pri zachovan\u00ed vysok\u00e9ho sacieho v\u00fdkonu Mechanizmus \u010distenia filtra, ktor\u00fd sa aktivuje automaticky pod vplyvom vibr\u00e1ci\u00ed sp\u00f4soben\u00fdch pohybom pou\u017e\u00edvate\u013ea a mo\u017enos\u0165ou ru\u010dnej aktiv\u00e1cie [&hellip;]","og_url":"http:\/\/dafinoo.eu\/mirmar\/obchod\/makita-dvc660z\/","og_site_name":"MIR-MAR","article_publisher":"https:\/\/facebook.com\/mirmareshop","article_modified_time":"2021-06-11T10:38:07+00:00","og_image":[{"width":945,"height":945,"url":"http:\/\/dafinoo.eu\/mirmar\/wp-content\/uploads\/2021\/06\/dvc660z_0120_ma.tif.jpg","type":"image\/jpeg"}],"twitter_misc":{"Predpokladan\u00fd \u010das \u010d\u00edtania":"1 min\u00fata"},"schema":{"@context":"https:\/\/schema.org","@graph":[{"@type":"WebPage","@id":"http:\/\/dafinoo.eu\/mirmar\/obchod\/makita-dvc660z\/","url":"http:\/\/dafinoo.eu\/mirmar\/obchod\/makita-dvc660z\/","name":"Makita DVC660Z - MIR-MAR","isPartOf":{"@id":"http:\/\/dafinoo.eu\/mirmar\/#website"},"primaryImageOfPage":{"@id":"http:\/\/dafinoo.eu\/mirmar\/obchod\/makita-dvc660z\/#primaryimage"},"image":{"@id":"http:\/\/dafinoo.eu\/mirmar\/obchod\/makita-dvc660z\/#primaryimage"},"thumbnailUrl":"http:\/\/dafinoo.eu\/mirmar\/wp-content\/uploads\/2021\/06\/dvc660z_0120_ma.tif.jpg","datePublished":"2021-06-10T10:31:58+00:00","dateModified":"2021-06-11T10:38:07+00:00","breadcrumb":{"@id":"http:\/\/dafinoo.eu\/mirmar\/obchod\/makita-dvc660z\/#breadcrumb"},"inLanguage":"sk-SK","potentialAction":[{"@type":"ReadAction","target":["http:\/\/dafinoo.eu\/mirmar\/obchod\/makita-dvc660z\/"]}]},{"@type":"ImageObject","inLanguage":"sk-SK","@id":"http:\/\/dafinoo.eu\/mirmar\/obchod\/makita-dvc660z\/#primaryimage","url":"http:\/\/dafinoo.eu\/mirmar\/wp-content\/uploads\/2021\/06\/dvc660z_0120_ma.tif.jpg","contentUrl":"http:\/\/dafinoo.eu\/mirmar\/wp-content\/uploads\/2021\/06\/dvc660z_0120_ma.tif.jpg","width":945,"height":945},{"@type":"BreadcrumbList","@id":"http:\/\/dafinoo.eu\/mirmar\/obchod\/makita-dvc660z\/#breadcrumb","itemListElement":[{"@type":"ListItem","position":1,"name":"Domovsk\u00e1 str\u00e1nka","item":"http:\/\/dafinoo.eu\/mirmar\/"},{"@type":"ListItem","position":2,"name":"Obchod","item":"http:\/\/dafinoo.eu\/mirmar\/obchod\/"},{"@type":"ListItem","position":3,"name":"Makita DVC660Z"}]},{"@type":"WebSite","@id":"http:\/\/dafinoo.eu\/mirmar\/#website","url":"http:\/\/dafinoo.eu\/mirmar\/","name":"MIR-MAR","description":"Eshop s n\u00e1rad\u00edm","publisher":{"@id":"http:\/\/dafinoo.eu\/mirmar\/#organization"},"potentialAction":[{"@type":"SearchAction","target":{"@type":"EntryPoint","urlTemplate":"http:\/\/dafinoo.eu\/mirmar\/?s={search_term_string}"},"query-input":{"@type":"PropertyValueSpecification","valueRequired":true,"valueName":"search_term_string"}}],"inLanguage":"sk-SK"},{"@type":"Organization","@id":"http:\/\/dafinoo.eu\/mirmar\/#organization","name":"MIR-MAR","url":"http:\/\/dafinoo.eu\/mirmar\/","logo":{"@type":"ImageObject","inLanguage":"sk-SK","@id":"http:\/\/dafinoo.eu\/mirmar\/#\/schema\/logo\/image\/","url":"http:\/\/dafinoo.eu\/mirmar\/wp-content\/uploads\/2021\/03\/mirmar_logo.png","contentUrl":"http:\/\/dafinoo.eu\/mirmar\/wp-content\/uploads\/2021\/03\/mirmar_logo.png","width":256,"height":60,"caption":"MIR-MAR"},"image":{"@id":"http:\/\/dafinoo.eu\/mirmar\/#\/schema\/logo\/image\/"},"sameAs":["https:\/\/facebook.com\/mirmareshop"]}]}},"_links":{"self":[{"href":"http:\/\/dafinoo.eu\/mirmar\/wp-json\/wp\/v2\/product\/42711","targetHints":{"allow":["GET"]}}],"collection":[{"href":"http:\/\/dafinoo.eu\/mirmar\/wp-json\/wp\/v2\/product"}],"about":[{"href":"http:\/\/dafinoo.eu\/mirmar\/wp-json\/wp\/v2\/types\/product"}],"replies":[{"embeddable":true,"href":"http:\/\/dafinoo.eu\/mirmar\/wp-json\/wp\/v2\/comments?post=42711"}],"wp:featuredmedia":[{"embeddable":true,"href":"http:\/\/dafinoo.eu\/mirmar\/wp-json\/wp\/v2\/media\/42712"}],"wp:attachment":[{"href":"http:\/\/dafinoo.eu\/mirmar\/wp-json\/wp\/v2\/media?parent=42711"}],"wp:term":[{"taxonomy":"product_cat","embeddable":true,"href":"http:\/\/dafinoo.eu\/mirmar\/wp-json\/wp\/v2\/product_cat?post=42711"},{"taxonomy":"product_tag","embeddable":true,"href":"http:\/\/dafinoo.eu\/mirmar\/wp-json\/wp\/v2\/product_tag?post=42711"}],"curies":[{"name":"wp","href":"https:\/\/api.w.org\/{rel}","templated":true}]}}