{"id":42950,"date":"2022-02-03T10:35:15","date_gmt":"2022-02-03T09:35:15","guid":{"rendered":"http:\/\/dafinoo.eu\/mirmar\/?post_type=product&#038;p=42950"},"modified":"2022-02-03T10:35:51","modified_gmt":"2022-02-03T09:35:51","slug":"makita-df002ga201","status":"publish","type":"product","link":"http:\/\/dafinoo.eu\/mirmar\/obchod\/makita-df002ga201\/","title":{"rendered":"Makita DF002GA201"},"content":{"rendered":"<ul>\n<li>Robustn\u00e1 a v\u00fdkonn\u00e1 univerz\u00e1lna v\u0155ta\u010dka \/ skrutkova\u010d pre stredne \u0165a\u017ek\u00e9 v\u0155tacie a skrutkovacie pr\u00e1ce.<\/li>\n<li><i class=\"icon-check text-success\"><\/i>Vzh\u013eadom na vy\u0161\u0161ie prev\u00e1dzkov\u00e9 nap\u00e4tie syst\u00e9mu XGT je stroj ve\u013emi v\u00fdkonn\u00fd a vydr\u017e\u00ed nepretr\u017eit\u00fa pr\u00e1cu pri vysokom za\u0165a\u017een\u00ed.<\/li>\n<li><i class=\"icon-check text-success\"><\/i>Bezuhl\u00edkov\u00fd motor: robustn\u00fd, v\u00fdkonn\u00fd a mimoriadne efekt\u00edvny, \u010do vedie k v\u00e4\u010d\u0161ej auton\u00f3mii na jedno nabitie bat\u00e9rie.<\/li>\n<li><i class=\"icon-check text-success\"><\/i>Robustn\u00e1 hlin\u00edkov\u00e1 k\u013eukov\u00e1 skri\u0148a.<\/li>\n<li><i class=\"icon-check text-success\"><\/i>Presn\u00e9 nastavenie kr\u00fatiaceho momentu v 21 krokoch + re\u017eim v\u0155tania.<\/li>\n<li><i class=\"icon-check text-success\"><\/i>Ochrann\u00e1 elektronika vypne stroj v pr\u00edpade pre\u0165a\u017eenia.<\/li>\n<li><i class=\"icon-check text-success\"><\/i>Celokovov\u00e1 2 stup\u0148ov\u00e1 prevodovka vr\u00e1tane kovov\u00e9ho kr\u00fa\u017eku na zmenu r\u00fdchlosti poskytuje vynikaj\u00facu odolnos\u0165 proti opotrebovaniu prevodovky.<\/li>\n<li><i class=\"icon-check text-success\"><\/i>R\u00f4zne kon\u0161truk\u010dn\u00e9 detaily, ako napr\u00edklad plne vodotesn\u00fd sp\u00edna\u010d a elektronick\u00e9 obvody lisovan\u00e9 \u017eivicou, zaru\u010duj\u00fa najlep\u0161iu odolnos\u0165 proti prachu a vode na trhu.<\/li>\n<li><i class=\"icon-check text-success\"><\/i>Vybaven\u00e9 pevn\u00fdm jednoprechodov\u00fdm sk\u013eu\u010dovadlom s\u00a0up\u00ednan\u00edm do 13 mm a automatick\u00fdm zaisten\u00edm vretena pre \u013eahk\u00fa v\u00fdmenu vrt\u00e1kov.<\/li>\n<li><i class=\"icon-check text-success\"><\/i>V\u00e4\u010d\u0161ia bezpe\u010dnos\u0165 v\u010faka brzde elektromotora, ktor\u00e1 zastav\u00ed stroj ihne\u010f po uvo\u013enen\u00ed sp\u00edna\u010da.<\/li>\n<li><i class=\"icon-check text-success\"><\/i>Ergonomick\u00e1 zu\u017euj\u00faca sa rukov\u00e4\u0165 s m\u00e4kk\u00fdm povrchom \u00fachopu, s patentovan\u00fdm rebrov\u00fdm profilom podporuj\u00facim \u00fachop, ktor\u00fd rovnomerne rozde\u013euje silu na v\u0161etky prsty.<\/li>\n<li><i class=\"icon-check text-success\"><\/i>Integrovan\u00e1 LED di\u00f3da pre pohodlnej\u0161iu pr\u00e1cu na slabo osvetlen\u00fdch miestach.<\/li>\n<li><i class=\"icon-check text-success\"><\/i>Dod\u00e1va s\u00a02 x BL4020 2,0 Ah akumul\u00e1tormi a nab\u00edja\u010dkou.<\/li>\n<\/ul>\n","protected":false},"excerpt":{"rendered":"<p>Robustn\u00e1 a v\u00fdkonn\u00e1 univerz\u00e1lna v\u0155ta\u010dka \/ skrutkova\u010d pre stredne \u0165a\u017ek\u00e9 v\u0155tacie a skrutkovacie pr\u00e1ce. Vzh\u013eadom na vy\u0161\u0161ie prev\u00e1dzkov\u00e9 nap\u00e4tie syst\u00e9mu XGT je stroj ve\u013emi v\u00fdkonn\u00fd a vydr\u017e\u00ed nepretr\u017eit\u00fa pr\u00e1cu pri vysokom za\u0165a\u017een\u00ed. Bezuhl\u00edkov\u00fd motor: robustn\u00fd, v\u00fdkonn\u00fd a mimoriadne efekt\u00edvny, \u010do vedie k v\u00e4\u010d\u0161ej auton\u00f3mii na jedno nabitie bat\u00e9rie. Robustn\u00e1 hlin\u00edkov\u00e1 k\u013eukov\u00e1 skri\u0148a. Presn\u00e9 nastavenie kr\u00fatiaceho [&hellip;]<\/p>\n","protected":false},"featured_media":42951,"comment_status":"open","ping_status":"closed","template":"","meta":{"_lmt_disableupdate":"","_lmt_disable":""},"product_cat":[3525,3528,3527],"product_tag":[],"class_list":{"0":"post-42950","1":"product","2":"type-product","3":"status-publish","4":"has-post-thumbnail","6":"product_cat-nezaradene","7":"product_cat-vrtacie-skrutkovace-xgt","8":"product_cat-xgt","10":"first","11":"instock","12":"taxable","13":"shipping-taxable","14":"purchasable","15":"product-type-simple"},"yoast_head":"<!-- This site is optimized with the Yoast SEO plugin v27.3 - https:\/\/yoast.com\/product\/yoast-seo-wordpress\/ -->\n<title>Makita DF002GA201 - MIR-MAR<\/title>\n<meta name=\"robots\" content=\"index, follow, max-snippet:-1, max-image-preview:large, max-video-preview:-1\" \/>\n<link rel=\"canonical\" href=\"http:\/\/dafinoo.eu\/mirmar\/obchod\/makita-df002ga201\/\" \/>\n<meta property=\"og:locale\" content=\"sk_SK\" \/>\n<meta property=\"og:type\" content=\"article\" \/>\n<meta property=\"og:title\" content=\"Makita DF002GA201 - MIR-MAR\" \/>\n<meta property=\"og:description\" content=\"Robustn\u00e1 a v\u00fdkonn\u00e1 univerz\u00e1lna v\u0155ta\u010dka \/ skrutkova\u010d pre stredne \u0165a\u017ek\u00e9 v\u0155tacie a skrutkovacie pr\u00e1ce. Vzh\u013eadom na vy\u0161\u0161ie prev\u00e1dzkov\u00e9 nap\u00e4tie syst\u00e9mu XGT je stroj ve\u013emi v\u00fdkonn\u00fd a vydr\u017e\u00ed nepretr\u017eit\u00fa pr\u00e1cu pri vysokom za\u0165a\u017een\u00ed. Bezuhl\u00edkov\u00fd motor: robustn\u00fd, v\u00fdkonn\u00fd a mimoriadne efekt\u00edvny, \u010do vedie k v\u00e4\u010d\u0161ej auton\u00f3mii na jedno nabitie bat\u00e9rie. Robustn\u00e1 hlin\u00edkov\u00e1 k\u013eukov\u00e1 skri\u0148a. Presn\u00e9 nastavenie kr\u00fatiaceho [&hellip;]\" \/>\n<meta property=\"og:url\" content=\"http:\/\/dafinoo.eu\/mirmar\/obchod\/makita-df002ga201\/\" \/>\n<meta property=\"og:site_name\" content=\"MIR-MAR\" \/>\n<meta property=\"article:publisher\" content=\"https:\/\/facebook.com\/mirmareshop\" \/>\n<meta property=\"article:modified_time\" content=\"2022-02-03T09:35:51+00:00\" \/>\n<meta property=\"og:image\" content=\"http:\/\/dafinoo.eu\/mirmar\/wp-content\/uploads\/2022\/02\/DF002GA201.jpg\" \/>\n\t<meta property=\"og:image:width\" content=\"640\" \/>\n\t<meta property=\"og:image:height\" content=\"640\" \/>\n\t<meta property=\"og:image:type\" content=\"image\/jpeg\" \/>\n<meta name=\"twitter:label1\" content=\"Predpokladan\u00fd \u010das \u010d\u00edtania\" \/>\n\t<meta name=\"twitter:data1\" content=\"1 min\u00fata\" \/>\n<script type=\"application\/ld+json\" class=\"yoast-schema-graph\">{\"@context\":\"https:\\\/\\\/schema.org\",\"@graph\":[{\"@type\":\"WebPage\",\"@id\":\"http:\\\/\\\/dafinoo.eu\\\/mirmar\\\/obchod\\\/makita-df002ga201\\\/\",\"url\":\"http:\\\/\\\/dafinoo.eu\\\/mirmar\\\/obchod\\\/makita-df002ga201\\\/\",\"name\":\"Makita DF002GA201 - MIR-MAR\",\"isPartOf\":{\"@id\":\"http:\\\/\\\/dafinoo.eu\\\/mirmar\\\/#website\"},\"primaryImageOfPage\":{\"@id\":\"http:\\\/\\\/dafinoo.eu\\\/mirmar\\\/obchod\\\/makita-df002ga201\\\/#primaryimage\"},\"image\":{\"@id\":\"http:\\\/\\\/dafinoo.eu\\\/mirmar\\\/obchod\\\/makita-df002ga201\\\/#primaryimage\"},\"thumbnailUrl\":\"http:\\\/\\\/dafinoo.eu\\\/mirmar\\\/wp-content\\\/uploads\\\/2022\\\/02\\\/DF002GA201.jpg\",\"datePublished\":\"2022-02-03T09:35:15+00:00\",\"dateModified\":\"2022-02-03T09:35:51+00:00\",\"breadcrumb\":{\"@id\":\"http:\\\/\\\/dafinoo.eu\\\/mirmar\\\/obchod\\\/makita-df002ga201\\\/#breadcrumb\"},\"inLanguage\":\"sk-SK\",\"potentialAction\":[{\"@type\":\"ReadAction\",\"target\":[\"http:\\\/\\\/dafinoo.eu\\\/mirmar\\\/obchod\\\/makita-df002ga201\\\/\"]}]},{\"@type\":\"ImageObject\",\"inLanguage\":\"sk-SK\",\"@id\":\"http:\\\/\\\/dafinoo.eu\\\/mirmar\\\/obchod\\\/makita-df002ga201\\\/#primaryimage\",\"url\":\"http:\\\/\\\/dafinoo.eu\\\/mirmar\\\/wp-content\\\/uploads\\\/2022\\\/02\\\/DF002GA201.jpg\",\"contentUrl\":\"http:\\\/\\\/dafinoo.eu\\\/mirmar\\\/wp-content\\\/uploads\\\/2022\\\/02\\\/DF002GA201.jpg\",\"width\":640,\"height\":640},{\"@type\":\"BreadcrumbList\",\"@id\":\"http:\\\/\\\/dafinoo.eu\\\/mirmar\\\/obchod\\\/makita-df002ga201\\\/#breadcrumb\",\"itemListElement\":[{\"@type\":\"ListItem\",\"position\":1,\"name\":\"Domovsk\u00e1 str\u00e1nka\",\"item\":\"http:\\\/\\\/dafinoo.eu\\\/mirmar\\\/\"},{\"@type\":\"ListItem\",\"position\":2,\"name\":\"Obchod\",\"item\":\"http:\\\/\\\/dafinoo.eu\\\/mirmar\\\/obchod\\\/\"},{\"@type\":\"ListItem\",\"position\":3,\"name\":\"Makita DF002GA201\"}]},{\"@type\":\"WebSite\",\"@id\":\"http:\\\/\\\/dafinoo.eu\\\/mirmar\\\/#website\",\"url\":\"http:\\\/\\\/dafinoo.eu\\\/mirmar\\\/\",\"name\":\"MIR-MAR\",\"description\":\"Eshop s n\u00e1rad\u00edm\",\"publisher\":{\"@id\":\"http:\\\/\\\/dafinoo.eu\\\/mirmar\\\/#organization\"},\"potentialAction\":[{\"@type\":\"SearchAction\",\"target\":{\"@type\":\"EntryPoint\",\"urlTemplate\":\"http:\\\/\\\/dafinoo.eu\\\/mirmar\\\/?s={search_term_string}\"},\"query-input\":{\"@type\":\"PropertyValueSpecification\",\"valueRequired\":true,\"valueName\":\"search_term_string\"}}],\"inLanguage\":\"sk-SK\"},{\"@type\":\"Organization\",\"@id\":\"http:\\\/\\\/dafinoo.eu\\\/mirmar\\\/#organization\",\"name\":\"MIR-MAR\",\"url\":\"http:\\\/\\\/dafinoo.eu\\\/mirmar\\\/\",\"logo\":{\"@type\":\"ImageObject\",\"inLanguage\":\"sk-SK\",\"@id\":\"http:\\\/\\\/dafinoo.eu\\\/mirmar\\\/#\\\/schema\\\/logo\\\/image\\\/\",\"url\":\"http:\\\/\\\/dafinoo.eu\\\/mirmar\\\/wp-content\\\/uploads\\\/2021\\\/03\\\/mirmar_logo.png\",\"contentUrl\":\"http:\\\/\\\/dafinoo.eu\\\/mirmar\\\/wp-content\\\/uploads\\\/2021\\\/03\\\/mirmar_logo.png\",\"width\":256,\"height\":60,\"caption\":\"MIR-MAR\"},\"image\":{\"@id\":\"http:\\\/\\\/dafinoo.eu\\\/mirmar\\\/#\\\/schema\\\/logo\\\/image\\\/\"},\"sameAs\":[\"https:\\\/\\\/facebook.com\\\/mirmareshop\"]}]}<\/script>\n<!-- \/ Yoast SEO plugin. -->","yoast_head_json":{"title":"Makita DF002GA201 - MIR-MAR","robots":{"index":"index","follow":"follow","max-snippet":"max-snippet:-1","max-image-preview":"max-image-preview:large","max-video-preview":"max-video-preview:-1"},"canonical":"http:\/\/dafinoo.eu\/mirmar\/obchod\/makita-df002ga201\/","og_locale":"sk_SK","og_type":"article","og_title":"Makita DF002GA201 - MIR-MAR","og_description":"Robustn\u00e1 a v\u00fdkonn\u00e1 univerz\u00e1lna v\u0155ta\u010dka \/ skrutkova\u010d pre stredne \u0165a\u017ek\u00e9 v\u0155tacie a skrutkovacie pr\u00e1ce. Vzh\u013eadom na vy\u0161\u0161ie prev\u00e1dzkov\u00e9 nap\u00e4tie syst\u00e9mu XGT je stroj ve\u013emi v\u00fdkonn\u00fd a vydr\u017e\u00ed nepretr\u017eit\u00fa pr\u00e1cu pri vysokom za\u0165a\u017een\u00ed. Bezuhl\u00edkov\u00fd motor: robustn\u00fd, v\u00fdkonn\u00fd a mimoriadne efekt\u00edvny, \u010do vedie k v\u00e4\u010d\u0161ej auton\u00f3mii na jedno nabitie bat\u00e9rie. Robustn\u00e1 hlin\u00edkov\u00e1 k\u013eukov\u00e1 skri\u0148a. Presn\u00e9 nastavenie kr\u00fatiaceho [&hellip;]","og_url":"http:\/\/dafinoo.eu\/mirmar\/obchod\/makita-df002ga201\/","og_site_name":"MIR-MAR","article_publisher":"https:\/\/facebook.com\/mirmareshop","article_modified_time":"2022-02-03T09:35:51+00:00","og_image":[{"width":640,"height":640,"url":"http:\/\/dafinoo.eu\/mirmar\/wp-content\/uploads\/2022\/02\/DF002GA201.jpg","type":"image\/jpeg"}],"twitter_misc":{"Predpokladan\u00fd \u010das \u010d\u00edtania":"1 min\u00fata"},"schema":{"@context":"https:\/\/schema.org","@graph":[{"@type":"WebPage","@id":"http:\/\/dafinoo.eu\/mirmar\/obchod\/makita-df002ga201\/","url":"http:\/\/dafinoo.eu\/mirmar\/obchod\/makita-df002ga201\/","name":"Makita DF002GA201 - MIR-MAR","isPartOf":{"@id":"http:\/\/dafinoo.eu\/mirmar\/#website"},"primaryImageOfPage":{"@id":"http:\/\/dafinoo.eu\/mirmar\/obchod\/makita-df002ga201\/#primaryimage"},"image":{"@id":"http:\/\/dafinoo.eu\/mirmar\/obchod\/makita-df002ga201\/#primaryimage"},"thumbnailUrl":"http:\/\/dafinoo.eu\/mirmar\/wp-content\/uploads\/2022\/02\/DF002GA201.jpg","datePublished":"2022-02-03T09:35:15+00:00","dateModified":"2022-02-03T09:35:51+00:00","breadcrumb":{"@id":"http:\/\/dafinoo.eu\/mirmar\/obchod\/makita-df002ga201\/#breadcrumb"},"inLanguage":"sk-SK","potentialAction":[{"@type":"ReadAction","target":["http:\/\/dafinoo.eu\/mirmar\/obchod\/makita-df002ga201\/"]}]},{"@type":"ImageObject","inLanguage":"sk-SK","@id":"http:\/\/dafinoo.eu\/mirmar\/obchod\/makita-df002ga201\/#primaryimage","url":"http:\/\/dafinoo.eu\/mirmar\/wp-content\/uploads\/2022\/02\/DF002GA201.jpg","contentUrl":"http:\/\/dafinoo.eu\/mirmar\/wp-content\/uploads\/2022\/02\/DF002GA201.jpg","width":640,"height":640},{"@type":"BreadcrumbList","@id":"http:\/\/dafinoo.eu\/mirmar\/obchod\/makita-df002ga201\/#breadcrumb","itemListElement":[{"@type":"ListItem","position":1,"name":"Domovsk\u00e1 str\u00e1nka","item":"http:\/\/dafinoo.eu\/mirmar\/"},{"@type":"ListItem","position":2,"name":"Obchod","item":"http:\/\/dafinoo.eu\/mirmar\/obchod\/"},{"@type":"ListItem","position":3,"name":"Makita DF002GA201"}]},{"@type":"WebSite","@id":"http:\/\/dafinoo.eu\/mirmar\/#website","url":"http:\/\/dafinoo.eu\/mirmar\/","name":"MIR-MAR","description":"Eshop s n\u00e1rad\u00edm","publisher":{"@id":"http:\/\/dafinoo.eu\/mirmar\/#organization"},"potentialAction":[{"@type":"SearchAction","target":{"@type":"EntryPoint","urlTemplate":"http:\/\/dafinoo.eu\/mirmar\/?s={search_term_string}"},"query-input":{"@type":"PropertyValueSpecification","valueRequired":true,"valueName":"search_term_string"}}],"inLanguage":"sk-SK"},{"@type":"Organization","@id":"http:\/\/dafinoo.eu\/mirmar\/#organization","name":"MIR-MAR","url":"http:\/\/dafinoo.eu\/mirmar\/","logo":{"@type":"ImageObject","inLanguage":"sk-SK","@id":"http:\/\/dafinoo.eu\/mirmar\/#\/schema\/logo\/image\/","url":"http:\/\/dafinoo.eu\/mirmar\/wp-content\/uploads\/2021\/03\/mirmar_logo.png","contentUrl":"http:\/\/dafinoo.eu\/mirmar\/wp-content\/uploads\/2021\/03\/mirmar_logo.png","width":256,"height":60,"caption":"MIR-MAR"},"image":{"@id":"http:\/\/dafinoo.eu\/mirmar\/#\/schema\/logo\/image\/"},"sameAs":["https:\/\/facebook.com\/mirmareshop"]}]}},"_links":{"self":[{"href":"http:\/\/dafinoo.eu\/mirmar\/wp-json\/wp\/v2\/product\/42950","targetHints":{"allow":["GET"]}}],"collection":[{"href":"http:\/\/dafinoo.eu\/mirmar\/wp-json\/wp\/v2\/product"}],"about":[{"href":"http:\/\/dafinoo.eu\/mirmar\/wp-json\/wp\/v2\/types\/product"}],"replies":[{"embeddable":true,"href":"http:\/\/dafinoo.eu\/mirmar\/wp-json\/wp\/v2\/comments?post=42950"}],"wp:featuredmedia":[{"embeddable":true,"href":"http:\/\/dafinoo.eu\/mirmar\/wp-json\/wp\/v2\/media\/42951"}],"wp:attachment":[{"href":"http:\/\/dafinoo.eu\/mirmar\/wp-json\/wp\/v2\/media?parent=42950"}],"wp:term":[{"taxonomy":"product_cat","embeddable":true,"href":"http:\/\/dafinoo.eu\/mirmar\/wp-json\/wp\/v2\/product_cat?post=42950"},{"taxonomy":"product_tag","embeddable":true,"href":"http:\/\/dafinoo.eu\/mirmar\/wp-json\/wp\/v2\/product_tag?post=42950"}],"curies":[{"name":"wp","href":"https:\/\/api.w.org\/{rel}","templated":true}]}}