{"id":42964,"date":"2022-02-03T11:10:11","date_gmt":"2022-02-03T10:10:11","guid":{"rendered":"http:\/\/dafinoo.eu\/mirmar\/?post_type=product&#038;p=42964"},"modified":"2022-02-03T11:10:52","modified_gmt":"2022-02-03T10:10:52","slug":"makita-hp001gm201","status":"publish","type":"product","link":"http:\/\/dafinoo.eu\/mirmar\/obchod\/makita-hp001gm201\/","title":{"rendered":"Makita HP001GM201"},"content":{"rendered":"<ul>\n<li>Mimoriadne v\u00fdkonn\u00fd dvojr\u00fdchlostn\u00fd pr\u00edklepov\u00fd skrutkova\u010d pre naj\u0165a\u017e\u0161ie v\u0155tanie a skrutkovanie.<\/li>\n<li><i class=\"icon-check text-success\"><\/i>Vzh\u013eadom na vy\u0161\u0161ie pracovn\u00e9 nap\u00e4tie technol\u00f3gie XGT je stroj vysoko odoln\u00fd vo\u010di nepretr\u017eitej pr\u00e1ci pri vysok\u00fdch za\u0165a\u017eeniach.<\/li>\n<li><i class=\"icon-check text-success\"><\/i>Kovov\u00e9 teleso prevodovky a dvojit\u00e9 lo\u017eiskov\u00e9 vreteno pre zv\u00fd\u0161en\u00fa odolnos\u0165 pri silnom mechanickom za\u0165a\u017een\u00ed.<\/li>\n<li><i class=\"icon-check text-success\"><\/i>Elektronick\u00e9 nastavenie kr\u00fatiaceho momentu so 41 stup\u0148ami pri n\u00edzkej r\u00fdchlosti a 21 stup\u0148ami pri vysokej r\u00fdchlosti.<\/li>\n<li><i class=\"icon-check text-success\"><\/i>Funkcia AFT s akcelerometrom: pr\u00edstroj sa okam\u017eite vypne s n\u00e1hlym v\u00fdkyvom.<\/li>\n<li><i class=\"icon-check text-success\"><\/i>Celokovov\u00fd prevod, vr\u00e1tane kovov\u00e9ho kr\u00fa\u017eku na radenie prevodov\u00fdch stup\u0148ov pre zmenu r\u00fdchlosti, zaru\u010duje vynikaj\u00facu odolnos\u0165 proti opotrebeniu prevodov\u00e9ho stup\u0148a.<\/li>\n<li><i class=\"icon-check text-success\"><\/i>Bo\u010dn\u00e1 rukov\u00e4\u0165 umo\u017e\u0148uje vynikaj\u00facu kontrolu vysok\u00e9ho kr\u00fatiaceho momentu stroja.<\/li>\n<li><i class=\"icon-check text-success\"><\/i>Vybaven\u00fd pevn\u00fdm sk\u013eu\u010dovadlom bez k\u013e\u00fa\u010da 13 mm a automatick\u00fdm z\u00e1mkom vretena pre \u013eahk\u00fa v\u00fdmenu vrt\u00e1kov.<\/li>\n<li><i class=\"icon-check text-success\"><\/i>Sp\u00edna\u010d Vario pre optim\u00e1lny posuv skrutiek;\u00a0vynikaj\u00faca kontrola brzdou elektrick\u00e9ho motora, ktor\u00e1 zastav\u00ed stroj okam\u017eite po vypnut\u00ed.<\/li>\n<li><i class=\"icon-check text-success\"><\/i>XPT (technol\u00f3gia eXtremeProtection): r\u00f4zne kon\u0161truk\u010dn\u00e9 detaily zaru\u010duj\u00fa najlep\u0161iu odolnos\u0165 proti prachu a vode na trhu.<\/li>\n<li><i class=\"icon-check text-success\"><\/i>Bezuhl\u00edkov\u00fd motor: robustn\u00fd, v\u00fdkonn\u00fd a extr\u00e9mne efekt\u00edvny, \u010do umo\u017e\u0148uje v\u00e4\u010d\u0161iu auton\u00f3miu na jedno nabitie bat\u00e9rie.<\/li>\n<li><i class=\"icon-check text-success\"><\/i>Ergonomick\u00e1 rukov\u00e4\u0165, ktor\u00e1 sa zu\u017euje nadol, s m\u00e4kk\u00fdm krytom rukov\u00e4te, s patentovan\u00fdm rebrovan\u00edm podporuj\u00facim pri\u013enavos\u0165, ktor\u00e1 rovnomerne rozde\u013euje silu na v\u0161etky prsty.<\/li>\n<li><i class=\"icon-check text-success\"><\/i>Integrovan\u00e1 LED pre pohodlnej\u0161iu pr\u00e1cu na slabo osvetlen\u00fdch miestach.<\/li>\n<li><i class=\"icon-check text-success\"><\/i>Dod\u00e1van\u00e9 v\u00a0systaineri s\u00a02 x akumul\u00e1tor BL4040 (4,0Ah) a r\u00fdchlonab\u00edja\u010dky<\/li>\n<\/ul>\n","protected":false},"excerpt":{"rendered":"<p>Mimoriadne v\u00fdkonn\u00fd dvojr\u00fdchlostn\u00fd pr\u00edklepov\u00fd skrutkova\u010d pre naj\u0165a\u017e\u0161ie v\u0155tanie a skrutkovanie. Vzh\u013eadom na vy\u0161\u0161ie pracovn\u00e9 nap\u00e4tie technol\u00f3gie XGT je stroj vysoko odoln\u00fd vo\u010di nepretr\u017eitej pr\u00e1ci pri vysok\u00fdch za\u0165a\u017eeniach. Kovov\u00e9 teleso prevodovky a dvojit\u00e9 lo\u017eiskov\u00e9 vreteno pre zv\u00fd\u0161en\u00fa odolnos\u0165 pri silnom mechanickom za\u0165a\u017een\u00ed. Elektronick\u00e9 nastavenie kr\u00fatiaceho momentu so 41 stup\u0148ami pri n\u00edzkej r\u00fdchlosti a 21 stup\u0148ami pri [&hellip;]<\/p>\n","protected":false},"featured_media":42960,"comment_status":"open","ping_status":"closed","template":"","meta":{"_lmt_disableupdate":"","_lmt_disable":""},"product_cat":[3529],"product_tag":[],"class_list":{"0":"post-42964","1":"product","2":"type-product","3":"status-publish","4":"has-post-thumbnail","6":"product_cat-priklepove-skrutkovace-xgt","8":"first","9":"instock","10":"taxable","11":"shipping-taxable","12":"purchasable","13":"product-type-simple"},"yoast_head":"<!-- This site is optimized with the Yoast SEO plugin v27.3 - https:\/\/yoast.com\/product\/yoast-seo-wordpress\/ -->\n<title>Makita HP001GM201 - MIR-MAR<\/title>\n<meta name=\"robots\" content=\"index, follow, max-snippet:-1, max-image-preview:large, max-video-preview:-1\" \/>\n<link rel=\"canonical\" href=\"http:\/\/dafinoo.eu\/mirmar\/obchod\/makita-hp001gm201\/\" \/>\n<meta property=\"og:locale\" content=\"sk_SK\" \/>\n<meta property=\"og:type\" content=\"article\" \/>\n<meta property=\"og:title\" content=\"Makita HP001GM201 - MIR-MAR\" \/>\n<meta property=\"og:description\" content=\"Mimoriadne v\u00fdkonn\u00fd dvojr\u00fdchlostn\u00fd pr\u00edklepov\u00fd skrutkova\u010d pre naj\u0165a\u017e\u0161ie v\u0155tanie a skrutkovanie. Vzh\u013eadom na vy\u0161\u0161ie pracovn\u00e9 nap\u00e4tie technol\u00f3gie XGT je stroj vysoko odoln\u00fd vo\u010di nepretr\u017eitej pr\u00e1ci pri vysok\u00fdch za\u0165a\u017eeniach. Kovov\u00e9 teleso prevodovky a dvojit\u00e9 lo\u017eiskov\u00e9 vreteno pre zv\u00fd\u0161en\u00fa odolnos\u0165 pri silnom mechanickom za\u0165a\u017een\u00ed. Elektronick\u00e9 nastavenie kr\u00fatiaceho momentu so 41 stup\u0148ami pri n\u00edzkej r\u00fdchlosti a 21 stup\u0148ami pri [&hellip;]\" \/>\n<meta property=\"og:url\" content=\"http:\/\/dafinoo.eu\/mirmar\/obchod\/makita-hp001gm201\/\" \/>\n<meta property=\"og:site_name\" content=\"MIR-MAR\" \/>\n<meta property=\"article:publisher\" content=\"https:\/\/facebook.com\/mirmareshop\" \/>\n<meta property=\"article:modified_time\" content=\"2022-02-03T10:10:52+00:00\" \/>\n<meta property=\"og:image\" content=\"http:\/\/dafinoo.eu\/mirmar\/wp-content\/uploads\/2022\/02\/hp001gm_0120_ma.tif.jpg\" \/>\n\t<meta property=\"og:image:width\" content=\"945\" \/>\n\t<meta property=\"og:image:height\" content=\"945\" \/>\n\t<meta property=\"og:image:type\" content=\"image\/jpeg\" \/>\n<meta name=\"twitter:label1\" content=\"Predpokladan\u00fd \u010das \u010d\u00edtania\" \/>\n\t<meta name=\"twitter:data1\" content=\"1 min\u00fata\" \/>\n<script type=\"application\/ld+json\" class=\"yoast-schema-graph\">{\"@context\":\"https:\\\/\\\/schema.org\",\"@graph\":[{\"@type\":\"WebPage\",\"@id\":\"http:\\\/\\\/dafinoo.eu\\\/mirmar\\\/obchod\\\/makita-hp001gm201\\\/\",\"url\":\"http:\\\/\\\/dafinoo.eu\\\/mirmar\\\/obchod\\\/makita-hp001gm201\\\/\",\"name\":\"Makita HP001GM201 - MIR-MAR\",\"isPartOf\":{\"@id\":\"http:\\\/\\\/dafinoo.eu\\\/mirmar\\\/#website\"},\"primaryImageOfPage\":{\"@id\":\"http:\\\/\\\/dafinoo.eu\\\/mirmar\\\/obchod\\\/makita-hp001gm201\\\/#primaryimage\"},\"image\":{\"@id\":\"http:\\\/\\\/dafinoo.eu\\\/mirmar\\\/obchod\\\/makita-hp001gm201\\\/#primaryimage\"},\"thumbnailUrl\":\"http:\\\/\\\/dafinoo.eu\\\/mirmar\\\/wp-content\\\/uploads\\\/2022\\\/02\\\/hp001gm_0120_ma.tif.jpg\",\"datePublished\":\"2022-02-03T10:10:11+00:00\",\"dateModified\":\"2022-02-03T10:10:52+00:00\",\"breadcrumb\":{\"@id\":\"http:\\\/\\\/dafinoo.eu\\\/mirmar\\\/obchod\\\/makita-hp001gm201\\\/#breadcrumb\"},\"inLanguage\":\"sk-SK\",\"potentialAction\":[{\"@type\":\"ReadAction\",\"target\":[\"http:\\\/\\\/dafinoo.eu\\\/mirmar\\\/obchod\\\/makita-hp001gm201\\\/\"]}]},{\"@type\":\"ImageObject\",\"inLanguage\":\"sk-SK\",\"@id\":\"http:\\\/\\\/dafinoo.eu\\\/mirmar\\\/obchod\\\/makita-hp001gm201\\\/#primaryimage\",\"url\":\"http:\\\/\\\/dafinoo.eu\\\/mirmar\\\/wp-content\\\/uploads\\\/2022\\\/02\\\/hp001gm_0120_ma.tif.jpg\",\"contentUrl\":\"http:\\\/\\\/dafinoo.eu\\\/mirmar\\\/wp-content\\\/uploads\\\/2022\\\/02\\\/hp001gm_0120_ma.tif.jpg\",\"width\":945,\"height\":945},{\"@type\":\"BreadcrumbList\",\"@id\":\"http:\\\/\\\/dafinoo.eu\\\/mirmar\\\/obchod\\\/makita-hp001gm201\\\/#breadcrumb\",\"itemListElement\":[{\"@type\":\"ListItem\",\"position\":1,\"name\":\"Domovsk\u00e1 str\u00e1nka\",\"item\":\"http:\\\/\\\/dafinoo.eu\\\/mirmar\\\/\"},{\"@type\":\"ListItem\",\"position\":2,\"name\":\"Obchod\",\"item\":\"http:\\\/\\\/dafinoo.eu\\\/mirmar\\\/obchod\\\/\"},{\"@type\":\"ListItem\",\"position\":3,\"name\":\"Makita HP001GM201\"}]},{\"@type\":\"WebSite\",\"@id\":\"http:\\\/\\\/dafinoo.eu\\\/mirmar\\\/#website\",\"url\":\"http:\\\/\\\/dafinoo.eu\\\/mirmar\\\/\",\"name\":\"MIR-MAR\",\"description\":\"Eshop s n\u00e1rad\u00edm\",\"publisher\":{\"@id\":\"http:\\\/\\\/dafinoo.eu\\\/mirmar\\\/#organization\"},\"potentialAction\":[{\"@type\":\"SearchAction\",\"target\":{\"@type\":\"EntryPoint\",\"urlTemplate\":\"http:\\\/\\\/dafinoo.eu\\\/mirmar\\\/?s={search_term_string}\"},\"query-input\":{\"@type\":\"PropertyValueSpecification\",\"valueRequired\":true,\"valueName\":\"search_term_string\"}}],\"inLanguage\":\"sk-SK\"},{\"@type\":\"Organization\",\"@id\":\"http:\\\/\\\/dafinoo.eu\\\/mirmar\\\/#organization\",\"name\":\"MIR-MAR\",\"url\":\"http:\\\/\\\/dafinoo.eu\\\/mirmar\\\/\",\"logo\":{\"@type\":\"ImageObject\",\"inLanguage\":\"sk-SK\",\"@id\":\"http:\\\/\\\/dafinoo.eu\\\/mirmar\\\/#\\\/schema\\\/logo\\\/image\\\/\",\"url\":\"http:\\\/\\\/dafinoo.eu\\\/mirmar\\\/wp-content\\\/uploads\\\/2021\\\/03\\\/mirmar_logo.png\",\"contentUrl\":\"http:\\\/\\\/dafinoo.eu\\\/mirmar\\\/wp-content\\\/uploads\\\/2021\\\/03\\\/mirmar_logo.png\",\"width\":256,\"height\":60,\"caption\":\"MIR-MAR\"},\"image\":{\"@id\":\"http:\\\/\\\/dafinoo.eu\\\/mirmar\\\/#\\\/schema\\\/logo\\\/image\\\/\"},\"sameAs\":[\"https:\\\/\\\/facebook.com\\\/mirmareshop\"]}]}<\/script>\n<!-- \/ Yoast SEO plugin. -->","yoast_head_json":{"title":"Makita HP001GM201 - MIR-MAR","robots":{"index":"index","follow":"follow","max-snippet":"max-snippet:-1","max-image-preview":"max-image-preview:large","max-video-preview":"max-video-preview:-1"},"canonical":"http:\/\/dafinoo.eu\/mirmar\/obchod\/makita-hp001gm201\/","og_locale":"sk_SK","og_type":"article","og_title":"Makita HP001GM201 - MIR-MAR","og_description":"Mimoriadne v\u00fdkonn\u00fd dvojr\u00fdchlostn\u00fd pr\u00edklepov\u00fd skrutkova\u010d pre naj\u0165a\u017e\u0161ie v\u0155tanie a skrutkovanie. Vzh\u013eadom na vy\u0161\u0161ie pracovn\u00e9 nap\u00e4tie technol\u00f3gie XGT je stroj vysoko odoln\u00fd vo\u010di nepretr\u017eitej pr\u00e1ci pri vysok\u00fdch za\u0165a\u017eeniach. Kovov\u00e9 teleso prevodovky a dvojit\u00e9 lo\u017eiskov\u00e9 vreteno pre zv\u00fd\u0161en\u00fa odolnos\u0165 pri silnom mechanickom za\u0165a\u017een\u00ed. Elektronick\u00e9 nastavenie kr\u00fatiaceho momentu so 41 stup\u0148ami pri n\u00edzkej r\u00fdchlosti a 21 stup\u0148ami pri [&hellip;]","og_url":"http:\/\/dafinoo.eu\/mirmar\/obchod\/makita-hp001gm201\/","og_site_name":"MIR-MAR","article_publisher":"https:\/\/facebook.com\/mirmareshop","article_modified_time":"2022-02-03T10:10:52+00:00","og_image":[{"width":945,"height":945,"url":"http:\/\/dafinoo.eu\/mirmar\/wp-content\/uploads\/2022\/02\/hp001gm_0120_ma.tif.jpg","type":"image\/jpeg"}],"twitter_misc":{"Predpokladan\u00fd \u010das \u010d\u00edtania":"1 min\u00fata"},"schema":{"@context":"https:\/\/schema.org","@graph":[{"@type":"WebPage","@id":"http:\/\/dafinoo.eu\/mirmar\/obchod\/makita-hp001gm201\/","url":"http:\/\/dafinoo.eu\/mirmar\/obchod\/makita-hp001gm201\/","name":"Makita HP001GM201 - MIR-MAR","isPartOf":{"@id":"http:\/\/dafinoo.eu\/mirmar\/#website"},"primaryImageOfPage":{"@id":"http:\/\/dafinoo.eu\/mirmar\/obchod\/makita-hp001gm201\/#primaryimage"},"image":{"@id":"http:\/\/dafinoo.eu\/mirmar\/obchod\/makita-hp001gm201\/#primaryimage"},"thumbnailUrl":"http:\/\/dafinoo.eu\/mirmar\/wp-content\/uploads\/2022\/02\/hp001gm_0120_ma.tif.jpg","datePublished":"2022-02-03T10:10:11+00:00","dateModified":"2022-02-03T10:10:52+00:00","breadcrumb":{"@id":"http:\/\/dafinoo.eu\/mirmar\/obchod\/makita-hp001gm201\/#breadcrumb"},"inLanguage":"sk-SK","potentialAction":[{"@type":"ReadAction","target":["http:\/\/dafinoo.eu\/mirmar\/obchod\/makita-hp001gm201\/"]}]},{"@type":"ImageObject","inLanguage":"sk-SK","@id":"http:\/\/dafinoo.eu\/mirmar\/obchod\/makita-hp001gm201\/#primaryimage","url":"http:\/\/dafinoo.eu\/mirmar\/wp-content\/uploads\/2022\/02\/hp001gm_0120_ma.tif.jpg","contentUrl":"http:\/\/dafinoo.eu\/mirmar\/wp-content\/uploads\/2022\/02\/hp001gm_0120_ma.tif.jpg","width":945,"height":945},{"@type":"BreadcrumbList","@id":"http:\/\/dafinoo.eu\/mirmar\/obchod\/makita-hp001gm201\/#breadcrumb","itemListElement":[{"@type":"ListItem","position":1,"name":"Domovsk\u00e1 str\u00e1nka","item":"http:\/\/dafinoo.eu\/mirmar\/"},{"@type":"ListItem","position":2,"name":"Obchod","item":"http:\/\/dafinoo.eu\/mirmar\/obchod\/"},{"@type":"ListItem","position":3,"name":"Makita HP001GM201"}]},{"@type":"WebSite","@id":"http:\/\/dafinoo.eu\/mirmar\/#website","url":"http:\/\/dafinoo.eu\/mirmar\/","name":"MIR-MAR","description":"Eshop s n\u00e1rad\u00edm","publisher":{"@id":"http:\/\/dafinoo.eu\/mirmar\/#organization"},"potentialAction":[{"@type":"SearchAction","target":{"@type":"EntryPoint","urlTemplate":"http:\/\/dafinoo.eu\/mirmar\/?s={search_term_string}"},"query-input":{"@type":"PropertyValueSpecification","valueRequired":true,"valueName":"search_term_string"}}],"inLanguage":"sk-SK"},{"@type":"Organization","@id":"http:\/\/dafinoo.eu\/mirmar\/#organization","name":"MIR-MAR","url":"http:\/\/dafinoo.eu\/mirmar\/","logo":{"@type":"ImageObject","inLanguage":"sk-SK","@id":"http:\/\/dafinoo.eu\/mirmar\/#\/schema\/logo\/image\/","url":"http:\/\/dafinoo.eu\/mirmar\/wp-content\/uploads\/2021\/03\/mirmar_logo.png","contentUrl":"http:\/\/dafinoo.eu\/mirmar\/wp-content\/uploads\/2021\/03\/mirmar_logo.png","width":256,"height":60,"caption":"MIR-MAR"},"image":{"@id":"http:\/\/dafinoo.eu\/mirmar\/#\/schema\/logo\/image\/"},"sameAs":["https:\/\/facebook.com\/mirmareshop"]}]}},"_links":{"self":[{"href":"http:\/\/dafinoo.eu\/mirmar\/wp-json\/wp\/v2\/product\/42964","targetHints":{"allow":["GET"]}}],"collection":[{"href":"http:\/\/dafinoo.eu\/mirmar\/wp-json\/wp\/v2\/product"}],"about":[{"href":"http:\/\/dafinoo.eu\/mirmar\/wp-json\/wp\/v2\/types\/product"}],"replies":[{"embeddable":true,"href":"http:\/\/dafinoo.eu\/mirmar\/wp-json\/wp\/v2\/comments?post=42964"}],"wp:featuredmedia":[{"embeddable":true,"href":"http:\/\/dafinoo.eu\/mirmar\/wp-json\/wp\/v2\/media\/42960"}],"wp:attachment":[{"href":"http:\/\/dafinoo.eu\/mirmar\/wp-json\/wp\/v2\/media?parent=42964"}],"wp:term":[{"taxonomy":"product_cat","embeddable":true,"href":"http:\/\/dafinoo.eu\/mirmar\/wp-json\/wp\/v2\/product_cat?post=42964"},{"taxonomy":"product_tag","embeddable":true,"href":"http:\/\/dafinoo.eu\/mirmar\/wp-json\/wp\/v2\/product_tag?post=42964"}],"curies":[{"name":"wp","href":"https:\/\/api.w.org\/{rel}","templated":true}]}}