{"id":42997,"date":"2022-02-21T11:49:14","date_gmt":"2022-02-21T10:49:14","guid":{"rendered":"http:\/\/dafinoo.eu\/mirmar\/?post_type=product&#038;p=42997"},"modified":"2022-02-21T11:49:15","modified_gmt":"2022-02-21T10:49:15","slug":"makita-hr001gm202","status":"publish","type":"product","link":"http:\/\/dafinoo.eu\/mirmar\/obchod\/makita-hr001gm202\/","title":{"rendered":"Makita HR001GM202"},"content":{"rendered":"<ul>\n<li>\u013dahk\u00e9 a kompaktn\u00e9 akumul\u00e1torov\u00e9 kombinovan\u00e9 kladivo s tromi funkciami: v\u0155tanie, v\u0155tanie s\u00a0pr\u00edklepom a\u00a0sekanie.<\/li>\n<li><i class=\"icon-check text-success\"><\/i>Vzh\u013eadom na vy\u0161\u0161ie pracovn\u00e9 nap\u00e4tie technol\u00f3gie XGT je stroj vysoko odoln\u00fd vo\u010di nepretr\u017eitej pr\u00e1ci pri vysok\u00fdch za\u0165a\u017eeniach.<\/li>\n<li><i class=\"icon-check text-success\"><\/i>Vybaven\u00fd syst\u00e9mom AVT (Anti-Vibration Technology) pre mimoriadne n\u00edzku \u00farove\u0148 vibr\u00e1ci\u00ed.<\/li>\n<li><i class=\"icon-check text-success\"><\/i>AWS (automatick\u00fd \u0161tart bezdr\u00f4tov\u00e9ho syst\u00e9mu): spojenie medzi strojom a vys\u00e1va\u010dom cez Bluetooth.<\/li>\n<li><i class=\"icon-check text-success\"><\/i>Funkcia AFT s akcelerometrom: pr\u00edstroj sa okam\u017eite vypne s n\u00e1hlym .<\/li>\n<li><i class=\"icon-check text-success\"><\/i>Bezuhl\u00edkov\u00fd motor s elektronick\u00fdm ovl\u00e1dan\u00edm zais\u0165uje vysok\u00fa \u00fa\u010dinnos\u0165 motora a v\u00fdrazne men\u0161ie zahrievanie.<\/li>\n<li><i class=\"icon-check text-success\"><\/i>Dod\u00e1va sa v\u00a0systaineri s\u00a02 x akumul\u00e1tor BL4040 a r\u00fdchlonab\u00edja\u010dka.<\/li>\n<li><i class=\"icon-check text-success\"><\/i>Oto\u010dn\u00e1 bo\u010dn\u00e1 rukov\u00e4\u0165 s m\u00e4kk\u00fdm uchopen\u00edm s nastavite\u013en\u00fdm h\u013abkov\u00fdm dorazom.<\/li>\n<li><i class=\"icon-check text-success\"><\/i>Ide\u00e1lne akumul\u00e1torov\u00e9 rota\u010dn\u00e9 kladivo na v\u0155tanie otvorov kotiev.<\/li>\n<\/ul>\n","protected":false},"excerpt":{"rendered":"<p>\u013dahk\u00e9 a kompaktn\u00e9 akumul\u00e1torov\u00e9 kombinovan\u00e9 kladivo s tromi funkciami: v\u0155tanie, v\u0155tanie s\u00a0pr\u00edklepom a\u00a0sekanie. Vzh\u013eadom na vy\u0161\u0161ie pracovn\u00e9 nap\u00e4tie technol\u00f3gie XGT je stroj vysoko odoln\u00fd vo\u010di nepretr\u017eitej pr\u00e1ci pri vysok\u00fdch za\u0165a\u017eeniach. Vybaven\u00fd syst\u00e9mom AVT (Anti-Vibration Technology) pre mimoriadne n\u00edzku \u00farove\u0148 vibr\u00e1ci\u00ed. AWS (automatick\u00fd \u0161tart bezdr\u00f4tov\u00e9ho syst\u00e9mu): spojenie medzi strojom a vys\u00e1va\u010dom cez Bluetooth. Funkcia AFT s [&hellip;]<\/p>\n","protected":false},"featured_media":42998,"comment_status":"open","ping_status":"closed","template":"","meta":{"_lmt_disableupdate":"","_lmt_disable":""},"product_cat":[3532],"product_tag":[],"class_list":{"0":"post-42997","1":"product","2":"type-product","3":"status-publish","4":"has-post-thumbnail","6":"product_cat-vrtacie-kladiva","7":"ts_product_brand-makita","9":"first","10":"instock","11":"taxable","12":"shipping-taxable","13":"purchasable","14":"product-type-simple"},"yoast_head":"<!-- This site is optimized with the Yoast SEO plugin v27.3 - https:\/\/yoast.com\/product\/yoast-seo-wordpress\/ -->\n<title>Makita HR001GM202 - MIR-MAR<\/title>\n<meta name=\"robots\" content=\"index, follow, max-snippet:-1, max-image-preview:large, max-video-preview:-1\" \/>\n<link rel=\"canonical\" href=\"http:\/\/dafinoo.eu\/mirmar\/obchod\/makita-hr001gm202\/\" \/>\n<meta property=\"og:locale\" content=\"sk_SK\" \/>\n<meta property=\"og:type\" content=\"article\" \/>\n<meta property=\"og:title\" content=\"Makita HR001GM202 - MIR-MAR\" \/>\n<meta property=\"og:description\" content=\"\u013dahk\u00e9 a kompaktn\u00e9 akumul\u00e1torov\u00e9 kombinovan\u00e9 kladivo s tromi funkciami: v\u0155tanie, v\u0155tanie s\u00a0pr\u00edklepom a\u00a0sekanie. Vzh\u013eadom na vy\u0161\u0161ie pracovn\u00e9 nap\u00e4tie technol\u00f3gie XGT je stroj vysoko odoln\u00fd vo\u010di nepretr\u017eitej pr\u00e1ci pri vysok\u00fdch za\u0165a\u017eeniach. Vybaven\u00fd syst\u00e9mom AVT (Anti-Vibration Technology) pre mimoriadne n\u00edzku \u00farove\u0148 vibr\u00e1ci\u00ed. AWS (automatick\u00fd \u0161tart bezdr\u00f4tov\u00e9ho syst\u00e9mu): spojenie medzi strojom a vys\u00e1va\u010dom cez Bluetooth. Funkcia AFT s [&hellip;]\" \/>\n<meta property=\"og:url\" content=\"http:\/\/dafinoo.eu\/mirmar\/obchod\/makita-hr001gm202\/\" \/>\n<meta property=\"og:site_name\" content=\"MIR-MAR\" \/>\n<meta property=\"article:publisher\" content=\"https:\/\/facebook.com\/mirmareshop\" \/>\n<meta property=\"article:modified_time\" content=\"2022-02-21T10:49:15+00:00\" \/>\n<meta property=\"og:image\" content=\"http:\/\/dafinoo.eu\/mirmar\/wp-content\/uploads\/2022\/02\/HR001G-1000.jpg\" \/>\n\t<meta property=\"og:image:width\" content=\"945\" \/>\n\t<meta property=\"og:image:height\" content=\"945\" \/>\n\t<meta property=\"og:image:type\" content=\"image\/jpeg\" \/>\n<meta name=\"twitter:label1\" content=\"Predpokladan\u00fd \u010das \u010d\u00edtania\" \/>\n\t<meta name=\"twitter:data1\" content=\"1 min\u00fata\" \/>\n<script type=\"application\/ld+json\" class=\"yoast-schema-graph\">{\"@context\":\"https:\\\/\\\/schema.org\",\"@graph\":[{\"@type\":\"WebPage\",\"@id\":\"http:\\\/\\\/dafinoo.eu\\\/mirmar\\\/obchod\\\/makita-hr001gm202\\\/\",\"url\":\"http:\\\/\\\/dafinoo.eu\\\/mirmar\\\/obchod\\\/makita-hr001gm202\\\/\",\"name\":\"Makita HR001GM202 - MIR-MAR\",\"isPartOf\":{\"@id\":\"http:\\\/\\\/dafinoo.eu\\\/mirmar\\\/#website\"},\"primaryImageOfPage\":{\"@id\":\"http:\\\/\\\/dafinoo.eu\\\/mirmar\\\/obchod\\\/makita-hr001gm202\\\/#primaryimage\"},\"image\":{\"@id\":\"http:\\\/\\\/dafinoo.eu\\\/mirmar\\\/obchod\\\/makita-hr001gm202\\\/#primaryimage\"},\"thumbnailUrl\":\"http:\\\/\\\/dafinoo.eu\\\/mirmar\\\/wp-content\\\/uploads\\\/2022\\\/02\\\/HR001G-1000.jpg\",\"datePublished\":\"2022-02-21T10:49:14+00:00\",\"dateModified\":\"2022-02-21T10:49:15+00:00\",\"breadcrumb\":{\"@id\":\"http:\\\/\\\/dafinoo.eu\\\/mirmar\\\/obchod\\\/makita-hr001gm202\\\/#breadcrumb\"},\"inLanguage\":\"sk-SK\",\"potentialAction\":[{\"@type\":\"ReadAction\",\"target\":[\"http:\\\/\\\/dafinoo.eu\\\/mirmar\\\/obchod\\\/makita-hr001gm202\\\/\"]}]},{\"@type\":\"ImageObject\",\"inLanguage\":\"sk-SK\",\"@id\":\"http:\\\/\\\/dafinoo.eu\\\/mirmar\\\/obchod\\\/makita-hr001gm202\\\/#primaryimage\",\"url\":\"http:\\\/\\\/dafinoo.eu\\\/mirmar\\\/wp-content\\\/uploads\\\/2022\\\/02\\\/HR001G-1000.jpg\",\"contentUrl\":\"http:\\\/\\\/dafinoo.eu\\\/mirmar\\\/wp-content\\\/uploads\\\/2022\\\/02\\\/HR001G-1000.jpg\",\"width\":945,\"height\":945},{\"@type\":\"BreadcrumbList\",\"@id\":\"http:\\\/\\\/dafinoo.eu\\\/mirmar\\\/obchod\\\/makita-hr001gm202\\\/#breadcrumb\",\"itemListElement\":[{\"@type\":\"ListItem\",\"position\":1,\"name\":\"Domovsk\u00e1 str\u00e1nka\",\"item\":\"http:\\\/\\\/dafinoo.eu\\\/mirmar\\\/\"},{\"@type\":\"ListItem\",\"position\":2,\"name\":\"Obchod\",\"item\":\"http:\\\/\\\/dafinoo.eu\\\/mirmar\\\/obchod\\\/\"},{\"@type\":\"ListItem\",\"position\":3,\"name\":\"Makita HR001GM202\"}]},{\"@type\":\"WebSite\",\"@id\":\"http:\\\/\\\/dafinoo.eu\\\/mirmar\\\/#website\",\"url\":\"http:\\\/\\\/dafinoo.eu\\\/mirmar\\\/\",\"name\":\"MIR-MAR\",\"description\":\"Eshop s n\u00e1rad\u00edm\",\"publisher\":{\"@id\":\"http:\\\/\\\/dafinoo.eu\\\/mirmar\\\/#organization\"},\"potentialAction\":[{\"@type\":\"SearchAction\",\"target\":{\"@type\":\"EntryPoint\",\"urlTemplate\":\"http:\\\/\\\/dafinoo.eu\\\/mirmar\\\/?s={search_term_string}\"},\"query-input\":{\"@type\":\"PropertyValueSpecification\",\"valueRequired\":true,\"valueName\":\"search_term_string\"}}],\"inLanguage\":\"sk-SK\"},{\"@type\":\"Organization\",\"@id\":\"http:\\\/\\\/dafinoo.eu\\\/mirmar\\\/#organization\",\"name\":\"MIR-MAR\",\"url\":\"http:\\\/\\\/dafinoo.eu\\\/mirmar\\\/\",\"logo\":{\"@type\":\"ImageObject\",\"inLanguage\":\"sk-SK\",\"@id\":\"http:\\\/\\\/dafinoo.eu\\\/mirmar\\\/#\\\/schema\\\/logo\\\/image\\\/\",\"url\":\"http:\\\/\\\/dafinoo.eu\\\/mirmar\\\/wp-content\\\/uploads\\\/2021\\\/03\\\/mirmar_logo.png\",\"contentUrl\":\"http:\\\/\\\/dafinoo.eu\\\/mirmar\\\/wp-content\\\/uploads\\\/2021\\\/03\\\/mirmar_logo.png\",\"width\":256,\"height\":60,\"caption\":\"MIR-MAR\"},\"image\":{\"@id\":\"http:\\\/\\\/dafinoo.eu\\\/mirmar\\\/#\\\/schema\\\/logo\\\/image\\\/\"},\"sameAs\":[\"https:\\\/\\\/facebook.com\\\/mirmareshop\"]}]}<\/script>\n<!-- \/ Yoast SEO plugin. -->","yoast_head_json":{"title":"Makita HR001GM202 - MIR-MAR","robots":{"index":"index","follow":"follow","max-snippet":"max-snippet:-1","max-image-preview":"max-image-preview:large","max-video-preview":"max-video-preview:-1"},"canonical":"http:\/\/dafinoo.eu\/mirmar\/obchod\/makita-hr001gm202\/","og_locale":"sk_SK","og_type":"article","og_title":"Makita HR001GM202 - MIR-MAR","og_description":"\u013dahk\u00e9 a kompaktn\u00e9 akumul\u00e1torov\u00e9 kombinovan\u00e9 kladivo s tromi funkciami: v\u0155tanie, v\u0155tanie s\u00a0pr\u00edklepom a\u00a0sekanie. Vzh\u013eadom na vy\u0161\u0161ie pracovn\u00e9 nap\u00e4tie technol\u00f3gie XGT je stroj vysoko odoln\u00fd vo\u010di nepretr\u017eitej pr\u00e1ci pri vysok\u00fdch za\u0165a\u017eeniach. Vybaven\u00fd syst\u00e9mom AVT (Anti-Vibration Technology) pre mimoriadne n\u00edzku \u00farove\u0148 vibr\u00e1ci\u00ed. AWS (automatick\u00fd \u0161tart bezdr\u00f4tov\u00e9ho syst\u00e9mu): spojenie medzi strojom a vys\u00e1va\u010dom cez Bluetooth. Funkcia AFT s [&hellip;]","og_url":"http:\/\/dafinoo.eu\/mirmar\/obchod\/makita-hr001gm202\/","og_site_name":"MIR-MAR","article_publisher":"https:\/\/facebook.com\/mirmareshop","article_modified_time":"2022-02-21T10:49:15+00:00","og_image":[{"width":945,"height":945,"url":"http:\/\/dafinoo.eu\/mirmar\/wp-content\/uploads\/2022\/02\/HR001G-1000.jpg","type":"image\/jpeg"}],"twitter_misc":{"Predpokladan\u00fd \u010das \u010d\u00edtania":"1 min\u00fata"},"schema":{"@context":"https:\/\/schema.org","@graph":[{"@type":"WebPage","@id":"http:\/\/dafinoo.eu\/mirmar\/obchod\/makita-hr001gm202\/","url":"http:\/\/dafinoo.eu\/mirmar\/obchod\/makita-hr001gm202\/","name":"Makita HR001GM202 - MIR-MAR","isPartOf":{"@id":"http:\/\/dafinoo.eu\/mirmar\/#website"},"primaryImageOfPage":{"@id":"http:\/\/dafinoo.eu\/mirmar\/obchod\/makita-hr001gm202\/#primaryimage"},"image":{"@id":"http:\/\/dafinoo.eu\/mirmar\/obchod\/makita-hr001gm202\/#primaryimage"},"thumbnailUrl":"http:\/\/dafinoo.eu\/mirmar\/wp-content\/uploads\/2022\/02\/HR001G-1000.jpg","datePublished":"2022-02-21T10:49:14+00:00","dateModified":"2022-02-21T10:49:15+00:00","breadcrumb":{"@id":"http:\/\/dafinoo.eu\/mirmar\/obchod\/makita-hr001gm202\/#breadcrumb"},"inLanguage":"sk-SK","potentialAction":[{"@type":"ReadAction","target":["http:\/\/dafinoo.eu\/mirmar\/obchod\/makita-hr001gm202\/"]}]},{"@type":"ImageObject","inLanguage":"sk-SK","@id":"http:\/\/dafinoo.eu\/mirmar\/obchod\/makita-hr001gm202\/#primaryimage","url":"http:\/\/dafinoo.eu\/mirmar\/wp-content\/uploads\/2022\/02\/HR001G-1000.jpg","contentUrl":"http:\/\/dafinoo.eu\/mirmar\/wp-content\/uploads\/2022\/02\/HR001G-1000.jpg","width":945,"height":945},{"@type":"BreadcrumbList","@id":"http:\/\/dafinoo.eu\/mirmar\/obchod\/makita-hr001gm202\/#breadcrumb","itemListElement":[{"@type":"ListItem","position":1,"name":"Domovsk\u00e1 str\u00e1nka","item":"http:\/\/dafinoo.eu\/mirmar\/"},{"@type":"ListItem","position":2,"name":"Obchod","item":"http:\/\/dafinoo.eu\/mirmar\/obchod\/"},{"@type":"ListItem","position":3,"name":"Makita HR001GM202"}]},{"@type":"WebSite","@id":"http:\/\/dafinoo.eu\/mirmar\/#website","url":"http:\/\/dafinoo.eu\/mirmar\/","name":"MIR-MAR","description":"Eshop s n\u00e1rad\u00edm","publisher":{"@id":"http:\/\/dafinoo.eu\/mirmar\/#organization"},"potentialAction":[{"@type":"SearchAction","target":{"@type":"EntryPoint","urlTemplate":"http:\/\/dafinoo.eu\/mirmar\/?s={search_term_string}"},"query-input":{"@type":"PropertyValueSpecification","valueRequired":true,"valueName":"search_term_string"}}],"inLanguage":"sk-SK"},{"@type":"Organization","@id":"http:\/\/dafinoo.eu\/mirmar\/#organization","name":"MIR-MAR","url":"http:\/\/dafinoo.eu\/mirmar\/","logo":{"@type":"ImageObject","inLanguage":"sk-SK","@id":"http:\/\/dafinoo.eu\/mirmar\/#\/schema\/logo\/image\/","url":"http:\/\/dafinoo.eu\/mirmar\/wp-content\/uploads\/2021\/03\/mirmar_logo.png","contentUrl":"http:\/\/dafinoo.eu\/mirmar\/wp-content\/uploads\/2021\/03\/mirmar_logo.png","width":256,"height":60,"caption":"MIR-MAR"},"image":{"@id":"http:\/\/dafinoo.eu\/mirmar\/#\/schema\/logo\/image\/"},"sameAs":["https:\/\/facebook.com\/mirmareshop"]}]}},"_links":{"self":[{"href":"http:\/\/dafinoo.eu\/mirmar\/wp-json\/wp\/v2\/product\/42997","targetHints":{"allow":["GET"]}}],"collection":[{"href":"http:\/\/dafinoo.eu\/mirmar\/wp-json\/wp\/v2\/product"}],"about":[{"href":"http:\/\/dafinoo.eu\/mirmar\/wp-json\/wp\/v2\/types\/product"}],"replies":[{"embeddable":true,"href":"http:\/\/dafinoo.eu\/mirmar\/wp-json\/wp\/v2\/comments?post=42997"}],"wp:featuredmedia":[{"embeddable":true,"href":"http:\/\/dafinoo.eu\/mirmar\/wp-json\/wp\/v2\/media\/42998"}],"wp:attachment":[{"href":"http:\/\/dafinoo.eu\/mirmar\/wp-json\/wp\/v2\/media?parent=42997"}],"wp:term":[{"taxonomy":"product_cat","embeddable":true,"href":"http:\/\/dafinoo.eu\/mirmar\/wp-json\/wp\/v2\/product_cat?post=42997"},{"taxonomy":"product_tag","embeddable":true,"href":"http:\/\/dafinoo.eu\/mirmar\/wp-json\/wp\/v2\/product_tag?post=42997"}],"curies":[{"name":"wp","href":"https:\/\/api.w.org\/{rel}","templated":true}]}}