{"id":43003,"date":"2022-02-21T15:29:55","date_gmt":"2022-02-21T14:29:55","guid":{"rendered":"http:\/\/dafinoo.eu\/mirmar\/?post_type=product&#038;p=43003"},"modified":"2022-02-21T15:29:55","modified_gmt":"2022-02-21T14:29:55","slug":"bosch-grl-600-chv-professional-0601061f00","status":"publish","type":"product","link":"http:\/\/dafinoo.eu\/mirmar\/obchod\/bosch-grl-600-chv-professional-0601061f00\/","title":{"rendered":"Bosch GRL 600 CHV Professional 0601061F00"},"content":{"rendered":"<h3 class=\"product-detail-stage__headline\">Presn\u00e9 v\u00fdsledky a\u00a0\u00faspora \u010dasu v\u010faka novinke GRL 600 CHV \u2013 vynikaj\u00facemu pr\u00edstroju na n\u00e1ro\u010dn\u00e9 pr\u00e1ce<\/h3>\n<ul class=\"product-detail-stage__list a-list\">\n<li>Vysok\u00e1 flexibilita v\u00a0zl\u00fdch poveternostn\u00fdch podmienkach, robustn\u00e1 kon\u0161trukcia, ochrana proti n\u00e1razom a\u00a0trieda ochrany IP68 proti prachu a\u00a0vode<\/li>\n<li>Intuit\u00edvne ovl\u00e1danie prostredn\u00edctvom displeja a\u00a0pr\u00edstup k\u00a0aplik\u00e1cii na vzdialen\u00fa niveliz\u00e1ciu, ktor\u00e1 vizualizuje v\u0161etky funkcie vr\u00e1tane nastavenia dvojit\u00e9ho sklonu, aby u\u0161etrila \u010das<\/li>\n<li>Praktick\u00e1 dlhodob\u00e1 prev\u00e1dzka so syst\u00e9mom akumul\u00e1torov triedy 18\u00a0V a\u00a0alkalick\u00fdmi bat\u00e9riami (adapt\u00e9r s\u00fa\u010das\u0165ou balenia)<\/li>\n<\/ul>\n","protected":false},"excerpt":{"rendered":"<p>Presn\u00e9 v\u00fdsledky a\u00a0\u00faspora \u010dasu v\u010faka novinke GRL 600 CHV \u2013 vynikaj\u00facemu pr\u00edstroju na n\u00e1ro\u010dn\u00e9 pr\u00e1ce Vysok\u00e1 flexibilita v\u00a0zl\u00fdch poveternostn\u00fdch podmienkach, robustn\u00e1 kon\u0161trukcia, ochrana proti n\u00e1razom a\u00a0trieda ochrany IP68 proti prachu a\u00a0vode Intuit\u00edvne ovl\u00e1danie prostredn\u00edctvom displeja a\u00a0pr\u00edstup k\u00a0aplik\u00e1cii na vzdialen\u00fa niveliz\u00e1ciu, ktor\u00e1 vizualizuje v\u0161etky funkcie vr\u00e1tane nastavenia dvojit\u00e9ho sklonu, aby u\u0161etrila \u010das Praktick\u00e1 dlhodob\u00e1 prev\u00e1dzka so [&hellip;]<\/p>\n","protected":false},"featured_media":43004,"comment_status":"open","ping_status":"closed","template":"","meta":{"_lmt_disableupdate":"","_lmt_disable":""},"product_cat":[3238],"product_tag":[],"class_list":{"0":"post-43003","1":"product","2":"type-product","3":"status-publish","4":"has-post-thumbnail","6":"product_cat-rotacny-laser","7":"ts_product_brand-bosh","9":"first","10":"instock","11":"taxable","12":"shipping-taxable","13":"purchasable","14":"product-type-simple"},"yoast_head":"<!-- This site is optimized with the Yoast SEO plugin v27.3 - https:\/\/yoast.com\/product\/yoast-seo-wordpress\/ -->\n<title>Bosch GRL 600 CHV Professional 0601061F00 - MIR-MAR<\/title>\n<meta name=\"robots\" content=\"index, follow, max-snippet:-1, max-image-preview:large, max-video-preview:-1\" \/>\n<link rel=\"canonical\" href=\"http:\/\/dafinoo.eu\/mirmar\/obchod\/bosch-grl-600-chv-professional-0601061f00\/\" \/>\n<meta property=\"og:locale\" content=\"sk_SK\" \/>\n<meta property=\"og:type\" content=\"article\" \/>\n<meta property=\"og:title\" content=\"Bosch GRL 600 CHV Professional 0601061F00 - MIR-MAR\" \/>\n<meta property=\"og:description\" content=\"Presn\u00e9 v\u00fdsledky a\u00a0\u00faspora \u010dasu v\u010faka novinke GRL 600 CHV \u2013 vynikaj\u00facemu pr\u00edstroju na n\u00e1ro\u010dn\u00e9 pr\u00e1ce Vysok\u00e1 flexibilita v\u00a0zl\u00fdch poveternostn\u00fdch podmienkach, robustn\u00e1 kon\u0161trukcia, ochrana proti n\u00e1razom a\u00a0trieda ochrany IP68 proti prachu a\u00a0vode Intuit\u00edvne ovl\u00e1danie prostredn\u00edctvom displeja a\u00a0pr\u00edstup k\u00a0aplik\u00e1cii na vzdialen\u00fa niveliz\u00e1ciu, ktor\u00e1 vizualizuje v\u0161etky funkcie vr\u00e1tane nastavenia dvojit\u00e9ho sklonu, aby u\u0161etrila \u010das Praktick\u00e1 dlhodob\u00e1 prev\u00e1dzka so [&hellip;]\" \/>\n<meta property=\"og:url\" content=\"http:\/\/dafinoo.eu\/mirmar\/obchod\/bosch-grl-600-chv-professional-0601061f00\/\" \/>\n<meta property=\"og:site_name\" content=\"MIR-MAR\" \/>\n<meta property=\"article:publisher\" content=\"https:\/\/facebook.com\/mirmareshop\" \/>\n<meta property=\"og:image\" content=\"http:\/\/dafinoo.eu\/mirmar\/wp-content\/uploads\/2022\/02\/rotacny-laser-grl-600-chv-0601061f00.webp\" \/>\n\t<meta property=\"og:image:width\" content=\"600\" \/>\n\t<meta property=\"og:image:height\" content=\"600\" \/>\n\t<meta property=\"og:image:type\" content=\"image\/webp\" \/>\n<meta name=\"twitter:label1\" content=\"Predpokladan\u00fd \u010das \u010d\u00edtania\" \/>\n\t<meta name=\"twitter:data1\" content=\"1 min\u00fata\" \/>\n<script type=\"application\/ld+json\" class=\"yoast-schema-graph\">{\"@context\":\"https:\\\/\\\/schema.org\",\"@graph\":[{\"@type\":\"WebPage\",\"@id\":\"http:\\\/\\\/dafinoo.eu\\\/mirmar\\\/obchod\\\/bosch-grl-600-chv-professional-0601061f00\\\/\",\"url\":\"http:\\\/\\\/dafinoo.eu\\\/mirmar\\\/obchod\\\/bosch-grl-600-chv-professional-0601061f00\\\/\",\"name\":\"Bosch GRL 600 CHV Professional 0601061F00 - MIR-MAR\",\"isPartOf\":{\"@id\":\"http:\\\/\\\/dafinoo.eu\\\/mirmar\\\/#website\"},\"primaryImageOfPage\":{\"@id\":\"http:\\\/\\\/dafinoo.eu\\\/mirmar\\\/obchod\\\/bosch-grl-600-chv-professional-0601061f00\\\/#primaryimage\"},\"image\":{\"@id\":\"http:\\\/\\\/dafinoo.eu\\\/mirmar\\\/obchod\\\/bosch-grl-600-chv-professional-0601061f00\\\/#primaryimage\"},\"thumbnailUrl\":\"http:\\\/\\\/dafinoo.eu\\\/mirmar\\\/wp-content\\\/uploads\\\/2022\\\/02\\\/rotacny-laser-grl-600-chv-0601061f00.webp\",\"datePublished\":\"2022-02-21T14:29:55+00:00\",\"breadcrumb\":{\"@id\":\"http:\\\/\\\/dafinoo.eu\\\/mirmar\\\/obchod\\\/bosch-grl-600-chv-professional-0601061f00\\\/#breadcrumb\"},\"inLanguage\":\"sk-SK\",\"potentialAction\":[{\"@type\":\"ReadAction\",\"target\":[\"http:\\\/\\\/dafinoo.eu\\\/mirmar\\\/obchod\\\/bosch-grl-600-chv-professional-0601061f00\\\/\"]}]},{\"@type\":\"ImageObject\",\"inLanguage\":\"sk-SK\",\"@id\":\"http:\\\/\\\/dafinoo.eu\\\/mirmar\\\/obchod\\\/bosch-grl-600-chv-professional-0601061f00\\\/#primaryimage\",\"url\":\"http:\\\/\\\/dafinoo.eu\\\/mirmar\\\/wp-content\\\/uploads\\\/2022\\\/02\\\/rotacny-laser-grl-600-chv-0601061f00.webp\",\"contentUrl\":\"http:\\\/\\\/dafinoo.eu\\\/mirmar\\\/wp-content\\\/uploads\\\/2022\\\/02\\\/rotacny-laser-grl-600-chv-0601061f00.webp\",\"width\":600,\"height\":600},{\"@type\":\"BreadcrumbList\",\"@id\":\"http:\\\/\\\/dafinoo.eu\\\/mirmar\\\/obchod\\\/bosch-grl-600-chv-professional-0601061f00\\\/#breadcrumb\",\"itemListElement\":[{\"@type\":\"ListItem\",\"position\":1,\"name\":\"Domovsk\u00e1 str\u00e1nka\",\"item\":\"http:\\\/\\\/dafinoo.eu\\\/mirmar\\\/\"},{\"@type\":\"ListItem\",\"position\":2,\"name\":\"Obchod\",\"item\":\"http:\\\/\\\/dafinoo.eu\\\/mirmar\\\/obchod\\\/\"},{\"@type\":\"ListItem\",\"position\":3,\"name\":\"Bosch GRL 600 CHV Professional 0601061F00\"}]},{\"@type\":\"WebSite\",\"@id\":\"http:\\\/\\\/dafinoo.eu\\\/mirmar\\\/#website\",\"url\":\"http:\\\/\\\/dafinoo.eu\\\/mirmar\\\/\",\"name\":\"MIR-MAR\",\"description\":\"Eshop s n\u00e1rad\u00edm\",\"publisher\":{\"@id\":\"http:\\\/\\\/dafinoo.eu\\\/mirmar\\\/#organization\"},\"potentialAction\":[{\"@type\":\"SearchAction\",\"target\":{\"@type\":\"EntryPoint\",\"urlTemplate\":\"http:\\\/\\\/dafinoo.eu\\\/mirmar\\\/?s={search_term_string}\"},\"query-input\":{\"@type\":\"PropertyValueSpecification\",\"valueRequired\":true,\"valueName\":\"search_term_string\"}}],\"inLanguage\":\"sk-SK\"},{\"@type\":\"Organization\",\"@id\":\"http:\\\/\\\/dafinoo.eu\\\/mirmar\\\/#organization\",\"name\":\"MIR-MAR\",\"url\":\"http:\\\/\\\/dafinoo.eu\\\/mirmar\\\/\",\"logo\":{\"@type\":\"ImageObject\",\"inLanguage\":\"sk-SK\",\"@id\":\"http:\\\/\\\/dafinoo.eu\\\/mirmar\\\/#\\\/schema\\\/logo\\\/image\\\/\",\"url\":\"http:\\\/\\\/dafinoo.eu\\\/mirmar\\\/wp-content\\\/uploads\\\/2021\\\/03\\\/mirmar_logo.png\",\"contentUrl\":\"http:\\\/\\\/dafinoo.eu\\\/mirmar\\\/wp-content\\\/uploads\\\/2021\\\/03\\\/mirmar_logo.png\",\"width\":256,\"height\":60,\"caption\":\"MIR-MAR\"},\"image\":{\"@id\":\"http:\\\/\\\/dafinoo.eu\\\/mirmar\\\/#\\\/schema\\\/logo\\\/image\\\/\"},\"sameAs\":[\"https:\\\/\\\/facebook.com\\\/mirmareshop\"]}]}<\/script>\n<!-- \/ Yoast SEO plugin. -->","yoast_head_json":{"title":"Bosch GRL 600 CHV Professional 0601061F00 - MIR-MAR","robots":{"index":"index","follow":"follow","max-snippet":"max-snippet:-1","max-image-preview":"max-image-preview:large","max-video-preview":"max-video-preview:-1"},"canonical":"http:\/\/dafinoo.eu\/mirmar\/obchod\/bosch-grl-600-chv-professional-0601061f00\/","og_locale":"sk_SK","og_type":"article","og_title":"Bosch GRL 600 CHV Professional 0601061F00 - MIR-MAR","og_description":"Presn\u00e9 v\u00fdsledky a\u00a0\u00faspora \u010dasu v\u010faka novinke GRL 600 CHV \u2013 vynikaj\u00facemu pr\u00edstroju na n\u00e1ro\u010dn\u00e9 pr\u00e1ce Vysok\u00e1 flexibilita v\u00a0zl\u00fdch poveternostn\u00fdch podmienkach, robustn\u00e1 kon\u0161trukcia, ochrana proti n\u00e1razom a\u00a0trieda ochrany IP68 proti prachu a\u00a0vode Intuit\u00edvne ovl\u00e1danie prostredn\u00edctvom displeja a\u00a0pr\u00edstup k\u00a0aplik\u00e1cii na vzdialen\u00fa niveliz\u00e1ciu, ktor\u00e1 vizualizuje v\u0161etky funkcie vr\u00e1tane nastavenia dvojit\u00e9ho sklonu, aby u\u0161etrila \u010das Praktick\u00e1 dlhodob\u00e1 prev\u00e1dzka so [&hellip;]","og_url":"http:\/\/dafinoo.eu\/mirmar\/obchod\/bosch-grl-600-chv-professional-0601061f00\/","og_site_name":"MIR-MAR","article_publisher":"https:\/\/facebook.com\/mirmareshop","og_image":[{"width":600,"height":600,"url":"http:\/\/dafinoo.eu\/mirmar\/wp-content\/uploads\/2022\/02\/rotacny-laser-grl-600-chv-0601061f00.webp","type":"image\/webp"}],"twitter_misc":{"Predpokladan\u00fd \u010das \u010d\u00edtania":"1 min\u00fata"},"schema":{"@context":"https:\/\/schema.org","@graph":[{"@type":"WebPage","@id":"http:\/\/dafinoo.eu\/mirmar\/obchod\/bosch-grl-600-chv-professional-0601061f00\/","url":"http:\/\/dafinoo.eu\/mirmar\/obchod\/bosch-grl-600-chv-professional-0601061f00\/","name":"Bosch GRL 600 CHV Professional 0601061F00 - MIR-MAR","isPartOf":{"@id":"http:\/\/dafinoo.eu\/mirmar\/#website"},"primaryImageOfPage":{"@id":"http:\/\/dafinoo.eu\/mirmar\/obchod\/bosch-grl-600-chv-professional-0601061f00\/#primaryimage"},"image":{"@id":"http:\/\/dafinoo.eu\/mirmar\/obchod\/bosch-grl-600-chv-professional-0601061f00\/#primaryimage"},"thumbnailUrl":"http:\/\/dafinoo.eu\/mirmar\/wp-content\/uploads\/2022\/02\/rotacny-laser-grl-600-chv-0601061f00.webp","datePublished":"2022-02-21T14:29:55+00:00","breadcrumb":{"@id":"http:\/\/dafinoo.eu\/mirmar\/obchod\/bosch-grl-600-chv-professional-0601061f00\/#breadcrumb"},"inLanguage":"sk-SK","potentialAction":[{"@type":"ReadAction","target":["http:\/\/dafinoo.eu\/mirmar\/obchod\/bosch-grl-600-chv-professional-0601061f00\/"]}]},{"@type":"ImageObject","inLanguage":"sk-SK","@id":"http:\/\/dafinoo.eu\/mirmar\/obchod\/bosch-grl-600-chv-professional-0601061f00\/#primaryimage","url":"http:\/\/dafinoo.eu\/mirmar\/wp-content\/uploads\/2022\/02\/rotacny-laser-grl-600-chv-0601061f00.webp","contentUrl":"http:\/\/dafinoo.eu\/mirmar\/wp-content\/uploads\/2022\/02\/rotacny-laser-grl-600-chv-0601061f00.webp","width":600,"height":600},{"@type":"BreadcrumbList","@id":"http:\/\/dafinoo.eu\/mirmar\/obchod\/bosch-grl-600-chv-professional-0601061f00\/#breadcrumb","itemListElement":[{"@type":"ListItem","position":1,"name":"Domovsk\u00e1 str\u00e1nka","item":"http:\/\/dafinoo.eu\/mirmar\/"},{"@type":"ListItem","position":2,"name":"Obchod","item":"http:\/\/dafinoo.eu\/mirmar\/obchod\/"},{"@type":"ListItem","position":3,"name":"Bosch GRL 600 CHV Professional 0601061F00"}]},{"@type":"WebSite","@id":"http:\/\/dafinoo.eu\/mirmar\/#website","url":"http:\/\/dafinoo.eu\/mirmar\/","name":"MIR-MAR","description":"Eshop s n\u00e1rad\u00edm","publisher":{"@id":"http:\/\/dafinoo.eu\/mirmar\/#organization"},"potentialAction":[{"@type":"SearchAction","target":{"@type":"EntryPoint","urlTemplate":"http:\/\/dafinoo.eu\/mirmar\/?s={search_term_string}"},"query-input":{"@type":"PropertyValueSpecification","valueRequired":true,"valueName":"search_term_string"}}],"inLanguage":"sk-SK"},{"@type":"Organization","@id":"http:\/\/dafinoo.eu\/mirmar\/#organization","name":"MIR-MAR","url":"http:\/\/dafinoo.eu\/mirmar\/","logo":{"@type":"ImageObject","inLanguage":"sk-SK","@id":"http:\/\/dafinoo.eu\/mirmar\/#\/schema\/logo\/image\/","url":"http:\/\/dafinoo.eu\/mirmar\/wp-content\/uploads\/2021\/03\/mirmar_logo.png","contentUrl":"http:\/\/dafinoo.eu\/mirmar\/wp-content\/uploads\/2021\/03\/mirmar_logo.png","width":256,"height":60,"caption":"MIR-MAR"},"image":{"@id":"http:\/\/dafinoo.eu\/mirmar\/#\/schema\/logo\/image\/"},"sameAs":["https:\/\/facebook.com\/mirmareshop"]}]}},"_links":{"self":[{"href":"http:\/\/dafinoo.eu\/mirmar\/wp-json\/wp\/v2\/product\/43003","targetHints":{"allow":["GET"]}}],"collection":[{"href":"http:\/\/dafinoo.eu\/mirmar\/wp-json\/wp\/v2\/product"}],"about":[{"href":"http:\/\/dafinoo.eu\/mirmar\/wp-json\/wp\/v2\/types\/product"}],"replies":[{"embeddable":true,"href":"http:\/\/dafinoo.eu\/mirmar\/wp-json\/wp\/v2\/comments?post=43003"}],"wp:featuredmedia":[{"embeddable":true,"href":"http:\/\/dafinoo.eu\/mirmar\/wp-json\/wp\/v2\/media\/43004"}],"wp:attachment":[{"href":"http:\/\/dafinoo.eu\/mirmar\/wp-json\/wp\/v2\/media?parent=43003"}],"wp:term":[{"taxonomy":"product_cat","embeddable":true,"href":"http:\/\/dafinoo.eu\/mirmar\/wp-json\/wp\/v2\/product_cat?post=43003"},{"taxonomy":"product_tag","embeddable":true,"href":"http:\/\/dafinoo.eu\/mirmar\/wp-json\/wp\/v2\/product_tag?post=43003"}],"curies":[{"name":"wp","href":"https:\/\/api.w.org\/{rel}","templated":true}]}}