{"id":43010,"date":"2022-02-22T17:51:27","date_gmt":"2022-02-22T16:51:27","guid":{"rendered":"http:\/\/dafinoo.eu\/mirmar\/?post_type=product&#038;p=43010"},"modified":"2022-02-22T17:51:28","modified_gmt":"2022-02-22T16:51:28","slug":"bosch-gcm-350-254-professional","status":"publish","type":"product","link":"http:\/\/dafinoo.eu\/mirmar\/obchod\/bosch-gcm-350-254-professional\/","title":{"rendered":"Bosch GCM 350-254 Professional"},"content":{"rendered":"<h3 class=\"product-detail-stage__headline\">Vysok\u00e1 kapacita rezania a variabiln\u00e9 ot\u00e1\u010dky na najrozli\u010dnej\u0161ie pou\u017eitia<\/h3>\n<ul class=\"product-detail-stage__list a-list\">\n<li>Vysok\u00e1 flexibilita v\u010faka vertik\u00e1lnej kapacite rezania 100 mm \u2013 najvy\u0161\u0161ej vo svojej triede<\/li>\n<li>Intuit\u00edvne ovl\u00e1danie v\u010faka v\u00fdmene p\u00edlov\u00e9ho listu so syst\u00e9mom SDS a\u00a0zais\u0165ovacou p\u00e1\u010dkou pokosu<\/li>\n<li>Optim\u00e1lne v\u00fdsledky rezania s\u00a0variabiln\u00fdm nastaven\u00edm r\u00fdchlosti rezania pre rozli\u010dn\u00e9 materi\u00e1lny a\u00a0s\u00a0p\u00edlov\u00fdm listom Expert for Wood<\/li>\n<\/ul>\n","protected":false},"excerpt":{"rendered":"<p>Vysok\u00e1 kapacita rezania a variabiln\u00e9 ot\u00e1\u010dky na najrozli\u010dnej\u0161ie pou\u017eitia Vysok\u00e1 flexibilita v\u010faka vertik\u00e1lnej kapacite rezania 100 mm \u2013 najvy\u0161\u0161ej vo svojej triede Intuit\u00edvne ovl\u00e1danie v\u010faka v\u00fdmene p\u00edlov\u00e9ho listu so syst\u00e9mom SDS a\u00a0zais\u0165ovacou p\u00e1\u010dkou pokosu Optim\u00e1lne v\u00fdsledky rezania s\u00a0variabiln\u00fdm nastaven\u00edm r\u00fdchlosti rezania pre rozli\u010dn\u00e9 materi\u00e1lny a\u00a0s\u00a0p\u00edlov\u00fdm listom Expert for Wood<\/p>\n","protected":false},"featured_media":43011,"comment_status":"open","ping_status":"closed","template":"","meta":{"_lmt_disableupdate":"","_lmt_disable":""},"product_cat":[3539,3228],"product_tag":[],"class_list":{"0":"post-43010","1":"product","2":"type-product","3":"status-publish","4":"has-post-thumbnail","6":"product_cat-kapovacie-a-pokosove-pily-a-pracovne-stoly-pily-bosch","7":"product_cat-pily-bosch","8":"ts_product_brand-bosh","10":"first","11":"instock","12":"taxable","13":"shipping-taxable","14":"purchasable","15":"product-type-simple"},"yoast_head":"<!-- This site is optimized with the Yoast SEO plugin v27.3 - https:\/\/yoast.com\/product\/yoast-seo-wordpress\/ -->\n<title>Bosch GCM 350-254 Professional - MIR-MAR<\/title>\n<meta name=\"robots\" content=\"index, follow, max-snippet:-1, max-image-preview:large, max-video-preview:-1\" \/>\n<link rel=\"canonical\" href=\"http:\/\/dafinoo.eu\/mirmar\/obchod\/bosch-gcm-350-254-professional\/\" \/>\n<meta property=\"og:locale\" content=\"sk_SK\" \/>\n<meta property=\"og:type\" content=\"article\" \/>\n<meta property=\"og:title\" content=\"Bosch GCM 350-254 Professional - MIR-MAR\" \/>\n<meta property=\"og:description\" content=\"Vysok\u00e1 kapacita rezania a variabiln\u00e9 ot\u00e1\u010dky na najrozli\u010dnej\u0161ie pou\u017eitia Vysok\u00e1 flexibilita v\u010faka vertik\u00e1lnej kapacite rezania 100 mm \u2013 najvy\u0161\u0161ej vo svojej triede Intuit\u00edvne ovl\u00e1danie v\u010faka v\u00fdmene p\u00edlov\u00e9ho listu so syst\u00e9mom SDS a\u00a0zais\u0165ovacou p\u00e1\u010dkou pokosu Optim\u00e1lne v\u00fdsledky rezania s\u00a0variabiln\u00fdm nastaven\u00edm r\u00fdchlosti rezania pre rozli\u010dn\u00e9 materi\u00e1lny a\u00a0s\u00a0p\u00edlov\u00fdm listom Expert for Wood\" \/>\n<meta property=\"og:url\" content=\"http:\/\/dafinoo.eu\/mirmar\/obchod\/bosch-gcm-350-254-professional\/\" \/>\n<meta property=\"og:site_name\" content=\"MIR-MAR\" \/>\n<meta property=\"article:publisher\" content=\"https:\/\/facebook.com\/mirmareshop\" \/>\n<meta property=\"article:modified_time\" content=\"2022-02-22T16:51:28+00:00\" \/>\n<meta property=\"og:image\" content=\"http:\/\/dafinoo.eu\/mirmar\/wp-content\/uploads\/2022\/02\/pila-na-panely-gcm-350-254-0601b22600.webp\" \/>\n\t<meta property=\"og:image:width\" content=\"324\" \/>\n\t<meta property=\"og:image:height\" content=\"410\" \/>\n\t<meta property=\"og:image:type\" content=\"image\/webp\" \/>\n<script type=\"application\/ld+json\" class=\"yoast-schema-graph\">{\"@context\":\"https:\\\/\\\/schema.org\",\"@graph\":[{\"@type\":\"WebPage\",\"@id\":\"http:\\\/\\\/dafinoo.eu\\\/mirmar\\\/obchod\\\/bosch-gcm-350-254-professional\\\/\",\"url\":\"http:\\\/\\\/dafinoo.eu\\\/mirmar\\\/obchod\\\/bosch-gcm-350-254-professional\\\/\",\"name\":\"Bosch GCM 350-254 Professional - MIR-MAR\",\"isPartOf\":{\"@id\":\"http:\\\/\\\/dafinoo.eu\\\/mirmar\\\/#website\"},\"primaryImageOfPage\":{\"@id\":\"http:\\\/\\\/dafinoo.eu\\\/mirmar\\\/obchod\\\/bosch-gcm-350-254-professional\\\/#primaryimage\"},\"image\":{\"@id\":\"http:\\\/\\\/dafinoo.eu\\\/mirmar\\\/obchod\\\/bosch-gcm-350-254-professional\\\/#primaryimage\"},\"thumbnailUrl\":\"http:\\\/\\\/dafinoo.eu\\\/mirmar\\\/wp-content\\\/uploads\\\/2022\\\/02\\\/pila-na-panely-gcm-350-254-0601b22600.webp\",\"datePublished\":\"2022-02-22T16:51:27+00:00\",\"dateModified\":\"2022-02-22T16:51:28+00:00\",\"breadcrumb\":{\"@id\":\"http:\\\/\\\/dafinoo.eu\\\/mirmar\\\/obchod\\\/bosch-gcm-350-254-professional\\\/#breadcrumb\"},\"inLanguage\":\"sk-SK\",\"potentialAction\":[{\"@type\":\"ReadAction\",\"target\":[\"http:\\\/\\\/dafinoo.eu\\\/mirmar\\\/obchod\\\/bosch-gcm-350-254-professional\\\/\"]}]},{\"@type\":\"ImageObject\",\"inLanguage\":\"sk-SK\",\"@id\":\"http:\\\/\\\/dafinoo.eu\\\/mirmar\\\/obchod\\\/bosch-gcm-350-254-professional\\\/#primaryimage\",\"url\":\"http:\\\/\\\/dafinoo.eu\\\/mirmar\\\/wp-content\\\/uploads\\\/2022\\\/02\\\/pila-na-panely-gcm-350-254-0601b22600.webp\",\"contentUrl\":\"http:\\\/\\\/dafinoo.eu\\\/mirmar\\\/wp-content\\\/uploads\\\/2022\\\/02\\\/pila-na-panely-gcm-350-254-0601b22600.webp\",\"width\":324,\"height\":410},{\"@type\":\"BreadcrumbList\",\"@id\":\"http:\\\/\\\/dafinoo.eu\\\/mirmar\\\/obchod\\\/bosch-gcm-350-254-professional\\\/#breadcrumb\",\"itemListElement\":[{\"@type\":\"ListItem\",\"position\":1,\"name\":\"Domovsk\u00e1 str\u00e1nka\",\"item\":\"http:\\\/\\\/dafinoo.eu\\\/mirmar\\\/\"},{\"@type\":\"ListItem\",\"position\":2,\"name\":\"Obchod\",\"item\":\"http:\\\/\\\/dafinoo.eu\\\/mirmar\\\/obchod\\\/\"},{\"@type\":\"ListItem\",\"position\":3,\"name\":\"Bosch GCM 350-254 Professional\"}]},{\"@type\":\"WebSite\",\"@id\":\"http:\\\/\\\/dafinoo.eu\\\/mirmar\\\/#website\",\"url\":\"http:\\\/\\\/dafinoo.eu\\\/mirmar\\\/\",\"name\":\"MIR-MAR\",\"description\":\"Eshop s n\u00e1rad\u00edm\",\"publisher\":{\"@id\":\"http:\\\/\\\/dafinoo.eu\\\/mirmar\\\/#organization\"},\"potentialAction\":[{\"@type\":\"SearchAction\",\"target\":{\"@type\":\"EntryPoint\",\"urlTemplate\":\"http:\\\/\\\/dafinoo.eu\\\/mirmar\\\/?s={search_term_string}\"},\"query-input\":{\"@type\":\"PropertyValueSpecification\",\"valueRequired\":true,\"valueName\":\"search_term_string\"}}],\"inLanguage\":\"sk-SK\"},{\"@type\":\"Organization\",\"@id\":\"http:\\\/\\\/dafinoo.eu\\\/mirmar\\\/#organization\",\"name\":\"MIR-MAR\",\"url\":\"http:\\\/\\\/dafinoo.eu\\\/mirmar\\\/\",\"logo\":{\"@type\":\"ImageObject\",\"inLanguage\":\"sk-SK\",\"@id\":\"http:\\\/\\\/dafinoo.eu\\\/mirmar\\\/#\\\/schema\\\/logo\\\/image\\\/\",\"url\":\"http:\\\/\\\/dafinoo.eu\\\/mirmar\\\/wp-content\\\/uploads\\\/2021\\\/03\\\/mirmar_logo.png\",\"contentUrl\":\"http:\\\/\\\/dafinoo.eu\\\/mirmar\\\/wp-content\\\/uploads\\\/2021\\\/03\\\/mirmar_logo.png\",\"width\":256,\"height\":60,\"caption\":\"MIR-MAR\"},\"image\":{\"@id\":\"http:\\\/\\\/dafinoo.eu\\\/mirmar\\\/#\\\/schema\\\/logo\\\/image\\\/\"},\"sameAs\":[\"https:\\\/\\\/facebook.com\\\/mirmareshop\"]}]}<\/script>\n<!-- \/ Yoast SEO plugin. -->","yoast_head_json":{"title":"Bosch GCM 350-254 Professional - MIR-MAR","robots":{"index":"index","follow":"follow","max-snippet":"max-snippet:-1","max-image-preview":"max-image-preview:large","max-video-preview":"max-video-preview:-1"},"canonical":"http:\/\/dafinoo.eu\/mirmar\/obchod\/bosch-gcm-350-254-professional\/","og_locale":"sk_SK","og_type":"article","og_title":"Bosch GCM 350-254 Professional - MIR-MAR","og_description":"Vysok\u00e1 kapacita rezania a variabiln\u00e9 ot\u00e1\u010dky na najrozli\u010dnej\u0161ie pou\u017eitia Vysok\u00e1 flexibilita v\u010faka vertik\u00e1lnej kapacite rezania 100 mm \u2013 najvy\u0161\u0161ej vo svojej triede Intuit\u00edvne ovl\u00e1danie v\u010faka v\u00fdmene p\u00edlov\u00e9ho listu so syst\u00e9mom SDS a\u00a0zais\u0165ovacou p\u00e1\u010dkou pokosu Optim\u00e1lne v\u00fdsledky rezania s\u00a0variabiln\u00fdm nastaven\u00edm r\u00fdchlosti rezania pre rozli\u010dn\u00e9 materi\u00e1lny a\u00a0s\u00a0p\u00edlov\u00fdm listom Expert for Wood","og_url":"http:\/\/dafinoo.eu\/mirmar\/obchod\/bosch-gcm-350-254-professional\/","og_site_name":"MIR-MAR","article_publisher":"https:\/\/facebook.com\/mirmareshop","article_modified_time":"2022-02-22T16:51:28+00:00","og_image":[{"width":324,"height":410,"url":"http:\/\/dafinoo.eu\/mirmar\/wp-content\/uploads\/2022\/02\/pila-na-panely-gcm-350-254-0601b22600.webp","type":"image\/webp"}],"schema":{"@context":"https:\/\/schema.org","@graph":[{"@type":"WebPage","@id":"http:\/\/dafinoo.eu\/mirmar\/obchod\/bosch-gcm-350-254-professional\/","url":"http:\/\/dafinoo.eu\/mirmar\/obchod\/bosch-gcm-350-254-professional\/","name":"Bosch GCM 350-254 Professional - MIR-MAR","isPartOf":{"@id":"http:\/\/dafinoo.eu\/mirmar\/#website"},"primaryImageOfPage":{"@id":"http:\/\/dafinoo.eu\/mirmar\/obchod\/bosch-gcm-350-254-professional\/#primaryimage"},"image":{"@id":"http:\/\/dafinoo.eu\/mirmar\/obchod\/bosch-gcm-350-254-professional\/#primaryimage"},"thumbnailUrl":"http:\/\/dafinoo.eu\/mirmar\/wp-content\/uploads\/2022\/02\/pila-na-panely-gcm-350-254-0601b22600.webp","datePublished":"2022-02-22T16:51:27+00:00","dateModified":"2022-02-22T16:51:28+00:00","breadcrumb":{"@id":"http:\/\/dafinoo.eu\/mirmar\/obchod\/bosch-gcm-350-254-professional\/#breadcrumb"},"inLanguage":"sk-SK","potentialAction":[{"@type":"ReadAction","target":["http:\/\/dafinoo.eu\/mirmar\/obchod\/bosch-gcm-350-254-professional\/"]}]},{"@type":"ImageObject","inLanguage":"sk-SK","@id":"http:\/\/dafinoo.eu\/mirmar\/obchod\/bosch-gcm-350-254-professional\/#primaryimage","url":"http:\/\/dafinoo.eu\/mirmar\/wp-content\/uploads\/2022\/02\/pila-na-panely-gcm-350-254-0601b22600.webp","contentUrl":"http:\/\/dafinoo.eu\/mirmar\/wp-content\/uploads\/2022\/02\/pila-na-panely-gcm-350-254-0601b22600.webp","width":324,"height":410},{"@type":"BreadcrumbList","@id":"http:\/\/dafinoo.eu\/mirmar\/obchod\/bosch-gcm-350-254-professional\/#breadcrumb","itemListElement":[{"@type":"ListItem","position":1,"name":"Domovsk\u00e1 str\u00e1nka","item":"http:\/\/dafinoo.eu\/mirmar\/"},{"@type":"ListItem","position":2,"name":"Obchod","item":"http:\/\/dafinoo.eu\/mirmar\/obchod\/"},{"@type":"ListItem","position":3,"name":"Bosch GCM 350-254 Professional"}]},{"@type":"WebSite","@id":"http:\/\/dafinoo.eu\/mirmar\/#website","url":"http:\/\/dafinoo.eu\/mirmar\/","name":"MIR-MAR","description":"Eshop s n\u00e1rad\u00edm","publisher":{"@id":"http:\/\/dafinoo.eu\/mirmar\/#organization"},"potentialAction":[{"@type":"SearchAction","target":{"@type":"EntryPoint","urlTemplate":"http:\/\/dafinoo.eu\/mirmar\/?s={search_term_string}"},"query-input":{"@type":"PropertyValueSpecification","valueRequired":true,"valueName":"search_term_string"}}],"inLanguage":"sk-SK"},{"@type":"Organization","@id":"http:\/\/dafinoo.eu\/mirmar\/#organization","name":"MIR-MAR","url":"http:\/\/dafinoo.eu\/mirmar\/","logo":{"@type":"ImageObject","inLanguage":"sk-SK","@id":"http:\/\/dafinoo.eu\/mirmar\/#\/schema\/logo\/image\/","url":"http:\/\/dafinoo.eu\/mirmar\/wp-content\/uploads\/2021\/03\/mirmar_logo.png","contentUrl":"http:\/\/dafinoo.eu\/mirmar\/wp-content\/uploads\/2021\/03\/mirmar_logo.png","width":256,"height":60,"caption":"MIR-MAR"},"image":{"@id":"http:\/\/dafinoo.eu\/mirmar\/#\/schema\/logo\/image\/"},"sameAs":["https:\/\/facebook.com\/mirmareshop"]}]}},"_links":{"self":[{"href":"http:\/\/dafinoo.eu\/mirmar\/wp-json\/wp\/v2\/product\/43010","targetHints":{"allow":["GET"]}}],"collection":[{"href":"http:\/\/dafinoo.eu\/mirmar\/wp-json\/wp\/v2\/product"}],"about":[{"href":"http:\/\/dafinoo.eu\/mirmar\/wp-json\/wp\/v2\/types\/product"}],"replies":[{"embeddable":true,"href":"http:\/\/dafinoo.eu\/mirmar\/wp-json\/wp\/v2\/comments?post=43010"}],"wp:featuredmedia":[{"embeddable":true,"href":"http:\/\/dafinoo.eu\/mirmar\/wp-json\/wp\/v2\/media\/43011"}],"wp:attachment":[{"href":"http:\/\/dafinoo.eu\/mirmar\/wp-json\/wp\/v2\/media?parent=43010"}],"wp:term":[{"taxonomy":"product_cat","embeddable":true,"href":"http:\/\/dafinoo.eu\/mirmar\/wp-json\/wp\/v2\/product_cat?post=43010"},{"taxonomy":"product_tag","embeddable":true,"href":"http:\/\/dafinoo.eu\/mirmar\/wp-json\/wp\/v2\/product_tag?post=43010"}],"curies":[{"name":"wp","href":"https:\/\/api.w.org\/{rel}","templated":true}]}}