{"id":43012,"date":"2022-02-22T17:59:59","date_gmt":"2022-02-22T16:59:59","guid":{"rendered":"http:\/\/dafinoo.eu\/mirmar\/?post_type=product&#038;p=43012"},"modified":"2022-02-22T17:59:59","modified_gmt":"2022-02-22T16:59:59","slug":"heron-8896221-elektrocentrala-digitalna-invertorova-32kw-230v","status":"publish","type":"product","link":"http:\/\/dafinoo.eu\/mirmar\/obchod\/heron-8896221-elektrocentrala-digitalna-invertorova-32kw-230v\/","title":{"rendered":"Heron 8896221 Elektrocentr\u00e1la digit\u00e1lna invertorov\u00e1 3,2kW, 230V"},"content":{"rendered":"<p>Elektrocentr\u00e1la digit\u00e1lna invertorov\u00e1, 3,2kW, 230V<\/p>\n<p>&nbsp;<\/p>\n<div class=\"elementor-element elementor-element-8699c70 ae-woo-tabs-view-horizontal elementor-widget elementor-widget-ae-woo-tabs\" data-id=\"8699c70\" data-element_type=\"widget\" data-widget_type=\"ae-woo-tabs.default\">\n<div class=\"elementor-widget-container\">\n<div class=\"ae-woo-tabs\" role=\"tablist\">\n<div class=\"ae-woo-tabs-content-wrapper\" role=\"tabpanel\">\n<div class=\"ae-woo-tab-content elementor-clearfix\" data-tab=\"1\" data-hashtag=\"description\">\n<p>V\u010faka n\u00edzkej hmotnosti a kompaktn\u00fdm rozmerom je t\u00e1to digit\u00e1lna elektrocentr\u00e1la ide\u00e1lnym zdrojom energie pri rekre\u00e1cii na chat\u00e1ch, lodiach a karavanoch, \u010di mobiln\u00fdm zdrojom energie na exped\u00edci\u00e1ch. Dokonal\u00e1 kvalita nap\u00e4tia, zaisten\u00e1 invertorov\u00fdm syst\u00e9mom vyhladenia v\u00fdstupnej krivky kmito\u010dtu, umo\u017e\u0148uje jej vyu\u017eitie aj na nap\u00e1janie citlivej elektroniky ako je v\u00fdpo\u010dtov\u00e1 technika alebo lek\u00e1rske vybavenie.<\/p>\n<\/div>\n<\/div>\n<\/div>\n<\/div>\n<\/div>\n<section class=\"has_ae_slider elementor-section elementor-inner-section elementor-element elementor-element-062e7d2 elementor-section-boxed elementor-section-height-default elementor-section-height-default ae-bg-gallery-type-default\" data-id=\"062e7d2\" data-element_type=\"section\" data-settings=\"{&quot;background_background&quot;:&quot;classic&quot;}\">\n<div class=\"elementor-container elementor-column-gap-narrow\">\n<div class=\"elementor-row\">\n<div class=\"has_ae_slider elementor-column elementor-col-33 elementor-inner-column elementor-element elementor-element-c51bfeb ae-bg-gallery-type-default\" data-id=\"c51bfeb\" data-element_type=\"column\">\n<div class=\"elementor-column-wrap elementor-element-populated\">\n<div class=\"elementor-widget-wrap\">\n<div class=\"elementor-element elementor-element-c2916f4 elementor-widget__width-auto elementor-widget elementor-widget-ae-custom-field\" data-id=\"c2916f4\" data-element_type=\"widget\" data-widget_type=\"ae-custom-field.default\">\n<div class=\"elementor-widget-container\">\n<div class=\"cf-type-text ae-cf-wrapper\">\n<h3 class=\"ae-element-custom-field\">\u25ba podvozkov\u00e1 sada s pevn\u00fdmi gumov\u00fdmi kolesami a skl\u00e1pate\u013en\u00fdm madlom v\u00fdrazne u\u013eah\u010duje manipul\u00e1ciu so strojom<\/h3>\n<\/div>\n<\/div>\n<\/div>\n<div class=\"elementor-element elementor-element-10360f21 elementor-widget__width-auto elementor-widget elementor-widget-ae-custom-field\" data-id=\"10360f21\" data-element_type=\"widget\" data-widget_type=\"ae-custom-field.default\">\n<div class=\"elementor-widget-container\">\n<div class=\"cf-type-text ae-cf-wrapper\">\n<h3 class=\"ae-element-custom-field\">\u25ba spojen\u00edm dvoch elektrocentr\u00e1l dosiahnete najvy\u0161\u0161\u00ed menovit\u00fd v\u00fdkon 3,1kW<\/h3>\n<\/div>\n<\/div>\n<\/div>\n<\/div>\n<\/div>\n<\/div>\n<div class=\"has_ae_slider elementor-column elementor-col-33 elementor-inner-column elementor-element elementor-element-99f462d ae-bg-gallery-type-default\" data-id=\"99f462d\" data-element_type=\"column\">\n<div class=\"elementor-column-wrap elementor-element-populated\">\n<div class=\"elementor-widget-wrap\">\n<div class=\"elementor-element elementor-element-c9a35fa elementor-widget__width-auto elementor-widget elementor-widget-ae-custom-field\" data-id=\"c9a35fa\" data-element_type=\"widget\" data-widget_type=\"ae-custom-field.default\">\n<div class=\"elementor-widget-container\">\n<div class=\"cf-type-text ae-cf-wrapper\">\n<h3 class=\"ae-element-custom-field\">\u25ba ve\u013ekos\u0165 n\u00e1dr\u017ee umo\u017e\u0148uje a\u017e 6 hod\u00edn nepretr\u017eitej prev\u00e1dzky (v z\u00e1vislosti na za\u0165a\u017een\u00ed)<\/h3>\n<\/div>\n<\/div>\n<\/div>\n<div class=\"elementor-element elementor-element-4d9a46a2 elementor-widget__width-auto elementor-widget elementor-widget-ae-custom-field\" data-id=\"4d9a46a2\" data-element_type=\"widget\" data-widget_type=\"ae-custom-field.default\">\n<div class=\"elementor-widget-container\">\n<div class=\"cf-type-text ae-cf-wrapper\">\n<h3 class=\"ae-element-custom-field\">\u25ba \u0161tartovanie jednoduch\u00fdm stla\u010den\u00edm tla\u010didla umo\u017e\u0148uje dob\u00edjan\u00fd vstavan\u00fd AGM akumul\u00e1tor<\/h3>\n<\/div>\n<\/div>\n<\/div>\n<\/div>\n<\/div>\n<\/div>\n<div class=\"has_ae_slider elementor-column elementor-col-33 elementor-inner-column elementor-element elementor-element-1938040 ae-bg-gallery-type-default\" data-id=\"1938040\" data-element_type=\"column\">\n<div class=\"elementor-column-wrap elementor-element-populated\">\n<div class=\"elementor-widget-wrap\">\n<div class=\"elementor-element elementor-element-fdeb448 elementor-widget__width-auto elementor-widget elementor-widget-ae-custom-field\" data-id=\"fdeb448\" data-element_type=\"widget\" data-widget_type=\"ae-custom-field.default\">\n<div class=\"elementor-widget-container\">\n<div class=\"cf-type-text ae-cf-wrapper\">\n<h3 class=\"ae-element-custom-field\">\u25ba v\u010faka funkcii inteligentnej regul\u00e1cie ot\u00e1\u010dok v z\u00e1vislosti od z\u00e1\u0165a\u017ee je t\u00e1to digit\u00e1lna elektrocentr\u00e1la ekonomickej\u0161ia oproti be\u017en\u00fdm elektrocentr\u00e1lam<\/h3>\n<\/div>\n<\/div>\n<\/div>\n<\/div>\n<\/div>\n<\/div>\n<\/div>\n<\/div>\n<\/section>\n","protected":false},"excerpt":{"rendered":"<p>Elektrocentr\u00e1la digit\u00e1lna invertorov\u00e1, 3,2kW, 230V &nbsp; V\u010faka n\u00edzkej hmotnosti a kompaktn\u00fdm rozmerom je t\u00e1to digit\u00e1lna elektrocentr\u00e1la ide\u00e1lnym zdrojom energie pri rekre\u00e1cii na chat\u00e1ch, lodiach a karavanoch, \u010di mobiln\u00fdm zdrojom energie na exped\u00edci\u00e1ch. Dokonal\u00e1 kvalita nap\u00e4tia, zaisten\u00e1 invertorov\u00fdm syst\u00e9mom vyhladenia v\u00fdstupnej krivky kmito\u010dtu, umo\u017e\u0148uje jej vyu\u017eitie aj na nap\u00e1janie citlivej elektroniky ako je v\u00fdpo\u010dtov\u00e1 technika alebo [&hellip;]<\/p>\n","protected":false},"featured_media":43013,"comment_status":"open","ping_status":"closed","template":"","meta":{"_lmt_disableupdate":"","_lmt_disable":""},"product_cat":[3204],"product_tag":[],"class_list":{"0":"post-43012","1":"product","2":"type-product","3":"status-publish","4":"has-post-thumbnail","6":"product_cat-benzinove-digitalne","7":"ts_product_brand-heron","9":"first","10":"instock","11":"taxable","12":"shipping-taxable","13":"purchasable","14":"product-type-simple"},"yoast_head":"<!-- This site is optimized with the Yoast SEO plugin v27.3 - https:\/\/yoast.com\/product\/yoast-seo-wordpress\/ -->\n<title>Heron 8896221 Elektrocentr\u00e1la digit\u00e1lna invertorov\u00e1 3,2kW, 230V - MIR-MAR<\/title>\n<meta name=\"robots\" content=\"index, follow, max-snippet:-1, max-image-preview:large, max-video-preview:-1\" \/>\n<link rel=\"canonical\" href=\"http:\/\/dafinoo.eu\/mirmar\/obchod\/heron-8896221-elektrocentrala-digitalna-invertorova-32kw-230v\/\" \/>\n<meta property=\"og:locale\" content=\"sk_SK\" \/>\n<meta property=\"og:type\" content=\"article\" \/>\n<meta property=\"og:title\" content=\"Heron 8896221 Elektrocentr\u00e1la digit\u00e1lna invertorov\u00e1 3,2kW, 230V - MIR-MAR\" \/>\n<meta property=\"og:description\" content=\"Elektrocentr\u00e1la digit\u00e1lna invertorov\u00e1, 3,2kW, 230V &nbsp; V\u010faka n\u00edzkej hmotnosti a kompaktn\u00fdm rozmerom je t\u00e1to digit\u00e1lna elektrocentr\u00e1la ide\u00e1lnym zdrojom energie pri rekre\u00e1cii na chat\u00e1ch, lodiach a karavanoch, \u010di mobiln\u00fdm zdrojom energie na exped\u00edci\u00e1ch. Dokonal\u00e1 kvalita nap\u00e4tia, zaisten\u00e1 invertorov\u00fdm syst\u00e9mom vyhladenia v\u00fdstupnej krivky kmito\u010dtu, umo\u017e\u0148uje jej vyu\u017eitie aj na nap\u00e1janie citlivej elektroniky ako je v\u00fdpo\u010dtov\u00e1 technika alebo [&hellip;]\" \/>\n<meta property=\"og:url\" content=\"http:\/\/dafinoo.eu\/mirmar\/obchod\/heron-8896221-elektrocentrala-digitalna-invertorova-32kw-230v\/\" \/>\n<meta property=\"og:site_name\" content=\"MIR-MAR\" \/>\n<meta property=\"article:publisher\" content=\"https:\/\/facebook.com\/mirmareshop\" \/>\n<meta property=\"og:image\" content=\"http:\/\/dafinoo.eu\/mirmar\/wp-content\/uploads\/2022\/02\/8896221.jpg\" \/>\n\t<meta property=\"og:image:width\" content=\"800\" \/>\n\t<meta property=\"og:image:height\" content=\"600\" \/>\n\t<meta property=\"og:image:type\" content=\"image\/jpeg\" \/>\n<meta name=\"twitter:label1\" content=\"Predpokladan\u00fd \u010das \u010d\u00edtania\" \/>\n\t<meta name=\"twitter:data1\" content=\"1 min\u00fata\" \/>\n<script type=\"application\/ld+json\" class=\"yoast-schema-graph\">{\"@context\":\"https:\\\/\\\/schema.org\",\"@graph\":[{\"@type\":\"WebPage\",\"@id\":\"http:\\\/\\\/dafinoo.eu\\\/mirmar\\\/obchod\\\/heron-8896221-elektrocentrala-digitalna-invertorova-32kw-230v\\\/\",\"url\":\"http:\\\/\\\/dafinoo.eu\\\/mirmar\\\/obchod\\\/heron-8896221-elektrocentrala-digitalna-invertorova-32kw-230v\\\/\",\"name\":\"Heron 8896221 Elektrocentr\u00e1la digit\u00e1lna invertorov\u00e1 3,2kW, 230V - MIR-MAR\",\"isPartOf\":{\"@id\":\"http:\\\/\\\/dafinoo.eu\\\/mirmar\\\/#website\"},\"primaryImageOfPage\":{\"@id\":\"http:\\\/\\\/dafinoo.eu\\\/mirmar\\\/obchod\\\/heron-8896221-elektrocentrala-digitalna-invertorova-32kw-230v\\\/#primaryimage\"},\"image\":{\"@id\":\"http:\\\/\\\/dafinoo.eu\\\/mirmar\\\/obchod\\\/heron-8896221-elektrocentrala-digitalna-invertorova-32kw-230v\\\/#primaryimage\"},\"thumbnailUrl\":\"http:\\\/\\\/dafinoo.eu\\\/mirmar\\\/wp-content\\\/uploads\\\/2022\\\/02\\\/8896221.jpg\",\"datePublished\":\"2022-02-22T16:59:59+00:00\",\"breadcrumb\":{\"@id\":\"http:\\\/\\\/dafinoo.eu\\\/mirmar\\\/obchod\\\/heron-8896221-elektrocentrala-digitalna-invertorova-32kw-230v\\\/#breadcrumb\"},\"inLanguage\":\"sk-SK\",\"potentialAction\":[{\"@type\":\"ReadAction\",\"target\":[\"http:\\\/\\\/dafinoo.eu\\\/mirmar\\\/obchod\\\/heron-8896221-elektrocentrala-digitalna-invertorova-32kw-230v\\\/\"]}]},{\"@type\":\"ImageObject\",\"inLanguage\":\"sk-SK\",\"@id\":\"http:\\\/\\\/dafinoo.eu\\\/mirmar\\\/obchod\\\/heron-8896221-elektrocentrala-digitalna-invertorova-32kw-230v\\\/#primaryimage\",\"url\":\"http:\\\/\\\/dafinoo.eu\\\/mirmar\\\/wp-content\\\/uploads\\\/2022\\\/02\\\/8896221.jpg\",\"contentUrl\":\"http:\\\/\\\/dafinoo.eu\\\/mirmar\\\/wp-content\\\/uploads\\\/2022\\\/02\\\/8896221.jpg\",\"width\":800,\"height\":600},{\"@type\":\"BreadcrumbList\",\"@id\":\"http:\\\/\\\/dafinoo.eu\\\/mirmar\\\/obchod\\\/heron-8896221-elektrocentrala-digitalna-invertorova-32kw-230v\\\/#breadcrumb\",\"itemListElement\":[{\"@type\":\"ListItem\",\"position\":1,\"name\":\"Domovsk\u00e1 str\u00e1nka\",\"item\":\"http:\\\/\\\/dafinoo.eu\\\/mirmar\\\/\"},{\"@type\":\"ListItem\",\"position\":2,\"name\":\"Obchod\",\"item\":\"http:\\\/\\\/dafinoo.eu\\\/mirmar\\\/obchod\\\/\"},{\"@type\":\"ListItem\",\"position\":3,\"name\":\"Heron 8896221 Elektrocentr\u00e1la digit\u00e1lna invertorov\u00e1 3,2kW, 230V\"}]},{\"@type\":\"WebSite\",\"@id\":\"http:\\\/\\\/dafinoo.eu\\\/mirmar\\\/#website\",\"url\":\"http:\\\/\\\/dafinoo.eu\\\/mirmar\\\/\",\"name\":\"MIR-MAR\",\"description\":\"Eshop s n\u00e1rad\u00edm\",\"publisher\":{\"@id\":\"http:\\\/\\\/dafinoo.eu\\\/mirmar\\\/#organization\"},\"potentialAction\":[{\"@type\":\"SearchAction\",\"target\":{\"@type\":\"EntryPoint\",\"urlTemplate\":\"http:\\\/\\\/dafinoo.eu\\\/mirmar\\\/?s={search_term_string}\"},\"query-input\":{\"@type\":\"PropertyValueSpecification\",\"valueRequired\":true,\"valueName\":\"search_term_string\"}}],\"inLanguage\":\"sk-SK\"},{\"@type\":\"Organization\",\"@id\":\"http:\\\/\\\/dafinoo.eu\\\/mirmar\\\/#organization\",\"name\":\"MIR-MAR\",\"url\":\"http:\\\/\\\/dafinoo.eu\\\/mirmar\\\/\",\"logo\":{\"@type\":\"ImageObject\",\"inLanguage\":\"sk-SK\",\"@id\":\"http:\\\/\\\/dafinoo.eu\\\/mirmar\\\/#\\\/schema\\\/logo\\\/image\\\/\",\"url\":\"http:\\\/\\\/dafinoo.eu\\\/mirmar\\\/wp-content\\\/uploads\\\/2021\\\/03\\\/mirmar_logo.png\",\"contentUrl\":\"http:\\\/\\\/dafinoo.eu\\\/mirmar\\\/wp-content\\\/uploads\\\/2021\\\/03\\\/mirmar_logo.png\",\"width\":256,\"height\":60,\"caption\":\"MIR-MAR\"},\"image\":{\"@id\":\"http:\\\/\\\/dafinoo.eu\\\/mirmar\\\/#\\\/schema\\\/logo\\\/image\\\/\"},\"sameAs\":[\"https:\\\/\\\/facebook.com\\\/mirmareshop\"]}]}<\/script>\n<!-- \/ Yoast SEO plugin. -->","yoast_head_json":{"title":"Heron 8896221 Elektrocentr\u00e1la digit\u00e1lna invertorov\u00e1 3,2kW, 230V - MIR-MAR","robots":{"index":"index","follow":"follow","max-snippet":"max-snippet:-1","max-image-preview":"max-image-preview:large","max-video-preview":"max-video-preview:-1"},"canonical":"http:\/\/dafinoo.eu\/mirmar\/obchod\/heron-8896221-elektrocentrala-digitalna-invertorova-32kw-230v\/","og_locale":"sk_SK","og_type":"article","og_title":"Heron 8896221 Elektrocentr\u00e1la digit\u00e1lna invertorov\u00e1 3,2kW, 230V - MIR-MAR","og_description":"Elektrocentr\u00e1la digit\u00e1lna invertorov\u00e1, 3,2kW, 230V &nbsp; V\u010faka n\u00edzkej hmotnosti a kompaktn\u00fdm rozmerom je t\u00e1to digit\u00e1lna elektrocentr\u00e1la ide\u00e1lnym zdrojom energie pri rekre\u00e1cii na chat\u00e1ch, lodiach a karavanoch, \u010di mobiln\u00fdm zdrojom energie na exped\u00edci\u00e1ch. Dokonal\u00e1 kvalita nap\u00e4tia, zaisten\u00e1 invertorov\u00fdm syst\u00e9mom vyhladenia v\u00fdstupnej krivky kmito\u010dtu, umo\u017e\u0148uje jej vyu\u017eitie aj na nap\u00e1janie citlivej elektroniky ako je v\u00fdpo\u010dtov\u00e1 technika alebo [&hellip;]","og_url":"http:\/\/dafinoo.eu\/mirmar\/obchod\/heron-8896221-elektrocentrala-digitalna-invertorova-32kw-230v\/","og_site_name":"MIR-MAR","article_publisher":"https:\/\/facebook.com\/mirmareshop","og_image":[{"width":800,"height":600,"url":"http:\/\/dafinoo.eu\/mirmar\/wp-content\/uploads\/2022\/02\/8896221.jpg","type":"image\/jpeg"}],"twitter_misc":{"Predpokladan\u00fd \u010das \u010d\u00edtania":"1 min\u00fata"},"schema":{"@context":"https:\/\/schema.org","@graph":[{"@type":"WebPage","@id":"http:\/\/dafinoo.eu\/mirmar\/obchod\/heron-8896221-elektrocentrala-digitalna-invertorova-32kw-230v\/","url":"http:\/\/dafinoo.eu\/mirmar\/obchod\/heron-8896221-elektrocentrala-digitalna-invertorova-32kw-230v\/","name":"Heron 8896221 Elektrocentr\u00e1la digit\u00e1lna invertorov\u00e1 3,2kW, 230V - MIR-MAR","isPartOf":{"@id":"http:\/\/dafinoo.eu\/mirmar\/#website"},"primaryImageOfPage":{"@id":"http:\/\/dafinoo.eu\/mirmar\/obchod\/heron-8896221-elektrocentrala-digitalna-invertorova-32kw-230v\/#primaryimage"},"image":{"@id":"http:\/\/dafinoo.eu\/mirmar\/obchod\/heron-8896221-elektrocentrala-digitalna-invertorova-32kw-230v\/#primaryimage"},"thumbnailUrl":"http:\/\/dafinoo.eu\/mirmar\/wp-content\/uploads\/2022\/02\/8896221.jpg","datePublished":"2022-02-22T16:59:59+00:00","breadcrumb":{"@id":"http:\/\/dafinoo.eu\/mirmar\/obchod\/heron-8896221-elektrocentrala-digitalna-invertorova-32kw-230v\/#breadcrumb"},"inLanguage":"sk-SK","potentialAction":[{"@type":"ReadAction","target":["http:\/\/dafinoo.eu\/mirmar\/obchod\/heron-8896221-elektrocentrala-digitalna-invertorova-32kw-230v\/"]}]},{"@type":"ImageObject","inLanguage":"sk-SK","@id":"http:\/\/dafinoo.eu\/mirmar\/obchod\/heron-8896221-elektrocentrala-digitalna-invertorova-32kw-230v\/#primaryimage","url":"http:\/\/dafinoo.eu\/mirmar\/wp-content\/uploads\/2022\/02\/8896221.jpg","contentUrl":"http:\/\/dafinoo.eu\/mirmar\/wp-content\/uploads\/2022\/02\/8896221.jpg","width":800,"height":600},{"@type":"BreadcrumbList","@id":"http:\/\/dafinoo.eu\/mirmar\/obchod\/heron-8896221-elektrocentrala-digitalna-invertorova-32kw-230v\/#breadcrumb","itemListElement":[{"@type":"ListItem","position":1,"name":"Domovsk\u00e1 str\u00e1nka","item":"http:\/\/dafinoo.eu\/mirmar\/"},{"@type":"ListItem","position":2,"name":"Obchod","item":"http:\/\/dafinoo.eu\/mirmar\/obchod\/"},{"@type":"ListItem","position":3,"name":"Heron 8896221 Elektrocentr\u00e1la digit\u00e1lna invertorov\u00e1 3,2kW, 230V"}]},{"@type":"WebSite","@id":"http:\/\/dafinoo.eu\/mirmar\/#website","url":"http:\/\/dafinoo.eu\/mirmar\/","name":"MIR-MAR","description":"Eshop s n\u00e1rad\u00edm","publisher":{"@id":"http:\/\/dafinoo.eu\/mirmar\/#organization"},"potentialAction":[{"@type":"SearchAction","target":{"@type":"EntryPoint","urlTemplate":"http:\/\/dafinoo.eu\/mirmar\/?s={search_term_string}"},"query-input":{"@type":"PropertyValueSpecification","valueRequired":true,"valueName":"search_term_string"}}],"inLanguage":"sk-SK"},{"@type":"Organization","@id":"http:\/\/dafinoo.eu\/mirmar\/#organization","name":"MIR-MAR","url":"http:\/\/dafinoo.eu\/mirmar\/","logo":{"@type":"ImageObject","inLanguage":"sk-SK","@id":"http:\/\/dafinoo.eu\/mirmar\/#\/schema\/logo\/image\/","url":"http:\/\/dafinoo.eu\/mirmar\/wp-content\/uploads\/2021\/03\/mirmar_logo.png","contentUrl":"http:\/\/dafinoo.eu\/mirmar\/wp-content\/uploads\/2021\/03\/mirmar_logo.png","width":256,"height":60,"caption":"MIR-MAR"},"image":{"@id":"http:\/\/dafinoo.eu\/mirmar\/#\/schema\/logo\/image\/"},"sameAs":["https:\/\/facebook.com\/mirmareshop"]}]}},"_links":{"self":[{"href":"http:\/\/dafinoo.eu\/mirmar\/wp-json\/wp\/v2\/product\/43012","targetHints":{"allow":["GET"]}}],"collection":[{"href":"http:\/\/dafinoo.eu\/mirmar\/wp-json\/wp\/v2\/product"}],"about":[{"href":"http:\/\/dafinoo.eu\/mirmar\/wp-json\/wp\/v2\/types\/product"}],"replies":[{"embeddable":true,"href":"http:\/\/dafinoo.eu\/mirmar\/wp-json\/wp\/v2\/comments?post=43012"}],"wp:featuredmedia":[{"embeddable":true,"href":"http:\/\/dafinoo.eu\/mirmar\/wp-json\/wp\/v2\/media\/43013"}],"wp:attachment":[{"href":"http:\/\/dafinoo.eu\/mirmar\/wp-json\/wp\/v2\/media?parent=43012"}],"wp:term":[{"taxonomy":"product_cat","embeddable":true,"href":"http:\/\/dafinoo.eu\/mirmar\/wp-json\/wp\/v2\/product_cat?post=43012"},{"taxonomy":"product_tag","embeddable":true,"href":"http:\/\/dafinoo.eu\/mirmar\/wp-json\/wp\/v2\/product_tag?post=43012"}],"curies":[{"name":"wp","href":"https:\/\/api.w.org\/{rel}","templated":true}]}}